000
CXUS53 KMQT 301000
CF6MQT
PRELIMINARY LOCAL CLIMATOLOGICAL DATA (WS FORM: F-6)

                                          STATION:   MARQUETTE MI
                                          MONTH:     JUNE
                                          YEAR:      2015
                                          LATITUDE:   46 31 N
                                          LONGITUDE:  87 33 W

  TEMPERATURE IN F:       :PCPN:    SNOW:  WIND      :SUNSHINE: SKY     :PK WND
================================================================================
1   2   3   4   5  6A  6B    7    8   9   10  11  12  13   14  15   16   17  18
                                     12Z  AVG MX 2MIN
DY MAX MIN AVG DEP HDD CDD  WTR  SNW DPTH SPD SPD DIR MIN PSBL S-S WX    SPD DR
================================================================================

 1  63  30  47  -9  18   0 0.00  0.0    0   M   M   M   M    M   M        17  45
 2  73  36  55  -1  10   0 0.00  0.0    0   M   M   M   M    M   M        21 180
 3  76  49  63   6   2   0 0.00  0.0    0   M   M   M   M    M   M        27 225
 4  63  47  55  -2  10   0 0.21  0.0    0   M   M   M   M    M   M        20 360
 5  53  41  47 -10  18   0 0.05  0.0    0   M   M   M   M    M   M 12     19 360
 6  71  35  53  -5  12   0 0.00  0.0    0   M   M   M   M    M   M        23 180
 7  69  46  58   0   7   0 0.46  0.0    0   M   M   M   M    M   M 1      24 270
 8  67  47  57  -1   8   0 0.00  0.0    0   M   M   M   M    M   M        14 315
 9  77  48  63   4   2   0 0.00  0.0    0   M   M   M   M    M   M        16 225
10  66  51  59   0   6   0 0.02  0.0    0   M   M   M   M    M   M 3      27 270
11  67  46  57  -2   8   0 0.00  0.0    0   M   M   M   M    M   M        13  90
12  70  48  59  -1   6   0 0.00  0.0    0   M   M   M   M    M   M 1      16  90
13  71  46  59  -1   6   0 0.05  0.0    0   M   M   M   M    M   M        14  90
14  67  53  60   0   5   0    T  0.0    0   M   M   M   M    M   M        11  90
15  69  50  60  -1   5   0 0.08  0.0    0   M   M   M   M    M   M 1      17 315
16  64  48  56  -5   9   0 0.00  0.0    0   M   M   M   M    M   M        17 360
17  71  51  61   0   4   0 0.03  0.0    0   M   M   M   M    M   M        14 135
18  67  41  54  -7  11   0    T  0.0    0   M   M   M   M    M   M        26  45
19  71  36  54  -8  11   0 0.00  0.0    0   M   M   M   M    M   M        16  90
20  66  52  59  -3   6   0 0.12  0.0    0   M   M   M   M    M   M        21 225
21  68  52  60  -2   5   0 0.01  0.0    0   M   M   M   M    M   M 2      17 270
22  72  51  62   0   3   0 0.36  0.0    0   M   M   M   M    M   M 13     36 270
23  73  54  64   1   1   0    T  0.0    0   M   M   M   M    M   M        33 315
24  72  52  62  -1   3   0 0.23  0.0    0   M   M   M   M    M   M 3      19  45
25  69  53  61  -2   4   0 0.06  0.0    0   M   M   M   M    M   M        12 135
26  72  46  59  -5   6   0 0.00  0.0    0   M   M   M   M    M   M 1      14  45
27  81  45  63  -1   2   0 0.00  0.0    0   M   M   M   M    M   M        14 225
28  75  55  65   1   0   0 0.11  0.0    0   M   M   M   M    M   M 3      18 315
29  77  53  65   1   0   0 0.64  0.0    0   M   M   M   M    M   M 3      17 270
================================================================================
SM 2020 1362       188   0  2.43     0.0     M          M        M
================================================================================
AV 69.7 47.0                                 M FASTST   M    M -nan   MAX(MPH)
                                 MISC ---->     M   M               # 36  270
================================================================================
NOTES:
# LAST OF SEVERAL OCCURRENCES

COLUMN 17 PEAK WIND IN M.P.H.

PRELIMINARY LOCAL CLIMATOLOGICAL DATA (WS FORM: F-6) , PAGE 2

                                          STATION:  MARQUETTE MI
                                          MONTH:    JUNE
                                          YEAR:     2015
                                          LATITUDE:   46 31 N
                                          LONGITUDE:  87 33 W

[TEMPERATURE DATA]      [PRECIPITATION DATA]       SYMBOLS USED IN COLUMN 16

AVERAGE MONTHLY: 58.3   TOTAL FOR MONTH:   2.43    1 = FOG OR MIST
DPTR FM NORMAL:  -2.1   DPTR FM NORMAL:   -0.33    2 = FOG REDUCING VISIBILITY
HIGHEST:    81 ON 27    GRTST 24HR  0.64 ON 29-29      TO 1/4 MILE OR LESS
LOWEST:     30 ON  1                               3 = THUNDER
                        SNOW, ICE PELLETS, HAIL    4 = ICE PELLETS
                        TOTAL MONTH:   0.0 INCH    5 = HAIL
                        GRTST 24HR     0.0         6 = FREEZING RAIN OR DRIZZLE
                        GRTST DEPTH:   0           7 = DUSTSTORM OR SANDSTORM:
                                                       VSBY 1/2 MILE OR LESS
                                                   8 = SMOKE OR HAZE
[NO. OF DAYS WITH]      [WEATHER - DAYS WITH]      9 = BLOWING SNOW
                                                   X = TORNADO
MAX 32 OR BELOW:   0    0.01 INCH OR MORE:  14
MAX 90 OR ABOVE:   0    0.10 INCH OR MORE:   7
MIN 32 OR BELOW:   1    0.50 INCH OR MORE:   1
MIN  0 OR BELOW:   0    1.00 INCH OR MORE:   0

[HDD (BASE 65) ]
TOTAL THIS MO.   188    CLEAR  (SCALE 0-3)   0
DPTR FM NORMAL     9    PTCLDY (SCALE 4-7)   0
TOTAL FM JUL 1  9973    CLOUDY (SCALE 8-10)  0
DPTR FM NORMAL   642

[CDD (BASE 65) ]
TOTAL THIS MO.     0
DPTR FM NORMAL   -45    [PRESSURE DATA]
TOTAL FM JAN 1     2    HIGHEST SLP M ON M
DPTR FM NORMAL   -55    LOWEST  SLP M ON M

[REMARKS]
