858
CXUS56 KMTR 241000
CF6MRY
PRELIMINARY LOCAL CLIMATOLOGICAL DATA (WS FORM: F-6)

                                          STATION:   MONTEREY AIRPORT
                                          MONTH:     NOVEMBER
                                          YEAR:      2017
                                          LATITUDE:   36 34 N
                                          LONGITUDE: 121 51 W

  TEMPERATURE IN F:       :PCPN:    SNOW:  WIND      :SUNSHINE: SKY     :PK WND
================================================================================
1   2   3   4   5  6A  6B    7    8   9   10  11  12  13   14  15   16   17  18
                                     12Z  AVG MX 2MIN
DY MAX MIN AVG DEP HDD CDD  WTR  SNW DPTH SPD SPD DIR MIN PSBL S-S WX    SPD DR
================================================================================

 1  69  46  58   1   7   0 0.00  0.0    0  5.7 15 250   M    M   0        20 220
 2  64  47  56  -1   9   0 0.00  0.0    0  3.1  9  90   M    M   6        11  90
 3  66  54  60   3   5   0 0.22  0.0    0  5.2 14 110   M    M  10 1      15 100
 4  66  46  56   0   9   0 0.00  0.0    0  4.9 14 290   M    M   7        20 300
 5  60  45  53  -3  12   0 0.00  0.0    0  5.3 13 250   M    M   3        15 260
 6  63  44  54  -2  11   0 0.00  0.0    0  6.4 12 300   M    M   0        15 280
 7  67  43  55  -1  10   0 0.00  0.0    0  5.1 12 240   M    M   0        15 230
 8  65  46  56   0   9   0 0.00  0.0    0  3.2 15 160   M    M   6        21 170
 9  70  55  63   7   2   0 0.13  0.0    0  6.0 16 210   M    M   8 1      23 220
10  67  49  58   2   7   0 0.00  0.0    0  2.8 15 240   M    M   3 1      18 220
11  64  50  57   2   8   0 0.02  0.0    0  4.4 10 260   M    M   3 1      13 280
12  65  49  57   2   8   0 0.00  0.0    0  4.4 10 290   M    M   0        14 280
13  68  50  59   4   6   0 0.00  0.0    0  4.0  9 310   M    M   3        12 320
14  64  53  59   4   6   0 0.02  0.0    0  3.5  9 300   M    M   5 1      13 300
15  71  50  61   6   4   0 0.00  0.0    0  4.5 16 190   M    M   1        21 200
16  70  58  64   9   1   0 0.36  0.0    0 11.2 22 160   M    M   8 1      30 150
17  62  44  53  -1  12   0 0.09    M    0  5.4 13 280   M    M   2 1      17 280
18  64  40  52  -2  13   0 0.00  0.0    0  4.6 10  90   M    M   0        14 230
19  63  44  54   0  11   0 0.00  0.0    0  4.4 13 110   M    M   0        15 100
20  70  52  61   7   4   0 0.00  0.0    0  2.6 10 100   M    M   3        12 100
21  79  52  66  12   0   1 0.00  0.0    0  2.3 12  90   M    M   0        14  90
22  82  54  68  14   0   3 0.00  0.0    0  3.3 13 280   M    M   0        16 270
23  72  55  64  10   1   0 0.00  0.0    0  3.6 10 230   M    M   0        12 220
================================================================================
SM 1551 1126       155   4  0.84     0.0 105.9          M       68
================================================================================
AV 67.4 49.0                               4.6 FASTST   M    M   3    MAX(MPH)
                                 MISC ---->  # 22 160               # 30  150
================================================================================
NOTES:
# LAST OF SEVERAL OCCURRENCES

COLUMN 17 PEAK WIND IN M.P.H.

PRELIMINARY LOCAL CLIMATOLOGICAL DATA (WS FORM: F-6) , PAGE 2

                                          STATION:  MONTEREY AIRPORT
                                          MONTH:    NOVEMBER
                                          YEAR:     2017
                                          LATITUDE:   36 34 N
                                          LONGITUDE: 121 51 W

[TEMPERATURE DATA]      [PRECIPITATION DATA]       SYMBOLS USED IN COLUMN 16

AVERAGE MONTHLY: 58.2   TOTAL FOR MONTH:   0.84    1 = FOG OR MIST
DPTR FM NORMAL:   2.9   DPTR FM NORMAL:   -0.60    2 = FOG REDUCING VISIBILITY
HIGHEST:    82 ON 22    GRTST 24HR  0.36 ON 16-16      TO 1/4 MILE OR LESS
LOWEST:     40 ON 18                               3 = THUNDER
                        SNOW, ICE PELLETS, HAIL    4 = ICE PELLETS
                        TOTAL MONTH:   0.0 INCH    5 = HAIL
                        GRTST 24HR     0.0         6 = FREEZING RAIN OR DRIZZLE
                        GRTST DEPTH:   0           7 = DUSTSTORM OR SANDSTORM:
                                                       VSBY 1/2 MILE OR LESS
                                                   8 = SMOKE OR HAZE
[NO. OF DAYS WITH]      [WEATHER - DAYS WITH]      9 = BLOWING SNOW
                                                   X = TORNADO
MAX 32 OR BELOW:   0    0.01 INCH OR MORE:   6
MAX 90 OR ABOVE:   0    0.10 INCH OR MORE:   3
MIN 32 OR BELOW:   0    0.50 INCH OR MORE:   0
MIN  0 OR BELOW:   0    1.00 INCH OR MORE:   0

[HDD (BASE 65) ]
TOTAL THIS MO.   155    CLEAR  (SCALE 0-3)  13
DPTR FM NORMAL   -69    PTCLDY (SCALE 4-7)   9
TOTAL FM JUL 1   539    CLOUDY (SCALE 8-10)  1
DPTR FM NORMAL  -275

[CDD (BASE 65) ]
TOTAL THIS MO.     4
DPTR FM NORMAL     4    [PRESSURE DATA]
TOTAL FM JAN 1   186    HIGHEST SLP M ON M
DPTR FM NORMAL   150    LOWEST  SLP 29.81 ON 16

[REMARKS]
