000
CXUS54 KHUN 231015
CF6MSL
PRELIMINARY LOCAL CLIMATOLOGICAL DATA (WS FORM: F-6)

                                          STATION:   MUSCLE SHOALS
                                          MONTH:     OCTOBER
                                          YEAR:      2017
                                          LATITUDE:   34 45 N
                                          LONGITUDE:  87 37 W

  TEMPERATURE IN F:       :PCPN:    SNOW:  WIND      :SUNSHINE: SKY     :PK WND
================================================================================
1   2   3   4   5  6A  6B    7    8   9   10  11  12  13   14  15   16   17  18
                                     12Z  AVG MX 2MIN
DY MAX MIN AVG DEP HDD CDD  WTR  SNW DPTH SPD SPD DIR MIN PSBL S-S WX    SPD DR
================================================================================

 1  81  56  69   2   0   4 0.00  0.0    0  7.7 20 140   M    M   1        26 140
 2  78  62  70   3   0   5 0.00  0.0    0  8.7 17 120   M    M   8        23 140
 3  85  63  74   8   0   9 0.00  0.0    0  7.1 16 100   M    M   0        21 110
 4  83  55  69   3   0   4 0.00  0.0    0  3.6 16 140   M    M   0        19 140
 5  84  54  69   3   0   4 0.00  0.0    0  1.3  9  80   M    M   1        13  90
 6  86  53  70   5   0   5 0.00  0.0    0  3.8 10 160   M    M   1        14 170
 7  86  60  73   8   0   8 0.25  0.0    0  6.5 17 160   M    M   4        21 140
 8  78  69  74   9   0   9 0.45  0.0    0  6.9 21 100   M    M   8        29 110
 9  90  68  79  15   0  14 0.06  0.0    0  3.7 12 160   M    M   5        15 160
10  86  70  78  14   0  13 0.89  0.0    0  6.1 15 160   M    M   5 3      20 150
11  74  54  64   0   1   0 0.00  0.0    0  5.6 12 300   M    M   7        14 300
12  75  55  65   2   0   0 0.00  0.0    0  4.1  9  30   M    M   5        13  30
13  85  51  68   5   0   3 0.00  0.0    0  2.6  7  80   M    M   0        10  80
14  84  60  72   9   0   7 0.00  0.0    0  7.5 16 160   M    M   2        19 160
15  88  55  72  10   0   7 0.23  0.0    0  8.0 24 310   M    M   5        33 300
16  69  49  59  -3   6   0 0.00  0.0    0  8.4 17  40   M    M   0        26  50
17  71  42  57  -5   8   0 0.00  0.0    0  3.4 13 110   M    M   0        16 150
18  74  40  57  -4   8   0 0.00  0.0    0  2.9 13 170   M    M   0        16 180
19  79  42  61   0   4   0 0.00  0.0    0  2.2  8  30   M    M   0        11  30
20  78  42  60  -1   5   0 0.00  0.0    0  2.7 12  80   M    M   1        14  80
21  80  47  64   4   1   0 0.00  0.0    0  6.6 16 160   M    M   1        20 160
22  78  62  70  10   0   5 0.73  0.0    0 10.0 23 160   M    M   5        29 170
================================================================================
SM 1772 1209        33  97  2.61     0.0 119.4          M       59
================================================================================
AV 80.6 55.0                               5.4 FASTST   M    M   3    MAX(MPH)
                                 MISC ---->  # 24 310               # 33  300
================================================================================
NOTES:
# LAST OF SEVERAL OCCURRENCES

COLUMN 17 PEAK WIND IN M.P.H.

PRELIMINARY LOCAL CLIMATOLOGICAL DATA (WS FORM: F-6) , PAGE 2

                                          STATION:  MUSCLE SHOALS
                                          MONTH:    OCTOBER
                                          YEAR:     2017
                                          LATITUDE:   34 45 N
                                          LONGITUDE:  87 37 W

[TEMPERATURE DATA]      [PRECIPITATION DATA]       SYMBOLS USED IN COLUMN 16

AVERAGE MONTHLY: 67.8   TOTAL FOR MONTH:   2.61    1 = FOG OR MIST
DPTR FM NORMAL:   4.2   DPTR FM NORMAL:    0.27    2 = FOG REDUCING VISIBILITY
HIGHEST:    90 ON  9    GRTST 24HR  0.89 ON 10-10      TO 1/4 MILE OR LESS
LOWEST:     40 ON 18                               3 = THUNDER
                        SNOW, ICE PELLETS, HAIL    4 = ICE PELLETS
                        TOTAL MONTH:   0.0 INCH    5 = HAIL
                        GRTST 24HR     0.0         6 = FREEZING RAIN OR DRIZZLE
                        GRTST DEPTH:   0           7 = DUSTSTORM OR SANDSTORM:
                                                       VSBY 1/2 MILE OR LESS
                                                   8 = SMOKE OR HAZE
[NO. OF DAYS WITH]      [WEATHER - DAYS WITH]      9 = BLOWING SNOW
                                                   X = TORNADO
MAX 32 OR BELOW:   0    0.01 INCH OR MORE:   6
MAX 90 OR ABOVE:   1    0.10 INCH OR MORE:   5
MIN 32 OR BELOW:   0    0.50 INCH OR MORE:   2
MIN  0 OR BELOW:   0    1.00 INCH OR MORE:   0

[HDD (BASE 65) ]
TOTAL THIS MO.    33    CLEAR  (SCALE 0-3)  13
DPTR FM NORMAL   -54    PTCLDY (SCALE 4-7)   8
TOTAL FM JUL 1    45    CLOUDY (SCALE 8-10)  1
DPTR FM NORMAL   -57

[CDD (BASE 65) ]
TOTAL THIS MO.    97
DPTR FM NORMAL    45    [PRESSURE DATA]
TOTAL FM JAN 1  1949    HIGHEST SLP M ON M
DPTR FM NORMAL    95    LOWEST  SLP 29.46 ON  8

[REMARKS]
