000
CXUS53 KMKX 010900
CF6MSN
PRELIMINARY LOCAL CLIMATOLOGICAL DATA (WS FORM: F-6)

                                          STATION:   MADISON WI
                                          MONTH:     FEBRUARY
                                          YEAR:      2015
                                          LATITUDE:   43  7 N
                                          LONGITUDE:  89 20 W

  TEMPERATURE IN F:       :PCPN:    SNOW:  WIND      :SUNSHINE: SKY     :PK WND
================================================================================
1   2   3   4   5  6A  6B    7    8   9   10  11  12  13   14  15   16   17  18
                                     12Z  AVG MX 2MIN
DY MAX MIN AVG DEP HDD CDD  WTR  SNW DPTH SPD SPD DIR MIN PSBL S-S WX    SPD DR
================================================================================

 1  26   8  17  -3  48   0 0.32  5.4    2 21.1 32  20   M    M  10 19     39  30
 2  15  -4   6 -14  59   0 0.00  0.0    7  5.7 18  10   M    M   3        23  10
 3  17  -3   7 -13  58   0 0.14  2.5    7  3.8 10 170   M    M   7 12     12 170
 4  19   4  12  -8  53   0 0.00  0.0    9  8.3 17 310   M    M   7 1      25 310
 5  14 -10   2 -18  63   0 0.00  0.0    9  7.1 17 190   M    M   2        22 240
 6  27  10  19  -2  46   0 0.00  0.0    8  4.8 13 170   M    M   5 8      15 230
 7  38  12  25   4  40   0 0.00  0.0    7  2.9 13 180   M    M   7 18     25 350
 8  34  19  27   6  38   0    T    T    6 11.8 23  30   M    M   9 16     27  30
 9  26   5  16  -5  49   0 0.00  0.0    6  8.4 20  20   M    M   5        23  20
10  29   2  16  -6  49   0 0.01  0.1    6  8.1 22 150   M    M   7 8      28 150
11  33  14  24   2  41   0    T    T    6 10.8 22 320   M    M   8 18     30 330
12  14   0   7 -15  58   0 0.01  0.1    6  8.6 23 340   M    M   5 8      30 330
13  27  -3  12 -10  53   0    T    T    6  6.3 16 320   M    M   7        26 310
14  26  -3  12 -11  53   0    T  0.7    6 15.4 26 350   M    M   6 89     39 340
15  11  -5   3 -20  62   0 0.00  0.0    6  5.6 13  30   M    M   7        15  30
16  17  11  14  -9  51   0    T    T    6  4.8  8 230   M    M  10 8      14 310
17  18   5  12 -12  53   0    T  0.1    6  7.2 15 300   M    M   7 18     21 320
18   6  -7   0 -24  65   0    T    T    6  9.8 21 320   M    M   6 18     29 330
19   5 -11  -3 -27  68   0 0.00  0.0    6  4.9 15 340   M    M   0        20 340
20  20  -7   7 -18  58   0    T  0.4    6 12.3 23 170   M    M   8 89     28 170
21  30  16  23  -2  42   0 0.00  0.0    6  5.7 16 340   M    M   9        22 310
22  16  -4   6 -19  59   0 0.00  0.0    6  9.5 18 320   M    M   2        24 350
23   9 -12  -1 -27  66   0 0.00  0.0    6  6.4 14 220   M    M   1        20 220
24  35   8  22  -4  43   0    T    T    6 10.5 17 300   M    M   5        26 230
25  18   4  11 -15  54   0 0.06  1.4    6  5.1 17  20   M    M   7 8      19  20
26  14   0   7 -20  58   0 0.00  0.0    7  8.8 18  20   M    M   4        22  10
27  16  -5   6 -21  59   0 0.00  0.0    6  3.8 10 230   M    M   0        15 220
28  17  -9   4 -24  61   0    T    T    6  6.7 15 190   M    M   4        19 200
================================================================================
SM  577   35      1507   0  0.54    10.7 224.2          M      158
================================================================================
AV 20.6  1.2                               8.0 FASTST   M    M   6    MAX(MPH)
                                 MISC ---->  # 32  20               # 39   30
================================================================================
NOTES:
# LAST OF SEVERAL OCCURRENCES

COLUMN 17 PEAK WIND IN M.P.H.

PRELIMINARY LOCAL CLIMATOLOGICAL DATA (WS FORM: F-6) , PAGE 2

                                          STATION:  MADISON WI
                                          MONTH:    FEBRUARY
                                          YEAR:     2015
                                          LATITUDE:   43  7 N
                                          LONGITUDE:  89 20 W

[TEMPERATURE DATA]      [PRECIPITATION DATA]       SYMBOLS USED IN COLUMN 16

AVERAGE MONTHLY: 10.9   TOTAL FOR MONTH:   0.54    1 = FOG OR MIST
DPTR FM NORMAL: -12.2   DPTR FM NORMAL:   -0.91    2 = FOG REDUCING VISIBILITY
HIGHEST:    38 ON  7    GRTST 24HR  0.45 ON 31- 1      TO 1/4 MILE OR LESS
LOWEST:    -12 ON 23                               3 = THUNDER
                        SNOW, ICE PELLETS, HAIL    4 = ICE PELLETS
                        TOTAL MONTH:  10.7 INCHES  5 = HAIL
                        GRTST 24HR   5.4 ON   M    6 = FREEZING RAIN OR DRIZZLE
                        GRTST DEPTH:   9 ON  5, 4  7 = DUSTSTORM OR SANDSTORM:
                                                       VSBY 1/2 MILE OR LESS
                                                   8 = SMOKE OR HAZE
[NO. OF DAYS WITH]      [WEATHER - DAYS WITH]      9 = BLOWING SNOW
                                                   X = TORNADO
MAX 32 OR BELOW:  24    0.01 INCH OR MORE:   5
MAX 90 OR ABOVE:   0    0.10 INCH OR MORE:   2
MIN 32 OR BELOW:  28    0.50 INCH OR MORE:   0
MIN  0 OR BELOW:  15    1.00 INCH OR MORE:   0

[HDD (BASE 65) ]
TOTAL THIS MO.  1507    CLEAR  (SCALE 0-3)   6
DPTR FM NORMAL   334    PTCLDY (SCALE 4-7)  18
TOTAL FM JUL 1  5711    CLOUDY (SCALE 8-10)  4
DPTR FM NORMAL   225

[CDD (BASE 65) ]
TOTAL THIS MO.     0
DPTR FM NORMAL     0    [PRESSURE DATA]
TOTAL FM JAN 1     0    HIGHEST SLP 30.78 ON 23
DPTR FM NORMAL     0    LOWEST  SLP 29.59 ON  8

[REMARKS]
#FINAL-02-15#
