000
CXUS55 KMSO 250800
CF6MSO
PRELIMINARY LOCAL CLIMATOLOGICAL DATA (WS FORM: F-6)

                                          STATION:   MISSOULA MT
                                          MONTH:     JULY
                                          YEAR:      2014
                                          LATITUDE:   46 55 N
                                          LONGITUDE: 114  5 W

  TEMPERATURE IN F:       :PCPN:    SNOW:  WIND      :SUNSHINE: SKY     :PK WND
================================================================================
1   2   3   4   5  6A  6B    7    8   9   10  11  12  13   14  15   16   17  18
                                     12Z  AVG MX 2MIN
DY MAX MIN AVG DEP HDD CDD  WTR  SNW DPTH SPD SPD DIR MIN PSBL S-S WX    SPD DR
================================================================================

 1  88  46  67   2   0   2 0.00  0.0    0  3.8 17 120   M    M   0        20 120
 2  94  52  73   8   0   8 0.00  0.0    0  4.0 15 360   M    M   0        20  10
 3  93  58  76  10   0  11    T  0.0    0  5.9 23 280   M    M   1        27 290
 4  90  53  72   6   0   7 0.00  0.0    0  5.5 20 320   M    M   0 8      26 340
 5  90  57  74   8   0   9 0.00  0.0    0  6.0 22 270   M    M   1        26 250
 6  93  53  73   6   0   8 0.00  0.0    0  6.2 22 310   M    M   0        29 290
 7  89  53  71   4   0   6 0.00  0.0    0  4.1 15  10   M    M   0        21 360
 8  93  56  75   8   0  10 0.00  0.0    0  4.4 15 360   M    M   0        20 360
 9  92  56  74   6   0   9 0.00  0.0    0  4.0 16 270   M    M   0        20 280
10  95  54  75   7   0  10 0.00  0.0    0  5.8 23 280   M    M   0        31 280
11  90  52  71   3   0   6 0.00  0.0    0  7.4 21 360   M    M   0        27  10
12  94  53  74   6   0   9 0.00  0.0    0  5.4 17 360   M    M   0        22  10
13  97  54  76   8   0  11 0.00  0.0    0  5.0 18  10   M    M   0        24 360
14  92  63  78   9   0  13    T  0.0    0 11.5 30 360   M    M   0        40 360
15  84  57  71   2   0   6    T  0.0    0  7.8 24 360   M    M   1        32  10
16  93  55  74   5   0   9 0.00  0.0    0  3.2 15 330   M    M   0 8      19 330
17  97  56  77   8   0  12 0.00  0.0    0  7.2 26 270   M    M   1        34 220
18  81  55  68  -2   0   3 0.00  0.0    0  6.0 16 260   M    M   4 8      20 270
19  86  49  68  -2   0   3 0.00  0.0    0  8.0 25 250   M    M   6 8      34 250
20  85  60  73   3   0   8 0.00  0.0    0  9.8 25  10   M    M   4        33  10
21  84  59  72   2   0   7 0.19  0.0    0  6.6 25 300   M    M   4 1      32 290
22  90  50  70   0   0   5    T  0.0    0  7.3 26  10   M    M   2        35  10
23  92  61  77   7   0  12 0.03  0.0    0 11.5 33 160   M    M   4 3      46 210
24  71  51  61  -9   4   0 0.02  0.0    0 11.2 26 280   M    M   6        32 270
================================================================================
SM 2153 1313         4 184  0.24     0.0 157.6          M       34
================================================================================
AV 89.7 54.7                               6.6 FASTST   M    M   1    MAX(MPH)
                                 MISC ---->  # 33 160               # 46  210
================================================================================
NOTES:
# LAST OF SEVERAL OCCURRENCES

COLUMN 17 PEAK WIND IN M.P.H.

PRELIMINARY LOCAL CLIMATOLOGICAL DATA (WS FORM: F-6) , PAGE 2

                                          STATION:  MISSOULA MT
                                          MONTH:    JULY
                                          YEAR:     2014
                                          LATITUDE:   46 55 N
                                          LONGITUDE: 114  5 W

[TEMPERATURE DATA]      [PRECIPITATION DATA]       SYMBOLS USED IN COLUMN 16

AVERAGE MONTHLY: 72.2   TOTAL FOR MONTH:   0.24    1 = FOG OR MIST
DPTR FM NORMAL:   4.1   DPTR FM NORMAL:   -0.55    2 = FOG REDUCING VISIBILITY
HIGHEST:    97 ON 17,13 GRTST 24HR  0.19 ON 21-21      TO 1/4 MILE OR LESS
LOWEST:     46 ON  1                               3 = THUNDER
                        SNOW, ICE PELLETS, HAIL    4 = ICE PELLETS
                        TOTAL MONTH:   0.0 INCH    5 = HAIL
                        GRTST 24HR     0.0         6 = FREEZING RAIN OR DRIZZLE
                        GRTST DEPTH:   0           7 = DUSTSTORM OR SANDSTORM:
                                                       VSBY 1/2 MILE OR LESS
                                                   8 = SMOKE OR HAZE
[NO. OF DAYS WITH]      [WEATHER - DAYS WITH]      9 = BLOWING SNOW
                                                   X = TORNADO
MAX 32 OR BELOW:   0    0.01 INCH OR MORE:   3
MAX 90 OR ABOVE:  16    0.10 INCH OR MORE:   1
MIN 32 OR BELOW:   0    0.50 INCH OR MORE:   0
MIN  0 OR BELOW:   0    1.00 INCH OR MORE:   0

[HDD (BASE 65) ]
TOTAL THIS MO.     4    CLEAR  (SCALE 0-3)  18
DPTR FM NORMAL   -31    PTCLDY (SCALE 4-7)   6
TOTAL FM JUL 1     4    CLOUDY (SCALE 8-10)  0
DPTR FM NORMAL   -31

[CDD (BASE 65) ]
TOTAL THIS MO.   184
DPTR FM NORMAL    74    [PRESSURE DATA]
TOTAL FM JAN 1   192    HIGHEST SLP M ON M
DPTR FM NORMAL    39    LOWEST  SLP 29.71 ON 17

[REMARKS]
