000
CXUS51 KBTV 270700
CF6MSS
PRELIMINARY LOCAL CLIMATOLOGICAL DATA (WS FORM: F-6)

                                          STATION:   MASSENA NY
                                          MONTH:     AUGUST
                                          YEAR:      2015
                                          LATITUDE:   44 55 N
                                          LONGITUDE:  74 51 W

  TEMPERATURE IN F:       :PCPN:    SNOW:  WIND      :SUNSHINE: SKY     :PK WND
================================================================================
1   2   3   4   5  6A  6B    7    8   9   10  11  12  13   14  15   16   17  18
                                     12Z  AVG MX 2MIN
DY MAX MIN AVG DEP HDD CDD  WTR  SNW DPTH SPD SPD DIR MIN PSBL S-S WX    SPD DR
================================================================================

 1  78  58  68  -1   0   3 0.71  0.0    0  8.9 20 180   M    M   3 13     23 180
 2  82  56  69   1   0   4    T  0.0    0 10.4 21 220   M    M   1        28 240
 3  78  62  70   2   0   5 0.09    M    M   M   M   M   M    M   M         M  M
 4  78  58  68   0   0   3 0.12  0.0    0  8.3 18 270   M    M   5 13     27 290
 5  74  58  66  -2   0   1    T  0.0    0  9.1 20 260   M    M   5 3      25 260
 6  76  55  66  -2   0   1 0.00  0.0    0  7.0 18 290   M    M   6        23 260
 7  74  51  63  -5   2   0 0.00  0.0    0  2.3 10 340   M    M   3 1      13 350
 8  76  48  62  -6   3   0 0.00  0.0    0  1.7 10  50   M    M   2 12     14  50
 9  79  47  63  -5   2   0 0.00  0.0    0  2.3 10  50   M    M   0 1      14  50
10  83  52  68   0   0   3 0.19  0.0    0  3.4 17 220   M    M   4 123    22 180
11  77  64  71   3   0   6 1.57  0.0    0  4.5 12 350   M    M  10 13     15 330
12  70  61  66  -1   0   1    T  0.0    0  8.5 17 270   M    M  10        22 270
13  78  55  67   0   0   2 0.00  0.0    0  7.2 15 230   M    M   6 1      21 220
14  81  58  70   3   0   5 0.01  0.0    0  8.2 22 220   M    M   4 3      28 220
15  85  63  74   7   0   9 0.00  0.0    0  2.8 10 290   M    M   4 1      12 280
16  87  62  75   8   0  10 0.00  0.0    0  6.9 14 230   M    M   0 1      17 210
17  89  64  77  10   0  12 0.00  0.0    0  9.4 16 210   M    M   0        23 230
18  90  67  79  13   0  14 0.10  0.0    0  4.8 22 170   M    M   1 13     29 180
19  89  65  77  11   0  12 0.01  0.0    0  3.6 13 210   M    M   2 1      19 150
20  87  65  76  10   0  11 0.42  0.0    0  9.2 24 220   M    M   5 1      35 250
21  77  62  70   4   0   5 0.02  0.0    0  9.8 17 220   M    M   6 1      22 220
22  78  56  67   1   0   2 0.00  0.0    0  2.7 10  10   M    M   2 1      14  20
23  81  53  67   1   0   2 0.00  0.0    0  3.9 10  70   M    M   5 1       M  M
24  83  57  70   5   0   5    T  0.0    0  6.9 20 230   M    M   3 1      27 230
25  79  52  66   1   0   1 0.00  0.0    0  5.5 18 290   M    M   4 1      24 290
26  75  56  66   1   0   1 0.00  0.0    0  7.0 16 220   M    M   9        21 230
================================================================================
SM 2084 1505         7 118  3.24     0.0 154.3          M      100
================================================================================
AV 80.2 57.9                               6.2 FASTST   M    M   4    MAX(MPH)
                                 MISC ---->  # 24 220               # 35  250
================================================================================
NOTES:
# LAST OF SEVERAL OCCURRENCES

COLUMN 17 PEAK WIND IN M.P.H.

PRELIMINARY LOCAL CLIMATOLOGICAL DATA (WS FORM: F-6) , PAGE 2

                                          STATION:  MASSENA NY
                                          MONTH:    AUGUST
                                          YEAR:     2015
                                          LATITUDE:   44 55 N
                                          LONGITUDE:  74 51 W

[TEMPERATURE DATA]      [PRECIPITATION DATA]       SYMBOLS USED IN COLUMN 16

AVERAGE MONTHLY: 69.0   TOTAL FOR MONTH:   3.24    1 = FOG OR MIST
DPTR FM NORMAL:   2.0   DPTR FM NORMAL:    0.27    2 = FOG REDUCING VISIBILITY
HIGHEST:    90 ON 18    GRTST 24HR  1.67 ON 10-11      TO 1/4 MILE OR LESS
LOWEST:     47 ON  9                               3 = THUNDER
                        SNOW, ICE PELLETS, HAIL    4 = ICE PELLETS
                        TOTAL MONTH:   0.0 INCH    5 = HAIL
                        GRTST 24HR     0.0         6 = FREEZING RAIN OR DRIZZLE
                        GRTST DEPTH:   0           7 = DUSTSTORM OR SANDSTORM:
                                                       VSBY 1/2 MILE OR LESS
                                                   8 = SMOKE OR HAZE
[NO. OF DAYS WITH]      [WEATHER - DAYS WITH]      9 = BLOWING SNOW
                                                   X = TORNADO
MAX 32 OR BELOW:   0    0.01 INCH OR MORE:  10
MAX 90 OR ABOVE:   1    0.10 INCH OR MORE:   6
MIN 32 OR BELOW:   0    0.50 INCH OR MORE:   2
MIN  0 OR BELOW:   0    1.00 INCH OR MORE:   1

[HDD (BASE 65) ]
TOTAL THIS MO.     7    CLEAR  (SCALE 0-3)  10
DPTR FM NORMAL   -29    PTCLDY (SCALE 4-7)  12
TOTAL FM JUL 1    29    CLOUDY (SCALE 8-10)  3
DPTR FM NORMAL   -30

[CDD (BASE 65) ]
TOTAL THIS MO.   118
DPTR FM NORMAL    28    [PRESSURE DATA]
TOTAL FM JAN 1   366    HIGHEST SLP M ON M
DPTR FM NORMAL    42    LOWEST  SLP 29.71 ON 11

[REMARKS]
