787
CXUS52 KKEY 300545
CF6MTH
PRELIMINARY LOCAL CLIMATOLOGICAL DATA (WS FORM: F-6)

                                          STATION:   MARATHON
                                          MONTH:     APRIL
                                          YEAR:      2017
                                          LATITUDE:   24 43 N
                                          LONGITUDE:  81  5 W

  TEMPERATURE IN F:       :PCPN:    SNOW:  WIND      :SUNSHINE: SKY     :PK WND
================================================================================
1   2   3   4   5  6A  6B    7    8   9   10  11  12  13   14  15   16   17  18
                                     12Z  AVG MX 2MIN
DY MAX MIN AVG DEP HDD CDD  WTR  SNW DPTH SPD SPD DIR MIN PSBL S-S WX    SPD DR
================================================================================

 1  89  75  82   6   0  17 0.00  0.0    0  4.4  9 170   M    M   0 8      15 170
 2  88  77  83   7   0  18 0.00  0.0    0  6.9 13 120   M    M   2        20 120
 3  86  79  83   7   0  18 0.00  0.0    0 10.8 17 130   M    M   1        27 120
 4  87  79  83   7   0  18 0.00  0.0    0  8.8 16 150   M    M   1 8      24 140
 5  87  79  83   7   0  18 0.00  0.0    0  8.4 13 160   M    M   2        18 150
 6  89  75  82   6   0  17 0.00  0.0    0  9.4 17 280   M    M   2 8      25 310
 7  80  70  75  -2   0  10 0.00  0.0    0 12.0 20 330   M    M   2        25 330
 8  76  65  71  -6   0   6 0.00  0.0    0  9.6 18  10   M    M   0        26 350
 9  85  68  77   0   0  12 0.00  0.0    0 10.0 18  70   M    M   1        24  70
10  85  74  80   3   0  15 0.00  0.0    0 11.4 21  80   M    M   2        27  80
11  85  74  80   3   0  15    T  0.0    0 12.6 22  70   M    M   5        27  60
12  85  72  79   2   0  14 0.22  0.0    0 11.4 17  90   M    M   2 1      23  70
13  84  73  79   2   0  14 0.69  0.0    0 12.8 20  50   M    M   4 1      24  50
14  84  74  79   2   0  14 0.01  0.0    0 13.4 20  70   M    M   3        25  50
15  84  74  79   2   0  14 0.01  0.0    0 13.9 20  80   M    M   4 8      29  80
16  85  75  80   3   0  15 0.00  0.0    0 11.3 16  90   M    M   3        25 100
17  78  71  75  -3   0  10 0.43  0.0    0  9.6 17 130   M    M   8 1      27 110
18  84  76  80   2   0  15    T  0.0    0 10.6 16 130   M    M   5        25 120
19  85  76  81   3   0  16 0.00  0.0    0 11.1 17  90   M    M   2        25  90
20  84  76  80   2   0  15    T  0.0    0 10.4 20 100   M    M   4        26  90
21  80  72  76  -2   0  11 0.04  0.0    0 10.5 16  90   M    M   6 1      25  80
22  82  73  78   0   0  13 0.81  0.0    0  9.9 20 130   M    M   7 1      29 130
23  85  74  80   2   0  15 0.41  0.0    0  7.0 20 130   M    M   6 1      32 130
24  84  75  80   2   0  15 0.01  0.0    0  9.2 15 290   M    M   2 18     22 270
25  82  72  77  -1   0  12 0.00  0.0    0  6.1 14 280   M    M   1        19 290
26  87  71  79   1   0  14 0.00  0.0    0  6.6 12 120   M    M   1 8      18 120
27  88  79  84   6   0  19 0.00  0.0    0  7.1 15 130   M    M   1        21 130
28  88  80  84   5   0  19 0.00  0.0    0 10.7 16  80   M    M   2        25 100
29  87  80  84   5   0  19 0.00  0.0    0 12.2 17  90   M    M   2        26 110
================================================================================
SM 2453 2158         0 428  2.63     0.0 288.1          M       81
================================================================================
AV 84.6 74.4                               9.9 FASTST   M    M   3    MAX(MPH)
                                 MISC ---->  # 22  70               # 32  130
================================================================================
NOTES:
# LAST OF SEVERAL OCCURRENCES

COLUMN 17 PEAK WIND IN M.P.H.

PRELIMINARY LOCAL CLIMATOLOGICAL DATA (WS FORM: F-6) , PAGE 2

                                          STATION:  MARATHON
                                          MONTH:    APRIL
                                          YEAR:     2017
                                          LATITUDE:   24 43 N
                                          LONGITUDE:  81  5 W

[TEMPERATURE DATA]      [PRECIPITATION DATA]       SYMBOLS USED IN COLUMN 16

AVERAGE MONTHLY: 79.5   TOTAL FOR MONTH:   2.63    1 = FOG OR MIST
DPTR FM NORMAL:   2.2   DPTR FM NORMAL:    0.32    2 = FOG REDUCING VISIBILITY
HIGHEST:    89 ON  6, 1 GRTST 24HR  0.81 ON 22-22      TO 1/4 MILE OR LESS
LOWEST:     65 ON  8                               3 = THUNDER
                        SNOW, ICE PELLETS, HAIL    4 = ICE PELLETS
                        TOTAL MONTH:   0.0 INCH    5 = HAIL
                        GRTST 24HR     0.0         6 = FREEZING RAIN OR DRIZZLE
                        GRTST DEPTH:   0           7 = DUSTSTORM OR SANDSTORM:
                                                       VSBY 1/2 MILE OR LESS
                                                   8 = SMOKE OR HAZE
[NO. OF DAYS WITH]      [WEATHER - DAYS WITH]      9 = BLOWING SNOW
                                                   X = TORNADO
MAX 32 OR BELOW:   0    0.01 INCH OR MORE:   9
MAX 90 OR ABOVE:   0    0.10 INCH OR MORE:   5
MIN 32 OR BELOW:   0    0.50 INCH OR MORE:   2
MIN  0 OR BELOW:   0    1.00 INCH OR MORE:   0

[HDD (BASE 65) ]
TOTAL THIS MO.     0    CLEAR  (SCALE 0-3)  19
DPTR FM NORMAL     0    PTCLDY (SCALE 4-7)  10
TOTAL FM JUL 1     3    CLOUDY (SCALE 8-10)  0
DPTR FM NORMAL   -78

[CDD (BASE 65) ]
TOTAL THIS MO.   428
DPTR FM NORMAL    72    [PRESSURE DATA]
TOTAL FM JAN 1  1411    HIGHEST SLP M ON M
DPTR FM NORMAL   390    LOWEST  SLP 29.76 ON 23

[REMARKS]
