000
CXUS53 KILX 162300
CF6MTO
PRELIMINARY LOCAL CLIMATOLOGICAL DATA (WS FORM: F-6)

                                          STATION:   MATTOON IL AIRPORT
                                          MONTH:     APRIL
                                          YEAR:      2014
                                          LATITUDE:   39 28 N
                                          LONGITUDE:  88 17 W

  TEMPERATURE IN F:       :PCPN:    SNOW:  WIND      :SUNSHINE: SKY     :PK WND
================================================================================
1   2   3   4   5  6A  6B    7    8   9   10  11  12  13   14  15   16   17  18
                                     12Z  AVG MX 2MIN
DY MAX MIN AVG DEP HDD CDD  WTR  SNW DPTH SPD SPD DIR MIN PSBL S-S WX    SPD DR
================================================================================

 1  59  42  51   3  14   0 0.18    M    M 10.4 23 280   M    M   3 18     28 280
 2  52  42  47  -2  18   0 0.68    M    M  8.5 17 120   M    M  10 13     26 110
 3  63  52  58   9   7   0 0.77    M    M 10.4 21 150   M    M   8 13     28 150
 4  56  38  47  -2  18   0 0.02    M    M 17.3 32 280   M    M   8 1      42 280
 5  51  32  42  -8  23   0 0.00    M    M  4.9 14  20   M    M   2        18  30
 6  57  34  46  -4  19   0 0.00    M    M  5.0 14 110   M    M   0        19 120
 7  50  43  47  -3  18   0 0.33    M    M 11.9 28 340   M    M   9 1      34 340
 8  62  40  51   0  14   0 0.01    M    M 10.4 24 320   M    M   4 1      33 310
 9  61  35  48  -3  17   0 0.00    M    M  9.4 16 290   M    M   0        23 290
10  74  48  61   9   4   0 0.05    M    M 11.3 23 200   M    M   4 13     33 190
11  68  42  55   3  10   0 0.03    M    M  5.4 15 350   M    M   1        19 340
12  76  51  64  12   1   0 0.00    M    M 14.0 28 200   M    M   3        40 200
13  70  62  66  13   0   1 0.24    M    M 14.6 28 190   M    M   5 1      43 180
14  63  33  48  -5  17   0 0.02    M    M 16.3 28 330   M    M   9 1      35 170
15  43  30  37 -16  28   0    T    M    M 11.2 22 330   M    M   5        26 340
================================================================================
SM  905  624       208   1  2.33    M    161.0          M       71
================================================================================
AV 60.3 41.6                              10.7 FASTST   M    M   5    MAX(MPH)
                                 MISC ---->  # 32 280               # 43  180
================================================================================
NOTES:
# LAST OF SEVERAL OCCURRENCES

COLUMN 17 PEAK WIND IN M.P.H.

PRELIMINARY LOCAL CLIMATOLOGICAL DATA (WS FORM: F-6) , PAGE 2

                                          STATION:  MATTOON IL AIRPORT
                                          MONTH:    APRIL
                                          YEAR:     2014
                                          LATITUDE:   39 28 N
                                          LONGITUDE:  88 17 W

[TEMPERATURE DATA]      [PRECIPITATION DATA]       SYMBOLS USED IN COLUMN 16

AVERAGE MONTHLY: 51.0   TOTAL FOR MONTH:   2.33    1 = FOG OR MIST
DPTR FM NORMAL:   0.2   DPTR FM NORMAL:    0.86    2 = FOG REDUCING VISIBILITY
HIGHEST:    76 ON 12    GRTST 24HR  0.94 ON  2- 3      TO 1/4 MILE OR LESS
LOWEST:     30 ON 15                               3 = THUNDER
                        SNOW, ICE PELLETS, HAIL    4 = ICE PELLETS
                        TOTAL MONTH:    M          5 = HAIL
                        GRTST 24HR    M  ON   M    6 = FREEZING RAIN OR DRIZZLE
                        GRTST DEPTH:  M  ON   M    7 = DUSTSTORM OR SANDSTORM:
                                                       VSBY 1/2 MILE OR LESS
                                                   8 = SMOKE OR HAZE
[NO. OF DAYS WITH]      [WEATHER - DAYS WITH]      9 = BLOWING SNOW
                                                   X = TORNADO
MAX 32 OR BELOW:   0    0.01 INCH OR MORE:  10
MAX 90 OR ABOVE:   0    0.10 INCH OR MORE:   5
MIN 32 OR BELOW:   2    0.50 INCH OR MORE:   2
MIN  0 OR BELOW:   0    1.00 INCH OR MORE:   0

[HDD (BASE 65) ]
TOTAL THIS MO.   208    CLEAR  (SCALE 0-3)   6
DPTR FM NORMAL   -12    PTCLDY (SCALE 4-7)   5
TOTAL FM JUL 1  5944    CLOUDY (SCALE 8-10)  4
DPTR FM NORMAL   821

[CDD (BASE 65) ]
TOTAL THIS MO.     1
DPTR FM NORMAL     1    [PRESSURE DATA]
TOTAL FM JAN 1     1    HIGHEST SLP M ON M
DPTR FM NORMAL     0    LOWEST  SLP 29.49 ON 13

[REMARKS]
