000
CXUS55 KBOI 011002
CF6MUO
PRELIMINARY LOCAL CLIMATOLOGICAL DATA (WS FORM: F-6)

                                          STATION:   MOUNTAIN HOME AFB
                                          MONTH:     JUNE
                                          YEAR:      2015
                                          LATITUDE:   43  2 N
                                          LONGITUDE: 115 52 W

  TEMPERATURE IN F:       :PCPN:    SNOW:  WIND      :SUNSHINE: SKY     :PK WND
================================================================================
1   2   3   4   5  6A  6B    7    8   9   10  11  12  13   14  15   16   17  18
                                     12Z  AVG MX 2MIN
DY MAX MIN AVG DEP HDD CDD  WTR  SNW DPTH SPD SPD DIR MIN PSBL S-S WX    SPD DR
================================================================================

 1  83  61  72   9   0   7 0.08    M    M  8.9 17  30   M    M   5 3      22 300
 2  77  55  66   3   0   1    T    M    M 11.0 16 360   M    M   5        31 350
 3  76  51  64   0   1   0 0.00    M    M 11.8 18 330   M    M   5        24 330
 4  78  54  66   2   0   1 0.00    M    M 12.6 21 320   M    M   6        18 320
 5  83  52  68   4   0   3 0.01    M    M  9.6 25  40   M    M   3        36  40
 6  87  55  71   7   0   6 0.17    M    M  5.5 10  70   M    M   5        17 280
 7  90  55  73   8   0   8 0.00    M    M  6.6 13  90   M    M   1         M  M
 8  96  59  78  13   0  13 0.00    M    M  5.5 12 110   M    M   0         M  M
 9  98  64  81  16   0  16    T    M    M  8.6 17 120   M    M   2 3       M  M
10  89  67  78  12   0  13 0.00    M    M 11.8 24 310   M    M   7        32 320
11  91  56  74   8   0   9 0.00    M    M 10.5 20 300   M    M   0        45  80
12  88  59  74   8   0   9 0.00    M    M 16.4 23 320   M    M   0        38 310
13  84  50  67   1   0   2 0.00    M    M 12.9 18 340   M    M   0        24 330
14  86  51  69   2   0   4 0.00    M    M 11.4 16 310   M    M   0        22 320
15  93  55  74   7   0   9 0.00    M    M  8.7 18 350   M    M   1        18 120
16  91  60  76   9   0  11 0.00    M    M  8.7 14 350   M    M   1         M  M
17  95  55  75   7   0  10 0.00    M    M  7.1 18 330   M    M   0        23 320
18  98  57  78  10   0  13 0.00    M    M  5.9 17 350   M    M   3        25 350
19  88  64  76   8   0  11 0.00    M    M 14.0 24 310   M    M   0        31 310
20  90  57  74   5   0   9 0.00    M    M  9.0 14 310   M    M   0        20 270
21  92  60  76   7   0  11 0.00    M    M  9.8 25 310   M    M   1        35 320
22  90  58  74   5   0   9 0.00    M    M  9.2 15 300   M    M   0        18 330
23  95  55  75   5   0  10 0.00    M    M  5.8 17 350   M    M   0        22 330
24  95  60  78   8   0  13 0.00    M    M 10.0 17 340   M    M   2        18 290
25  96  65  81  11   0  16 0.00    M    M 13.9 21 340   M    M   0        28 310
26 102  56  79   8   0  14 0.00    M    M  6.1 12 300   M    M   0         M  M
27 105  64  85  14   0  20    T    M    M  5.5 12  60   M    M   4         M  M
28 109  71  90  19   0  25    T    M    M  9.4 30 250   M    M   3 8      60 220
29 107  77  92  20   0  27 0.01    M    M 10.2 20 170   M    M   7        25 170
30 103  73  88  16   0  23 0.00    M    M  6.7 20 330   M    M   4        20 320
================================================================================
SM 2755 1776         1 323  0.27    M    283.1          M       65
================================================================================
AV 91.8 59.2                               9.4 FASTST   M    M   2    MAX(MPH)
                                 MISC ---->    30   M                 60    M
================================================================================
NOTES:
# LAST OF SEVERAL OCCURRENCES

COLUMN 17 PEAK WIND IN M.P.H.

PRELIMINARY LOCAL CLIMATOLOGICAL DATA (WS FORM: F-6) , PAGE 2

                                          STATION:  MOUNTAIN HOME AFB
                                          MONTH:    JUNE
                                          YEAR:     2015
                                          LATITUDE:   43  2 N
                                          LONGITUDE: 115 52 W

[TEMPERATURE DATA]      [PRECIPITATION DATA]       SYMBOLS USED IN COLUMN 16

AVERAGE MONTHLY: 75.5   TOTAL FOR MONTH:   0.27    1 = FOG OR MIST
DPTR FM NORMAL:   8.3   DPTR FM NORMAL:       M    2 = FOG REDUCING VISIBILITY
HIGHEST:   109 ON 28    GRTST 24HR  0.17 ON  6- 6      TO 1/4 MILE OR LESS
LOWEST:     50 ON 13                               3 = THUNDER
                        SNOW, ICE PELLETS, HAIL    4 = ICE PELLETS
                        TOTAL MONTH:    M          5 = HAIL
                        GRTST 24HR    M  ON   M    6 = FREEZING RAIN OR DRIZZLE
                        GRTST DEPTH:  M  ON   M    7 = DUSTSTORM OR SANDSTORM:
                                                       VSBY 1/2 MILE OR LESS
                                                   8 = SMOKE OR HAZE
[NO. OF DAYS WITH]      [WEATHER - DAYS WITH]      9 = BLOWING SNOW
                                                   X = TORNADO
MAX 32 OR BELOW:   0    0.01 INCH OR MORE:   4
MAX 90 OR ABOVE:  19    0.10 INCH OR MORE:   1
MIN 32 OR BELOW:   0    0.50 INCH OR MORE:   0
MIN  0 OR BELOW:   0    1.00 INCH OR MORE:   0

[HDD (BASE 65) ]
TOTAL THIS MO.     1    CLEAR  (SCALE 0-3)  19
DPTR FM NORMAL   -74    PTCLDY (SCALE 4-7)  11
TOTAL FM JUL 1  4524    CLOUDY (SCALE 8-10)  0
DPTR FM NORMAL -1314

[CDD (BASE 65) ]
TOTAL THIS MO.   323
DPTR FM NORMAL   189    [PRESSURE DATA]
TOTAL FM JAN 1   348    HIGHEST SLP M ON M
DPTR FM NORMAL   178    LOWEST  SLP M ON M

[REMARKS]
#FINAL-06-15#
