000
CXUS55 KBOI 291002
CF6MUO
PRELIMINARY LOCAL CLIMATOLOGICAL DATA (WS FORM: F-6)

                                          STATION:   MOUNTAIN HOME AFB
                                          MONTH:     MAY
                                          YEAR:      2015
                                          LATITUDE:   43  2 N
                                          LONGITUDE: 115 52 W

  TEMPERATURE IN F:       :PCPN:    SNOW:  WIND      :SUNSHINE: SKY     :PK WND
================================================================================
1   2   3   4   5  6A  6B    7    8   9   10  11  12  13   14  15   16   17  18
                                     12Z  AVG MX 2MIN
DY MAX MIN AVG DEP HDD CDD  WTR  SNW DPTH SPD SPD DIR MIN PSBL S-S WX    SPD DR
================================================================================

 1  79  32  56   2   9   0 0.00    M    M  5.5 10 120   M    M   0         M  M
 2  81  43  62   8   3   0 0.00    M    M  8.0 21 360   M    M   1        30 350
 3  80  47  64  10   1   0 0.00    M    M  7.0 13 320   M    M   4        20 340
 4  84  43  64   9   1   0 0.00    M    M  7.3 22 280   M    M   3        29 280
 5  72  49  61   6   4   0 0.00    M    M 17.0 29 330   M    M   2        39 340
 6  65  42  54  -1  11   0 0.00    M    M 18.4 27 320   M    M   7        33 310
 7  53  43  48  -8  17   0 0.06    M    M 11.1 22 300   M    M   9        29 300
 8  71  42  57   1   8   0 0.02    M    M  6.0 13 110   M    M   9 13     20 300
 9  75  46  61   5   4   0 0.00    M    M 14.5 27 310   M    M   2        39 310
10  74  41  58   1   7   0    T    M    M  9.1 23 100   M    M   1        31 100
11  77  47  62   5   3   0 0.08    M    M 11.4 24 120   M    M   7 3      35 120
12  74  44  59   2   6   0 0.02    M    M  9.0 17 150   M    M   7 3      23 130
13  67  38  53  -4  12   0 0.00    M    M  6.5 14 320   M    M   4         M  M
14  73  42  58   0   7   0    T    M    M  7.4 20 330   M    M   7        28 330
15  67  51  59   1   6   0    T    M    M 11.9 20 330   M    M   6        30 330
16   M   M   M   M   M   M 0.01    M    M 17.1 25 300   M    M   9        35 300
17  70  42  56  -3   9   0 0.02    M    M  5.5 13  90   M    M   5         M  M
18  72  49  61   2   4   0 0.00    M    M  8.2 20 100   M    M   6        24 100
19  68  53  61   2   4   0 0.02    M    M  8.2 18  90   M    M   9         M  M
20  69  53  61   1   4   0 0.01    M    M 10.7 17 110   M    M   7        24 110
21  74  49  62   2   3   0 0.00    M    M  8.8 18 110   M    M   4        21 120
22  71  48  60   0   5   0 0.00    M    M  5.3 14 120   M    M   6 8       M  M
23  78  51  65   4   0   0 0.01    M    M 12.5 22 310   M    M   6        38  90
24  79  52  66   5   0   1 0.00    M    M  9.9 20 320   M    M   5 3      44 110
25  77  46  62   1   3   0    T    M    M  5.4  9 100   M    M   3         M  M
26  77  46  62   1   3   0 0.00    M    M  6.0 18 210   M    M   6 3      29 210
27  76  50  63   1   2   0    T    M    M  9.2 22 290   M    M   5        30 290
28  80  48  64   2   1   0 0.00    M    M  7.6 14 320   M    M   0        20 350
================================================================================
SM 1983 1237       137   1  0.25    M    264.5          M      140
================================================================================
AV 73.4 45.8                               9.4 FASTST   M    M   5    MAX(MPH)
                                 MISC ---->    29   M                 44    M
================================================================================
NOTES:
# LAST OF SEVERAL OCCURRENCES

COLUMN 17 PEAK WIND IN M.P.H.

PRELIMINARY LOCAL CLIMATOLOGICAL DATA (WS FORM: F-6) , PAGE 2

                                          STATION:  MOUNTAIN HOME AFB
                                          MONTH:    MAY
                                          YEAR:     2015
                                          LATITUDE:   43  2 N
                                          LONGITUDE: 115 52 W

[TEMPERATURE DATA]      [PRECIPITATION DATA]       SYMBOLS USED IN COLUMN 16

AVERAGE MONTHLY: 59.6   TOTAL FOR MONTH:   0.25    1 = FOG OR MIST
DPTR FM NORMAL:   1.8   DPTR FM NORMAL:   -0.92    2 = FOG REDUCING VISIBILITY
HIGHEST:    84 ON  4    GRTST 24HR  0.08 ON 11-11      TO 1/4 MILE OR LESS
LOWEST:     32 ON  1                               3 = THUNDER
                        SNOW, ICE PELLETS, HAIL    4 = ICE PELLETS
                        TOTAL MONTH:    M          5 = HAIL
                        GRTST 24HR    M  ON   M    6 = FREEZING RAIN OR DRIZZLE
                        GRTST DEPTH:  M  ON   M    7 = DUSTSTORM OR SANDSTORM:
                                                       VSBY 1/2 MILE OR LESS
                                                   8 = SMOKE OR HAZE
[NO. OF DAYS WITH]      [WEATHER - DAYS WITH]      9 = BLOWING SNOW
                                                   X = TORNADO
MAX 32 OR BELOW:   0    0.01 INCH OR MORE:   9
MAX 90 OR ABOVE:   0    0.10 INCH OR MORE:   0
MIN 32 OR BELOW:   1    0.50 INCH OR MORE:   0
MIN  0 OR BELOW:   0    1.00 INCH OR MORE:   0

[HDD (BASE 65) ]
TOTAL THIS MO.   137    CLEAR  (SCALE 0-3)   8
DPTR FM NORMAL  -101    PTCLDY (SCALE 4-7)  16
TOTAL FM JUL 1  4523    CLOUDY (SCALE 8-10)  4
DPTR FM NORMAL -1225

[CDD (BASE 65) ]
TOTAL THIS MO.     1
DPTR FM NORMAL   -29    [PRESSURE DATA]
TOTAL FM JAN 1     1    HIGHEST SLP M ON M
DPTR FM NORMAL   -29    LOWEST  SLP M ON M

[REMARKS]
