000
CXUS55 KBOI 241002
CF6MUO
PRELIMINARY LOCAL CLIMATOLOGICAL DATA (WS FORM: F-6)

                                          STATION:   MOUNTAIN HOME AFB
                                          MONTH:     SEPTEMBER
                                          YEAR:      2017
                                          LATITUDE:   43  2 N
                                          LONGITUDE: 115 52 W

  TEMPERATURE IN F:       :PCPN:    SNOW:  WIND      :SUNSHINE: SKY     :PK WND
================================================================================
1   2   3   4   5  6A  6B    7    8   9   10  11  12  13   14  15   16   17  18
                                     12Z  AVG MX 2MIN
DY MAX MIN AVG DEP HDD CDD  WTR  SNW DPTH SPD SPD DIR MIN PSBL S-S WX    SPD DR
================================================================================

 1  93  58  76   7   0  11 0.00    M    M  8.9 15 310   M    M   0         M  M
 2  99  56  78   9   0  13 0.00    M    M  7.0 14 100   M    M   0         M  M
 3 102  59  81  12   0  16 0.00    M    M  5.3 10 100   M    M   0         M  M
 4 100  58  79  11   0  14 0.00    M    M  4.5 12 330   M    M   0         M  M
 5  92  63  78  10   0  13 0.00    M    M  7.0 14 100   M    M   0         M  M
 6  92  55  74   7   0   9 0.00    M    M  6.3 13 100   M    M   1 8       M  M
 7  94  58  76   9   0  11 0.00    M    M  7.2 18 220   M    M   1 8      44 110
 8  93  63  78  11   0  13    T    M    M  5.9 16 290   M    M   3        20 290
 9  92  63  78  12   0  13 0.00    M    M  4.6 12 320   M    M   3         M  M
10  91  59  75   9   0  10 0.00    M    M  7.7 15 330   M    M   0         M  M
11  91  54  73   8   0   8 0.00    M    M  3.5  9 340   M    M   0         M  M
12  89  57  73   8   0   8    T    M    M  5.5 18 270   M    M   3        33 260
13  87  61  74   9   0   9 0.00    M    M  6.0 12 330   M    M   1 3      18 250
14  74  58  66   2   0   1    T    M    M 11.7 23 320   M    M   6 3      31 320
15  69  47  58  -6   7   0 0.00    M    M 19.6 29 300   M    M   2        39 300
16  64  36  50 -13  15   0 0.00    M    M  5.4 10 300   M    M   0         M  M
17  78  40  59  -4   6   0 0.00    M    M  9.4 21 100   M    M   0         M  M
18  70  47  59  -4   6   0 0.21    M    M  9.6 24 340   M    M   5 13     36 340
19  62  44  53  -9  12   0 0.05    M    M  7.4 25 280   M    M   6        32 290
20  63  43  53  -9  12   0 0.05    M    M 11.3 25 340   M    M   6        35 340
21  56  38  47 -14  18   0 0.01    M    M  6.8 12 340   M    M   5         M  M
22  54  34  44 -17  21   0    T    M    M  9.2 17 340   M    M   3        20 330
23  61  32  47 -14  18   0    T    M    M  7.2 15 320   M    M   0         M  M
================================================================================
SM 1866 1183       115 149  0.32    M    177.0          M       45
================================================================================
AV 81.1 51.4                               7.7 FASTST   M    M   2    MAX(MPH)
                                 MISC ---->  # 29 300               # 44  110
================================================================================
NOTES:
# LAST OF SEVERAL OCCURRENCES

COLUMN 17 PEAK WIND IN M.P.H.

PRELIMINARY LOCAL CLIMATOLOGICAL DATA (WS FORM: F-6) , PAGE 2

                                          STATION:  MOUNTAIN HOME AFB
                                          MONTH:    SEPTEMBER
                                          YEAR:     2017
                                          LATITUDE:   43  2 N
                                          LONGITUDE: 115 52 W

[TEMPERATURE DATA]      [PRECIPITATION DATA]       SYMBOLS USED IN COLUMN 16

AVERAGE MONTHLY: 66.3   TOTAL FOR MONTH:   0.32    1 = FOG OR MIST
DPTR FM NORMAL:   1.3   DPTR FM NORMAL:   -0.05    2 = FOG REDUCING VISIBILITY
HIGHEST:   102 ON  3    GRTST 24HR  0.21 ON 18-18      TO 1/4 MILE OR LESS
LOWEST:     32 ON 23                               3 = THUNDER
                        SNOW, ICE PELLETS, HAIL    4 = ICE PELLETS
                        TOTAL MONTH:    M          5 = HAIL
                        GRTST 24HR    M  ON   M    6 = FREEZING RAIN OR DRIZZLE
                        GRTST DEPTH:  M  ON   M    7 = DUSTSTORM OR SANDSTORM:
                                                       VSBY 1/2 MILE OR LESS
                                                   8 = SMOKE OR HAZE
[NO. OF DAYS WITH]      [WEATHER - DAYS WITH]      9 = BLOWING SNOW
                                                   X = TORNADO
MAX 32 OR BELOW:   0    0.01 INCH OR MORE:   4
MAX 90 OR ABOVE:  11    0.10 INCH OR MORE:   1
MIN 32 OR BELOW:   1    0.50 INCH OR MORE:   0
MIN  0 OR BELOW:   0    1.00 INCH OR MORE:   0

[HDD (BASE 65) ]
TOTAL THIS MO.   115    CLEAR  (SCALE 0-3)  18
DPTR FM NORMAL    44    PTCLDY (SCALE 4-7)   5
TOTAL FM JUL 1   115    CLOUDY (SCALE 8-10)  0
DPTR FM NORMAL    30

[CDD (BASE 65) ]
TOTAL THIS MO.   149
DPTR FM NORMAL    67    [PRESSURE DATA]
TOTAL FM JAN 1  1243    HIGHEST SLP M ON M
DPTR FM NORMAL   340    LOWEST  SLP M ON M

[REMARKS]
