000
CXUS51 KBTV 220700
CF6MVL
PRELIMINARY LOCAL CLIMATOLOGICAL DATA (WS FORM: F-6)

                                          STATION:   MORRISVILLE VT
                                          MONTH:     JANUARY
                                          YEAR:      2017
                                          LATITUDE:   44 31 N
                                          LONGITUDE:  72 37 W

  TEMPERATURE IN F:       :PCPN:    SNOW:  WIND      :SUNSHINE: SKY     :PK WND
================================================================================
1   2   3   4   5  6A  6B    7    8   9   10  11  12  13   14  15   16   17  18
                                     12Z  AVG MX 2MIN
DY MAX MIN AVG DEP HDD CDD  WTR  SNW DPTH SPD SPD DIR MIN PSBL S-S WX    SPD DR
================================================================================

 1  35  15  25   7  40   0 0.01    M    0  3.8 15 220   M    M   9 1      24 240
 2  37   6  22   4  43   0    T    M    0  1.5  7 170   M    M   0         9 170
 3  37  16  27  10  38   0 0.17    M    0  2.2  6 200   M    M  10 1       M  M
 4  40  25  33  16  32   0 0.09    M    0  4.9 13 220   M    M   8 1      32 250
 5  26  20  23   6  42   0 0.02    M    0  8.1 18 200   M    M  10 18     31 270
 6  23   3  13  -4  52   0 0.01    M    0  2.8 12 200   M    M   7 1      16 250
 7  20  -4   8  -8  57   0    T    M    0  3.5 14  30   M    M   3 18     17 340
 8  14 -10   2 -14  63   0    T    M    0  3.0 17 320   M    M   5 18     25 330
 9  15  -7   4 -12  61   0    T    M    0  3.3 10 170   M    M   8 18     18 320
10  39  -2  19   3  46   0 0.01    M    0 10.6 38 180   M    M   5 18     65 190
11  47  30  39  23  26   0 0.12    M    0 11.1 30 190   M    M   3        44 190
12  53  34  44  28  21   0 0.21    M    0  5.5 14 200   M    M   8 1      22 250
13  42  10  26  10  39   0    T    M    0  9.3 25 340   M    M   7        35 340
14  18   2  10  -6  55   0 0.00  0.0    0  3.1 10 360   M    M   5        16 340
15  25   8  17   1  48   0    T    M    0  4.7 17 340   M    M   6        25 350
16  40   5  23   8  42   0 0.00  0.0    0  3.5 14 220   M    M   1 8      19 200
17  37  14  26  11  39   0 0.05    M    0  2.3 17 170   M    M   4 1      23 160
18  34  30  32  17  33   0 0.06    M    0  4.8 12 220   M    M  10 1      18 220
19  36  31  34  19  31   0 0.02    M    0  1.5 13  10   M    M  10 1      15  10
20  35  31  33  18  32   0 0.00  0.0    0  2.0  9 220   M    M  10        13 210
21  35  31  33  18  32   0 0.00  0.0    0  0.3  5  10   M    M  10 12      5 360
================================================================================
SM  688  288       872   0  0.77     0.0  91.8          M      139
================================================================================
AV 32.8 13.7                               4.4 FASTST   M    M   7    MAX(MPH)
                                 MISC ---->  # 38 180               # 65  190
================================================================================
NOTES:
# LAST OF SEVERAL OCCURRENCES

COLUMN 17 PEAK WIND IN M.P.H.

PRELIMINARY LOCAL CLIMATOLOGICAL DATA (WS FORM: F-6) , PAGE 2

                                          STATION:  MORRISVILLE VT
                                          MONTH:    JANUARY
                                          YEAR:     2017
                                          LATITUDE:   44 31 N
                                          LONGITUDE:  72 37 W

[TEMPERATURE DATA]      [PRECIPITATION DATA]       SYMBOLS USED IN COLUMN 16

AVERAGE MONTHLY: 23.2   TOTAL FOR MONTH:   0.77    1 = FOG OR MIST
DPTR FM NORMAL:   7.1   DPTR FM NORMAL:   -1.03    2 = FOG REDUCING VISIBILITY
HIGHEST:    53 ON 12    GRTST 24HR  0.21 ON 12-12      TO 1/4 MILE OR LESS
LOWEST:    -10 ON  8                               3 = THUNDER
                        SNOW, ICE PELLETS, HAIL    4 = ICE PELLETS
                        TOTAL MONTH:   0.0 INCH    5 = HAIL
                        GRTST 24HR     0.0         6 = FREEZING RAIN OR DRIZZLE
                        GRTST DEPTH:   0           7 = DUSTSTORM OR SANDSTORM:
                                                       VSBY 1/2 MILE OR LESS
                                                   8 = SMOKE OR HAZE
[NO. OF DAYS WITH]      [WEATHER - DAYS WITH]      9 = BLOWING SNOW
                                                   X = TORNADO
MAX 32 OR BELOW:   7    0.01 INCH OR MORE:  11
MAX 90 OR ABOVE:   0    0.10 INCH OR MORE:   3
MIN 32 OR BELOW:  20    0.50 INCH OR MORE:   0
MIN  0 OR BELOW:   4    1.00 INCH OR MORE:   0

[HDD (BASE 65) ]
TOTAL THIS MO.   872    CLEAR  (SCALE 0-3)   3
DPTR FM NORMAL  -156    PTCLDY (SCALE 4-7)   9
TOTAL FM JUL 1  3733    CLOUDY (SCALE 8-10)  9
DPTR FM NORMAL  -433

[CDD (BASE 65) ]
TOTAL THIS MO.     0
DPTR FM NORMAL     0    [PRESSURE DATA]
TOTAL FM JAN 1     0    HIGHEST SLP M ON M
DPTR FM NORMAL     0    LOWEST  SLP 29.53 ON  5

[REMARKS]
