444
CXUS54 KFWD 220730
CF6MWL
PRELIMINARY LOCAL CLIMATOLOGICAL DATA (WS FORM: F-6)

                                          STATION:   MINERAL WELLS
                                          MONTH:     MAY
                                          YEAR:      2015
                                          LATITUDE:   32 46 N
                                          LONGITUDE:  98  4 W

  TEMPERATURE IN F:       :PCPN:    SNOW:  WIND      :SUNSHINE: SKY     :PK WND
================================================================================
1   2   3   4   5  6A  6B    7    8   9   10  11  12  13   14  15   16   17  18
                                     12Z  AVG MX 2MIN
DY MAX MIN AVG DEP HDD CDD  WTR  SNW DPTH SPD SPD DIR MIN PSBL S-S WX    SPD DR
================================================================================

 1  80  54  67  -1   0   2 0.00  0.0    0  6.3 16 120   M    M   0        20 130
 2  82  56  69   0   0   4 0.00  0.0    0  8.3 16 190   M    M   1        28 140
 3  83  57  70   1   0   5 0.00  0.0    0  9.2 17 150   M    M   1        23 190
 4  82  60  71   2   0   6 0.00  0.0    0 11.0 20 130   M    M   3 1      26 120
 5  74  61  68  -2   0   3 0.20  0.0    0 10.4 22 140   M    M   7 13     30 130
 6  84  67  76   6   0  11    T  0.0    0 14.3 22 150   M    M   6        27 140
 7  83  63  73   3   0   8 1.21  0.0    0 11.2 25 330   M    M   8 13     32 330
 8  85  67  76   6   0  11 0.01  0.0    0 10.0 25 150   M    M   6 138    32 140
 9  84  67  76   5   0  11 0.60  0.0    0 11.7 24 160   M    M   8 138    31 150
10  74  64  69  -2   0   4 1.65  0.0    0  6.3 24 270   M    M   6 13     35 260
11  72  57  65  -6   0   0 0.00  0.0    0  8.6 18  10   M    M   3 1      22 360
12  69  58  64  -7   1   0 0.02  0.0    0  5.8 14  80   M    M   7 1      16  80
13  68  62  65  -7   0   0 0.40  0.0    0  9.4 20 140   M    M   8 1      25 130
14  83  63  73   1   0   8 0.00  0.0    0 11.4 20 180   M    M   5 1      25 170
15  82  68  75   3   0  10    T  0.0    0 12.7 25 150   M    M   5        32 160
16  83  66  75   3   0  10 0.38  0.0    0 12.8 41 240   M    M   8 138    52 250
17  84  63  74   1   0   9 0.05  0.0    0  7.8 16 150   M    M   2 13     22 130
18  88  67  78   5   0  13 0.00  0.0    0  6.8 15 140   M    M   5 12     19 110
19  83  70  77   4   0  12 0.40  0.0    0 12.1 25 120   M    M   8 13     32 110
20  78  61  70  -3   0   5 0.02  0.0    0 10.2 18 350   M    M   9 3      22  10
21  65  54  60 -14   5   0 0.66  0.0    0  9.6 21  20   M    M  10 13     27  20
================================================================================
SM 1666 1305         6 132  5.60     0.0 205.9          M      116
================================================================================
AV 79.3 62.1                               9.8 FASTST   M    M   6    MAX(MPH)
                                 MISC ---->  # 41 240               # 52  250
================================================================================
NOTES:
# LAST OF SEVERAL OCCURRENCES

COLUMN 17 PEAK WIND IN M.P.H.

PRELIMINARY LOCAL CLIMATOLOGICAL DATA (WS FORM: F-6) , PAGE 2

                                          STATION:  MINERAL WELLS
                                          MONTH:    MAY
                                          YEAR:     2015
                                          LATITUDE:   32 46 N
                                          LONGITUDE:  98  4 W

[TEMPERATURE DATA]      [PRECIPITATION DATA]       SYMBOLS USED IN COLUMN 16

AVERAGE MONTHLY: 70.7   TOTAL FOR MONTH:   5.60    1 = FOG OR MIST
DPTR FM NORMAL:  -0.4   DPTR FM NORMAL:    3.02    2 = FOG REDUCING VISIBILITY
HIGHEST:    88 ON 18    GRTST 24HR  1.68 ON  9-10      TO 1/4 MILE OR LESS
LOWEST:     54 ON 21, 1                            3 = THUNDER
                        SNOW, ICE PELLETS, HAIL    4 = ICE PELLETS
                        TOTAL MONTH:   0.0 INCH    5 = HAIL
                        GRTST 24HR     0.0         6 = FREEZING RAIN OR DRIZZLE
                        GRTST DEPTH:   0           7 = DUSTSTORM OR SANDSTORM:
                                                       VSBY 1/2 MILE OR LESS
                                                   8 = SMOKE OR HAZE
[NO. OF DAYS WITH]      [WEATHER - DAYS WITH]      9 = BLOWING SNOW
                                                   X = TORNADO
MAX 32 OR BELOW:   0    0.01 INCH OR MORE:  12
MAX 90 OR ABOVE:   0    0.10 INCH OR MORE:   8
MIN 32 OR BELOW:   0    0.50 INCH OR MORE:   4
MIN  0 OR BELOW:   0    1.00 INCH OR MORE:   2

[HDD (BASE 65) ]
TOTAL THIS MO.     6    CLEAR  (SCALE 0-3)   5
DPTR FM NORMAL    -6    PTCLDY (SCALE 4-7)  13
TOTAL FM JUL 1  2503    CLOUDY (SCALE 8-10)  3
DPTR FM NORMAL    14

[CDD (BASE 65) ]
TOTAL THIS MO.   132
DPTR FM NORMAL    -9    [PRESSURE DATA]
TOTAL FM JAN 1   252    HIGHEST SLP M ON M
DPTR FM NORMAL   -15    LOWEST  SLP 29.68 ON 16

[REMARKS]
