000
CXUS55 KBOI 241002
CF6MYL
PRELIMINARY LOCAL CLIMATOLOGICAL DATA (WS FORM: F-6)

                                          STATION:   MCCALL ID
                                          MONTH:     MAY
                                          YEAR:      2015
                                          LATITUDE:   44 52 N
                                          LONGITUDE: 116  6 W

  TEMPERATURE IN F:       :PCPN:    SNOW:  WIND      :SUNSHINE: SKY     :PK WND
================================================================================
1   2   3   4   5  6A  6B    7    8   9   10  11  12  13   14  15   16   17  18
                                     12Z  AVG MX 2MIN
DY MAX MIN AVG DEP HDD CDD  WTR  SNW DPTH SPD SPD DIR MIN PSBL S-S WX    SPD DR
================================================================================

 1  66  27  47   5  18   0 0.00    M    M  3.4 14 180   M    M   0        19 180
 2  67  39  53  11  12   0 0.00    M    M  4.2 16 300   M    M   1        22 300
 3  67  32  50   8  15   0 0.00    M    M  4.4 15 270   M    M   1        19 250
 4  72  32  52   9  13   0    T    M    M  4.7 20 210   M    M   4        23 330
 5  59  41  50   7  15   0    T    M    M  6.3 15 300   M    M   3 8      22 300
 6  50  30  40  -3  25   0    T    M    M  7.5 15 340   M    M   4        23 360
 7  53  36  45   1  20   0 0.00    M    M 11.3 20 360   M    M   2        28 350
 8  63  38  51   7  14   0 0.00    M    M  9.6 20 350   M    M   1        28 330
 9  64  33  49   5  16   0 0.00    M    M  7.8 18 310   M    M   0        26 320
10  65  31  48   4  17   0 0.00    M    M  4.5 14 290   M    M   0        20 280
11  61  33  47   2  18   0    T    M    M  4.2 21 140   M    M   4        27 180
12  59  40  50   5  15   0 0.38    M    M  5.5 16  60   M    M   4 13     23  50
13  53  37  45   0  20   0 0.11    M    M  7.9 21 200   M    M   5 1      28 170
14  63  32  48   2  17   0 0.04    M    M  6.0 20  50   M    M   5 3      26  70
15  51  43  47   1  18   0 0.11    M    M  4.9 13 250   M    M   9 1      15  10
16  54  44  49   3  16   0 0.00    M    M  8.4 17 270   M    M  10        22 340
17  62  41  52   6  13   0    T    M    M  5.3 22 170   M    M   8        26 170
18  60  43  52   5  13   0 0.53    M    M  3.4 18 100   M    M   9 13     24 110
19  63  43  53   6  12   0 0.01    M    M  4.4 16 160   M    M   7 3      22 280
20  60  41  51   4  14   0 0.21    M    M  3.4 15 120   M    M  10 13     21 120
21  62  44  53   6  12   0 0.04    M    M  4.2 18 150   M    M   8 13     22 100
22  66  37  52   4  13   0 0.66    M    M  3.6 17 340   M    M   4 123    22 350
23  70  44  57   9   8   0 0.00    M    M  8.8 21  10   M    M   5 12     30 360
================================================================================
SM 1410  861       354   0  2.09    M    133.7          M      104
================================================================================
AV 61.3 37.4                               5.8 FASTST   M    M   5    MAX(MPH)
                                 MISC ---->  # 22 170               # 30  360
================================================================================
NOTES:
# LAST OF SEVERAL OCCURRENCES

COLUMN 17 PEAK WIND IN M.P.H.

PRELIMINARY LOCAL CLIMATOLOGICAL DATA (WS FORM: F-6) , PAGE 2

                                          STATION:  MCCALL ID
                                          MONTH:    MAY
                                          YEAR:     2015
                                          LATITUDE:   44 52 N
                                          LONGITUDE: 116  6 W

[TEMPERATURE DATA]      [PRECIPITATION DATA]       SYMBOLS USED IN COLUMN 16

AVERAGE MONTHLY: 49.4   TOTAL FOR MONTH:   2.09    1 = FOG OR MIST
DPTR FM NORMAL:   4.4   DPTR FM NORMAL:    0.48    2 = FOG REDUCING VISIBILITY
HIGHEST:    72 ON  4    GRTST 24HR  0.66 ON 22-22      TO 1/4 MILE OR LESS
LOWEST:     27 ON  1                               3 = THUNDER
                        SNOW, ICE PELLETS, HAIL    4 = ICE PELLETS
                        TOTAL MONTH:    M          5 = HAIL
                        GRTST 24HR    M  ON   M    6 = FREEZING RAIN OR DRIZZLE
                        GRTST DEPTH:  M  ON   M    7 = DUSTSTORM OR SANDSTORM:
                                                       VSBY 1/2 MILE OR LESS
                                                   8 = SMOKE OR HAZE
[NO. OF DAYS WITH]      [WEATHER - DAYS WITH]      9 = BLOWING SNOW
                                                   X = TORNADO
MAX 32 OR BELOW:   0    0.01 INCH OR MORE:   9
MAX 90 OR ABOVE:   0    0.10 INCH OR MORE:   6
MIN 32 OR BELOW:   6    0.50 INCH OR MORE:   2
MIN  0 OR BELOW:   0    1.00 INCH OR MORE:   0

[HDD (BASE 65) ]
TOTAL THIS MO.   354    CLEAR  (SCALE 0-3)   8
DPTR FM NORMAL  -108    PTCLDY (SCALE 4-7)  11
TOTAL FM JUL 1  7279    CLOUDY (SCALE 8-10)  4
DPTR FM NORMAL -1818

[CDD (BASE 65) ]
TOTAL THIS MO.     0
DPTR FM NORMAL     0    [PRESSURE DATA]
TOTAL FM JAN 1     0    HIGHEST SLP M ON M
DPTR FM NORMAL     0    LOWEST  SLP 29.51 ON 12

[REMARKS]
