000
CXUS53 KBIS 190830
CF6N60
PRELIMINARY LOCAL CLIMATOLOGICAL DATA (WS FORM: F-6)

                                          STATION:   GARRISON (AMOS) ND
                                          MONTH:     FEBRUARY
                                          YEAR:      2018
                                          LATITUDE:   47 39 N
                                          LONGITUDE: 101 23 W

  TEMPERATURE IN F:       :PCPN:    SNOW:  WIND      :SUNSHINE: SKY     :PK WND
================================================================================
1   2   3   4   5  6A  6B    7    8   9   10  11  12  13   14  15   16   17  18
                                     12Z  AVG MX 2MIN
DY MAX MIN AVG DEP HDD CDD  WTR  SNW DPTH SPD SPD DIR MIN PSBL S-S WX    SPD DR
================================================================================

 1   3 -12  -4   M  69   0 0.00    M    M  8.8 18 310   M    M   0        21 320
 2  17  -7   5   M  60   0 0.00    M    M  4.9 12  80   M    M   0        15  90
 3   9  -9   0   M  65   0 0.24    M    M 12.8 28 320   M    M   0        32 320
 4   3 -16  -6   M  71   0 0.00    M    M 13.4 23 310   M    M   0        27 310
 5   4 -12  -4   M  69   0 0.00    M    M 12.2 20 310   M    M   0        24 300
 6  10 -19  -4   M  69   0 0.00    M    M  8.5 24 310   M    M   0        29 310
 7   8 -17  -4   M  69   0 0.01    M    M  5.4 13 330   M    M   0        15 290
 8   3 -11  -4   M  69   0 0.00    M    M  5.8 14 330   M    M   0        15  20
 9   2 -14  -6   M  71   0 0.00    M    M 12.7 21 280   M    M   0        26 280
10  11 -14  -1   M  66   0 0.00    M    M 12.2 22 290   M    M   0        27 280
11  14 -15   0   M  65   0 0.00    M    M 13.9 23 340   M    M   0        26 340
12   2 -25 -11   M  76   0 0.00    M    M  6.1 14 180   M    M   0        15 180
13  27  -4  12   M  53   0 0.00    M    M 10.9 22 240   M    M   0        25 240
14  43  19  31   M  34   0 0.00    M    M 10.8 21 280   M    M   0        30 300
15  33  -3  15   M  50   0 0.03    M    M 14.7 25 310   M    M   0        29 310
16  28  -7  11   M  54   0 0.01    M    M 10.3 24 240   M    M   0        30 240
17  21   8  15   M  50   0 0.00    M    M 10.8 23 290   M    M   0        30 290
18  12   2   7   M  58   0 0.26    M    M 10.9 20  20   M    M   0        26  20
================================================================================
SM  250 -156      1118   0  0.55    M    185.1          M        0
================================================================================
AV 13.9 -8.7                              10.3 FASTST   M    M   0    MAX(MPH)
                                 MISC ---->  # 28 320               # 32  320
================================================================================
NOTES:
# LAST OF SEVERAL OCCURRENCES

COLUMN 17 PEAK WIND IN M.P.H.

PRELIMINARY LOCAL CLIMATOLOGICAL DATA (WS FORM: F-6) , PAGE 2

                                          STATION:  GARRISON (AMOS) ND
                                          MONTH:    FEBRUARY
                                          YEAR:     2018
                                          LATITUDE:   47 39 N
                                          LONGITUDE: 101 23 W

[TEMPERATURE DATA]      [PRECIPITATION DATA]       SYMBOLS USED IN COLUMN 16

AVERAGE MONTHLY:  2.6   TOTAL FOR MONTH:   0.55    1 = FOG OR MIST
DPTR FM NORMAL:     M   DPTR FM NORMAL:       M    2 = FOG REDUCING VISIBILITY
HIGHEST:    43 ON 14    GRTST 24HR  0.26 ON 18-18      TO 1/4 MILE OR LESS
LOWEST:    -25 ON 12                               3 = THUNDER
                        SNOW, ICE PELLETS, HAIL    4 = ICE PELLETS
                        TOTAL MONTH:    M          5 = HAIL
                        GRTST 24HR    M  ON   M    6 = FREEZING RAIN OR DRIZZLE
                        GRTST DEPTH:  M  ON   M    7 = DUSTSTORM OR SANDSTORM:
                                                       VSBY 1/2 MILE OR LESS
                                                   8 = SMOKE OR HAZE
[NO. OF DAYS WITH]      [WEATHER - DAYS WITH]      9 = BLOWING SNOW
                                                   X = TORNADO
MAX 32 OR BELOW:  16    0.01 INCH OR MORE:   5
MAX 90 OR ABOVE:   0    0.10 INCH OR MORE:   2
MIN 32 OR BELOW:  18    0.50 INCH OR MORE:   0
MIN  0 OR BELOW:  15    1.00 INCH OR MORE:   0

[HDD (BASE 65) ]
TOTAL THIS MO.  1118    CLEAR  (SCALE 0-3)  18
DPTR FM NORMAL     M    PTCLDY (SCALE 4-7)   0
TOTAL FM JUL 1  6358    CLOUDY (SCALE 8-10)  0
DPTR FM NORMAL     M

[CDD (BASE 65) ]
TOTAL THIS MO.     0
DPTR FM NORMAL     M    [PRESSURE DATA]
TOTAL FM JAN 1     0    HIGHEST SLP M ON M
DPTR FM NORMAL     M    LOWEST  SLP 29.63 ON 14

[REMARKS]
