000
CXUS54 KOUN 220700
CF6OKC
PRELIMINARY LOCAL CLIMATOLOGICAL DATA (WS FORM: F-6)

                                          STATION:   OKLAHOMA CITY
                                          MONTH:     JULY
                                          YEAR:      2017
                                          LATITUDE:   35 24 N
                                          LONGITUDE:  97 36 W

  TEMPERATURE IN F:       :PCPN:    SNOW:  WIND      :SUNSHINE: SKY     :PK WND
================================================================================
1   2   3   4   5  6A  6B    7    8   9   10  11  12  13   14  15   16   17  18
                                     12Z  AVG MX 2MIN
DY MAX MIN AVG DEP HDD CDD  WTR  SNW DPTH SPD SPD DIR MIN PSBL S-S WX    SPD DR
================================================================================

 1  89  69  79  -3   0  14 0.00  0.0    0  7.3 13 150   M    M   6 1      18 150
 2  90  67  79  -3   0  14 0.08  0.0    0  8.8 21  80   M    M   7 13     27  80
 3  94  67  81  -1   0  16 1.12  0.0    0 11.5 41 310   M    M   6 13     50 320
 4  86  66  76  -6   0  11    T  0.0    0  5.1 12 230   M    M   5 18     15 210
 5  90  69  80  -2   0  15 0.06  0.0    0  7.0 16  50   M    M   6 1      19  50
 6  94  69  82   0   0  17 0.00  0.0    0  4.1  9 130   M    M   3        14 160
 7  96  70  83   1   0  18    T  0.0    0  6.2 17 220   M    M   3        21 220
 8  88  70  79  -3   0  14    T  0.0    0  8.1 29 160   M    M   8 3      35 150
 9  92  67  80  -3   0  15 0.00  0.0    0  9.3 17 160   M    M   4        22 160
10  94  69  82  -1   0  17 0.00  0.0    0 12.1 22 170   M    M   1        34 150
11  97  73  85   2   0  20 0.00  0.0    0 13.1 23 190   M    M   1        29 190
12  96  75  86   3   0  21 0.00  0.0    0 13.7 22 190   M    M   1        29 210
13  97  72  85   2   0  20 0.00  0.0    0  9.9 17 200   M    M   2        22 240
14  97  69  83   0   0  18 0.00  0.0    0  6.8 14 120   M    M   6        18 160
15  97  74  86   3   0  21 0.05  0.0    0  9.2 31 280   M    M   7 3      42 310
16  94  70  82  -1   0  17 0.00  0.0    0  5.1 15 110   M    M   6        19 110
17  95  69  82  -1   0  17 0.00  0.0    0  7.9 16 160   M    M   3        22 140
18  97  70  84   1   0  19 0.00  0.0    0 10.7 18 160   M    M   3        23 160
19  99  72  86   2   0  21 0.00  0.0    0 10.5 17 170   M    M   3        23 180
20 101  73  87   3   0  22 0.00  0.0    0 10.8 18 190   M    M   2        24 160
21 102  74  88   4   0  23 0.00  0.0    0 10.6 17 190   M    M   3        24 210
================================================================================
SM 1985 1474         0 370  1.31     0.0 187.8          M       86
================================================================================
AV 94.5 70.2                               8.9 FASTST   M    M   4    MAX(MPH)
                                 MISC ---->  # 41 310               # 50  320
================================================================================
NOTES:
# LAST OF SEVERAL OCCURRENCES

COLUMN 17 PEAK WIND IN M.P.H.

PRELIMINARY LOCAL CLIMATOLOGICAL DATA (WS FORM: F-6) , PAGE 2

                                          STATION:  OKLAHOMA CITY
                                          MONTH:    JULY
                                          YEAR:     2017
                                          LATITUDE:   35 24 N
                                          LONGITUDE:  97 36 W

[TEMPERATURE DATA]      [PRECIPITATION DATA]       SYMBOLS USED IN COLUMN 16

AVERAGE MONTHLY: 82.4   TOTAL FOR MONTH:   1.31    1 = FOG OR MIST
DPTR FM NORMAL:  -0.4   DPTR FM NORMAL:   -0.73    2 = FOG REDUCING VISIBILITY
HIGHEST:   102 ON 21    GRTST 24HR  1.12 ON  3- 3      TO 1/4 MILE OR LESS
LOWEST:     66 ON  4                               3 = THUNDER
                        SNOW, ICE PELLETS, HAIL    4 = ICE PELLETS
                        TOTAL MONTH:   0.0 INCH    5 = HAIL
                        GRTST 24HR     0.0         6 = FREEZING RAIN OR DRIZZLE
                        GRTST DEPTH:   0           7 = DUSTSTORM OR SANDSTORM:
                                                       VSBY 1/2 MILE OR LESS
                                                   8 = SMOKE OR HAZE
[NO. OF DAYS WITH]      [WEATHER - DAYS WITH]      9 = BLOWING SNOW
                                                   X = TORNADO
MAX 32 OR BELOW:   0    0.01 INCH OR MORE:   4
MAX 90 OR ABOVE:  18    0.10 INCH OR MORE:   1
MIN 32 OR BELOW:   0    0.50 INCH OR MORE:   1
MIN  0 OR BELOW:   0    1.00 INCH OR MORE:   1

[HDD (BASE 65) ]
TOTAL THIS MO.     0    CLEAR  (SCALE 0-3)   9
DPTR FM NORMAL     0    PTCLDY (SCALE 4-7)  12
TOTAL FM JUL 1     0    CLOUDY (SCALE 8-10)  0
DPTR FM NORMAL     0

[CDD (BASE 65) ]
TOTAL THIS MO.   370
DPTR FM NORMAL    -2    [PRESSURE DATA]
TOTAL FM JAN 1   985    HIGHEST SLP M ON M
DPTR FM NORMAL   -27    LOWEST  SLP 29.79 ON  3

[REMARKS]
