000
CXUS56 KOTX 220900
CF6OMK
PRELIMINARY LOCAL CLIMATOLOGICAL DATA (WS FORM: F-6)

                                          STATION:   OMAK WA AIRPORT
                                          MONTH:     JUNE
                                          YEAR:      2017
                                          LATITUDE:   48 27 N
                                          LONGITUDE: 119 31 W

  TEMPERATURE IN F:       :PCPN:    SNOW:  WIND      :SUNSHINE: SKY     :PK WND
================================================================================
1   2   3   4   5  6A  6B    7    8   9   10  11  12  13   14  15   16   17  18
                                     12Z  AVG MX 2MIN
DY MAX MIN AVG DEP HDD CDD  WTR  SNW DPTH SPD SPD DIR MIN PSBL S-S WX    SPD DR
================================================================================

 1  73  51  62  -1   3   0 0.01    M    M  6.4 17 200   M    M   3 3      23 200
 2  78  48  63   0   2   0 0.00    M    M  6.8 18 140   M    M   1        23 140
 3  80  47  64   1   1   0 0.00    M    M  6.4 16 210   M    M   0        20 200
 4  75  50  63   0   2   0 0.00    M    M 10.1 20 150   M    M   1        25 150
 5  77  46  62  -1   3   0 0.00    M    M  7.6 14 180   M    M   0        18 180
 6  83  48  66   2   0   1 0.00    M    M  5.8 13 300   M    M   0        16  10
 7  90  49  70   6   0   5 0.00    M    M  7.6 17 360   M    M   0        21  10
 8  75  56  66   2   0   1 0.02    M    M  8.7 28 160   M    M   4        35 170
 9  71  43  57  -7   8   0 0.10    M    M  8.2 20 190   M    M   4        27 210
10  65  44  55  -9  10   0    T    M    M  4.6 18 170   M    M   5 3      23 160
11  75  45  60  -4   5   0 0.00    M    M  4.4 13  10   M    M   3        18 360
12  84  50  67   2   0   2 0.00    M    M  8.6 17  10   M    M   1        21  10
13  78  55  67   2   0   2 0.00    M    M  9.5 17  20   M    M   3        22  20
14  76  46  61  -4   4   0 0.00    M    M  9.2 21 140   M    M   3        26 170
15  66  48  57  -8   8   0 0.11    M    M  8.8 18 180   M    M   7        24 140
16  75  49  62  -4   3   0 0.02    M    M  9.4 17 300   M    M   2        23 300
17  76  44  60  -6   5   0 0.00    M    M  7.9 20 150   M    M   2        25 150
18  78  50  64  -2   1   0 0.00    M    M  5.2 16 360   M    M   6        21 360
19  84  49  67   1   0   2 0.00    M    M  6.0 16  10   M    M   2        22  10
20  88  55  72   6   0   7 0.00    M    M 10.6 23 300   M    M   2        32 290
21  81  44  63  -3   2   0 0.00    M    M  8.2 22  10   M    M   0        27  10
================================================================================
SM 1628 1017        57  20  0.26    M    160.0          M       49
================================================================================
AV 77.5 48.4                               7.6 FASTST   M    M   2    MAX(MPH)
                                 MISC ---->  # 28 160               # 35  170
================================================================================
NOTES:
# LAST OF SEVERAL OCCURRENCES

COLUMN 17 PEAK WIND IN M.P.H.

PRELIMINARY LOCAL CLIMATOLOGICAL DATA (WS FORM: F-6) , PAGE 2

                                          STATION:  OMAK WA AIRPORT
                                          MONTH:    JUNE
                                          YEAR:     2017
                                          LATITUDE:   48 27 N
                                          LONGITUDE: 119 31 W

[TEMPERATURE DATA]      [PRECIPITATION DATA]       SYMBOLS USED IN COLUMN 16

AVERAGE MONTHLY: 63.0   TOTAL FOR MONTH:   0.26    1 = FOG OR MIST
DPTR FM NORMAL:  -1.5   DPTR FM NORMAL:   -0.61    2 = FOG REDUCING VISIBILITY
HIGHEST:    90 ON  7    GRTST 24HR  0.11 ON 15-15      TO 1/4 MILE OR LESS
LOWEST:     43 ON  9                               3 = THUNDER
                        SNOW, ICE PELLETS, HAIL    4 = ICE PELLETS
                        TOTAL MONTH:    M          5 = HAIL
                        GRTST 24HR    M  ON   M    6 = FREEZING RAIN OR DRIZZLE
                        GRTST DEPTH:  M  ON   M    7 = DUSTSTORM OR SANDSTORM:
                                                       VSBY 1/2 MILE OR LESS
                                                   8 = SMOKE OR HAZE
[NO. OF DAYS WITH]      [WEATHER - DAYS WITH]      9 = BLOWING SNOW
                                                   X = TORNADO
MAX 32 OR BELOW:   0    0.01 INCH OR MORE:   5
MAX 90 OR ABOVE:   1    0.10 INCH OR MORE:   2
MIN 32 OR BELOW:   0    0.50 INCH OR MORE:   0
MIN  0 OR BELOW:   0    1.00 INCH OR MORE:   0

[HDD (BASE 65) ]
TOTAL THIS MO.    57    CLEAR  (SCALE 0-3)  14
DPTR FM NORMAL     0    PTCLDY (SCALE 4-7)   7
TOTAL FM JUL 1  6460    CLOUDY (SCALE 8-10)  0
DPTR FM NORMAL   130

[CDD (BASE 65) ]
TOTAL THIS MO.    20
DPTR FM NORMAL   -27    [PRESSURE DATA]
TOTAL FM JAN 1    51    HIGHEST SLP M ON M
DPTR FM NORMAL   -19    LOWEST  SLP 29.52 ON  8

[REMARKS]
