000
CXUS56 KBOI 271002
CF6ONO
PRELIMINARY LOCAL CLIMATOLOGICAL DATA (WS FORM: F-6)

                                          STATION:   ONTARIO OR
                                          MONTH:     MARCH
                                          YEAR:      2015
                                          LATITUDE:   44  1 N
                                          LONGITUDE: 117  1 W

  TEMPERATURE IN F:       :PCPN:    SNOW:  WIND      :SUNSHINE: SKY     :PK WND
================================================================================
1   2   3   4   5  6A  6B    7    8   9   10  11  12  13   14  15   16   17  18
                                     12Z  AVG MX 2MIN
DY MAX MIN AVG DEP HDD CDD  WTR  SNW DPTH SPD SPD DIR MIN PSBL S-S WX    SPD DR
================================================================================

 1  49  23  36  -2  29   0 0.00    M    M  5.0 20 320   M    M   0        25 320
 2  52  23  38  -1  27   0 0.00    M    M  8.5 30 310   M    M   3        36 300
 3  48  32  40   1  25   0 0.00    M    M 16.6 26 320   M    M   1        34 290
 4  50  19  35  -5  30   0 0.00    M    M  3.0 16 310   M    M   0        20 310
 5  56  18  37  -3  28   0 0.00    M    M  2.3  9 150   M    M   0        11 150
 6  63  23  43   3  22   0 0.00    M    M  2.2  8 250   M    M   0         9 240
 7  64  27  46   5  19   0 0.00    M    M  1.8  9 250   M    M   0        10 240
 8  68  26  47   6  18   0 0.00    M    M  3.2 12 260   M    M   0        12 250
 9  69  26  48   6  17   0 0.00    M    M  2.3  8  50   M    M   0        12  60
10  68  27  48   6  17   0 0.00    M    M  3.4  8 240   M    M   0        11 120
11  56  41  49   7  16   0 0.12    M    M  1.6 15 210   M    M   7 1      17 200
12  67  36  52  10  13   0 0.00    M    M  3.1  9 300   M    M   2 12     12 260
13  68  29  49   6  16   0 0.00    M    M  3.4  8 350   M    M   0        11 350
14  60  45  53  10  12   0 0.12    M    M  3.9 13 120   M    M   6        16 120
15  61  49  55  11  10   0 0.00    M    M  3.2 21 240   M    M   4 1      27 240
16  59  48  54  10  11   0    T    M    M  6.4 16 350   M    M   7        20 350
17  64  46  55  11  10   0    T    M    M  6.3 24 310   M    M   5        29 290
18  63  37  50   6  15   0    T    M    M  8.7 18 320   M    M   2        24 300
19  66  30  48   3  17   0 0.00    M    M  2.8 12 100   M    M   0        15 100
20  65  30  48   3  17   0 0.00    M    M  3.8 10 250   M    M   0 8      13 250
21  67  36  52   7  13   0 0.00    M    M  5.4 18 260   M    M   2        23 260
22  70  32  51   6  14   0 0.07    M    M  5.4 37 260   M    M   3 3      53 260
23  58  42  50   4  15   0 0.09    M    M  8.9 25 250   M    M   6 1      30 240
24  57  36  47   1  18   0 0.23    M    M 10.5 28 280   M    M   4 1      36 270
25  56  32  44  -2  21   0 0.00    M    M  2.3  8 320   M    M   5 8      12  10
26  67  32  50   4  15   0 0.00    M    M  3.6  8 240   M    M   0        10  70
================================================================================
SM 1591  845       465   0  0.63    M    127.6          M       57
================================================================================
AV 61.2 32.5                               4.9 FASTST   M    M   2    MAX(MPH)
                                 MISC ---->  # 37 260               # 53  260
================================================================================
NOTES:
# LAST OF SEVERAL OCCURRENCES

COLUMN 17 PEAK WIND IN M.P.H.

PRELIMINARY LOCAL CLIMATOLOGICAL DATA (WS FORM: F-6) , PAGE 2

                                          STATION:  ONTARIO OR
                                          MONTH:    MARCH
                                          YEAR:     2015
                                          LATITUDE:   44  1 N
                                          LONGITUDE: 117  1 W

[TEMPERATURE DATA]      [PRECIPITATION DATA]       SYMBOLS USED IN COLUMN 16

AVERAGE MONTHLY: 46.8   TOTAL FOR MONTH:   0.63    1 = FOG OR MIST
DPTR FM NORMAL:   4.1   DPTR FM NORMAL:   -0.23    2 = FOG REDUCING VISIBILITY
HIGHEST:    70 ON 22    GRTST 24HR  0.23 ON 24-24      TO 1/4 MILE OR LESS
LOWEST:     18 ON  5                               3 = THUNDER
                        SNOW, ICE PELLETS, HAIL    4 = ICE PELLETS
                        TOTAL MONTH:    M          5 = HAIL
                        GRTST 24HR    M  ON   M    6 = FREEZING RAIN OR DRIZZLE
                        GRTST DEPTH:  M  ON   M    7 = DUSTSTORM OR SANDSTORM:
                                                       VSBY 1/2 MILE OR LESS
                                                   8 = SMOKE OR HAZE
[NO. OF DAYS WITH]      [WEATHER - DAYS WITH]      9 = BLOWING SNOW
                                                   X = TORNADO
MAX 32 OR BELOW:   0    0.01 INCH OR MORE:   5
MAX 90 OR ABOVE:   0    0.10 INCH OR MORE:   3
MIN 32 OR BELOW:  16    0.50 INCH OR MORE:   0
MIN  0 OR BELOW:   0    1.00 INCH OR MORE:   0

[HDD (BASE 65) ]
TOTAL THIS MO.   465    CLEAR  (SCALE 0-3)  18
DPTR FM NORMAL  -114    PTCLDY (SCALE 4-7)   8
TOTAL FM JUL 1  4259    CLOUDY (SCALE 8-10)  0
DPTR FM NORMAL  -950

[CDD (BASE 65) ]
TOTAL THIS MO.     0
DPTR FM NORMAL     0    [PRESSURE DATA]
TOTAL FM JAN 1     0    HIGHEST SLP M ON M
DPTR FM NORMAL     0    LOWEST  SLP 29.74 ON  2

[REMARKS]
