000
CXUS56 KSGX 211445
CF6ONT
PRELIMINARY LOCAL CLIMATOLOGICAL DATA (WS FORM: F-6)

                                          STATION:   ONTARIO INTL AIRPORT CA
                                          MONTH:     MAY
                                          YEAR:      2015
                                          LATITUDE:   34  2 N
                                          LONGITUDE: 117 37 W

  TEMPERATURE IN F:       :PCPN:    SNOW:  WIND      :SUNSHINE: SKY     :PK WND
================================================================================
1   2   3   4   5  6A  6B    7    8   9   10  11  12  13   14  15   16   17  18
                                     12Z  AVG MX 2MIN
DY MAX MIN AVG DEP HDD CDD  WTR  SNW DPTH SPD SPD DIR MIN PSBL S-S WX    SPD DR
================================================================================

 1  93  64  79  14   0  14 0.00  0.0    0  6.6 22 270   M    M   7        27 280
 2  90  57  74   9   0   9 0.00  0.0    0  8.8 22 260   M    M   2        28 270
 3  78  55  67   2   0   2 0.00  0.0    0  8.1 21 270   M    M   2 18     26 250
 4  74  54  64  -2   1   0 0.00  0.0    0  8.3 18 260   M    M   5        26 210
 5  70  53  62  -4   3   0 0.00  0.0    0  7.1 20 230   M    M   8        25 240
 6  66  54  60  -6   5   0 0.00  0.0    0  7.9 17 230   M    M   9        23 220
 7  68  49  59  -7   6   0 0.27    M    0 10.9 24 220   M    M   8 1      31 210
 8  62  47  55 -11  10   0 0.18    M    0  7.7 18 230   M    M   8 138    21 230
 9  66  54  60  -6   5   0 0.00  0.0    0  5.8 15 270   M    M   8        20 240
10  81  52  67   1   0   2 0.00  0.0    0  5.9 18 270   M    M   2 18     22 280
11  86  57  72   5   0   7 0.00  0.0    0  6.9 20 280   M    M   7        27 270
12  77  53  65  -2   0   0 0.00  0.0    0  7.9 20 250   M    M   5 18     27 230
13  72  52  62  -5   3   0 0.00  0.0    0  7.1 17 230   M    M   8        23 240
14  64  51  58  -9   7   0 0.45  0.0    0  7.4 23 230   M    M   9 1      30 240
15  66  51  59  -8   6   0 0.03  0.0    0  4.6 16 240   M    M   8        21 230
16  70  52  61  -6   4   0 0.00  0.0    0  5.8 17 210   M    M   8        21 210
17  74  53  64  -3   1   0 0.00  0.0    0  6.5 20 250   M    M   7        25 240
18  70  55  63  -5   2   0 0.00  0.0    0  8.3 18 220   M    M   8        23 220
19  74  54  64  -4   1   0 0.00  0.0    0  7.3 20 220   M    M   5        24 240
20  76  56  66  -2   0   1 0.00  0.0    0  7.7 18 260   M    M   6        24 270
================================================================================
SM 1477 1073        54  35  0.93     0.0 146.6          M      130
================================================================================
AV 73.8 53.7                               7.3 FASTST   M    M   7    MAX(MPH)
                                 MISC ---->  # 24 220               # 31  210
================================================================================
NOTES:
# LAST OF SEVERAL OCCURRENCES

COLUMN 17 PEAK WIND IN M.P.H.

PRELIMINARY LOCAL CLIMATOLOGICAL DATA (WS FORM: F-6) , PAGE 2

                                          STATION:  ONTARIO INTL AIRPORT CA
                                          MONTH:    MAY
                                          YEAR:     2015
                                          LATITUDE:   34  2 N
                                          LONGITUDE: 117 37 W

[TEMPERATURE DATA]      [PRECIPITATION DATA]       SYMBOLS USED IN COLUMN 16

AVERAGE MONTHLY: 63.8   TOTAL FOR MONTH:   0.93    1 = FOG OR MIST
DPTR FM NORMAL:  -2.8   DPTR FM NORMAL:    0.67    2 = FOG REDUCING VISIBILITY
HIGHEST:    93 ON  1    GRTST 24HR  0.48 ON 14-15      TO 1/4 MILE OR LESS
LOWEST:     47 ON  8                               3 = THUNDER
                        SNOW, ICE PELLETS, HAIL    4 = ICE PELLETS
                        TOTAL MONTH:   0.0 INCH    5 = HAIL
                        GRTST 24HR     0.0         6 = FREEZING RAIN OR DRIZZLE
                        GRTST DEPTH:   0           7 = DUSTSTORM OR SANDSTORM:
                                                       VSBY 1/2 MILE OR LESS
                                                   8 = SMOKE OR HAZE
[NO. OF DAYS WITH]      [WEATHER - DAYS WITH]      9 = BLOWING SNOW
                                                   X = TORNADO
MAX 32 OR BELOW:   0    0.01 INCH OR MORE:   4
MAX 90 OR ABOVE:   2    0.10 INCH OR MORE:   3
MIN 32 OR BELOW:   0    0.50 INCH OR MORE:   0
MIN  0 OR BELOW:   0    1.00 INCH OR MORE:   0

[HDD (BASE 65) ]
TOTAL THIS MO.    54    CLEAR  (SCALE 0-3)   3
DPTR FM NORMAL    26    PTCLDY (SCALE 4-7)  13
TOTAL FM JUL 1   767    CLOUDY (SCALE 8-10)  4
DPTR FM NORMAL  -754

[CDD (BASE 65) ]
TOTAL THIS MO.    35
DPTR FM NORMAL   -27    [PRESSURE DATA]
TOTAL FM JAN 1   261    HIGHEST SLP M ON M
DPTR FM NORMAL   140    LOWEST  SLP 29.78 ON M

[REMARKS]
