000
CXUS54 KMRX 291000
CF6OQT
PRELIMINARY LOCAL CLIMATOLOGICAL DATA (WS FORM: F-6)

                                          STATION:   OAK_RIDGE_(ASOS)
                                          MONTH:     MARCH
                                          YEAR:      2015
                                          LATITUDE:   36  1 N
                                          LONGITUDE:  84 14 W

  TEMPERATURE IN F:       :PCPN:    SNOW:  WIND      :SUNSHINE: SKY     :PK WND
================================================================================
1   2   3   4   5  6A  6B    7    8   9   10  11  12  13   14  15   16   17  18
                                     12Z  AVG MX 2MIN
DY MAX MIN AVG DEP HDD CDD  WTR  SNW DPTH SPD SPD DIR MIN PSBL S-S WX    SPD DR
================================================================================

 1  48  37  43  -3  22   0 0.10    M    M  3.7  8 270   M    M  10 1      12 220
 2  49  40  45  -1  20   0 0.16    M    M  5.0 14  70   M    M   3 1      19  70
 3  53  39  46   0  19   0 0.41    M    M  1.8  6 250   M    M  10 1      10 270
 4  69  41  55   8  10   0 0.79    M    M  6.1 16 210   M    M  10 1      27 210
 5  42  20  31 -16  34   0 0.66    M    M  5.5 10  60   M    M   8 16     16  30
 6  42  17  30 -17  35   0 0.00    M    M  3.6  9 200   M    M   1        14  10
 7  58  22  40  -8  25   0 0.00    M    M  2.7 12 200   M    M   0        17 220
 8  67  31  49   1  16   0 0.00    M    M  2.6  9 200   M    M   0        13 200
 9  60  46  53   5  12   0 0.05    M    M  1.0 16 190   M    M   M 1      23 210
10  60  50  55   6  10   0 0.55    M    M  1.6  7 250   M    M  10 1      13 220
11  70  55  63  14   2   0 0.32    M    M  2.0  8  50   M    M   8 1      12  50
12  71  47  59  10   6   0 0.01    M    M  3.9 14  70   M    M   3        18  60
13  60  49  55   5  10   0 0.52    M    M  1.6  7  70   M    M  10 1      10  80
14  59  47  53   3  12   0 0.11    M    M  1.9  8 210   M    M  10 1      12 260
15  71  44  58   8   7   0 0.00    M    M  2.1  9 140   M    M   0 1      13 170
16  81  37  59   9   6   0 0.00    M    M  1.8 12 210   M    M   0 8      16 220
17  79  48  64  13   1   0 0.00    M    M  4.9 20 330   M    M   1        27 330
18  55  44  50  -1  15   0 0.00    M    M  6.0 12  60   M    M   3        17  60
19  52  43  48  -3  17   0 0.36    M    M  3.0  8  70   M    M  10 1      13  40
20  56  48  52   0  13   0 0.04    M    M  3.5 10 210   M    M  10 1      13 210
21  68  48  58   6   7   0 0.00    M    M  1.3  8  80   M    M   4 1      10 150
22  69  49  59   7   6   0 0.01    M    M  1.8  9  60   M    M   3        13  20
23  75  44  60   8   5   0 0.00    M    M  1.7  9 210   M    M   1        14 270
24  75  46  61   8   4   0 0.00    M    M  3.0 13 200   M    M   2        15 180
25  79  59  69  16   0   4 0.00  0.0    0  5.8 16 210   M    M   3        24 230
26  78  46  62   9   3   0 0.57    M    0  5.9 12 190   M    M   9 1      23 190
27  53  37  45  -9  20   0 0.01  0.0    0  5.5 16 340   M    M   M        23 320
28  49  32  41 -13  24   0    T  0.0    0  4.8 12 350   M    M   M        20  10
================================================================================
SM 1748 1166       361   4  4.67     0.0  94.1          M      129
================================================================================
AV 62.4 41.6                               3.4 FASTST   M    M   5    MAX(MPH)
                                 MISC ---->  # 20 330               # 27  210
================================================================================
NOTES:
# LAST OF SEVERAL OCCURRENCES

COLUMN 17 PEAK WIND IN M.P.H.

PRELIMINARY LOCAL CLIMATOLOGICAL DATA (WS FORM: F-6) , PAGE 2

                                          STATION:  OAK_RIDGE_(ASOS)
                                          MONTH:    MARCH
                                          YEAR:     2015
                                          LATITUDE:   36  1 N
                                          LONGITUDE:  84 14 W

[TEMPERATURE DATA]      [PRECIPITATION DATA]       SYMBOLS USED IN COLUMN 16

AVERAGE MONTHLY: 52.0   TOTAL FOR MONTH:   4.67    1 = FOG OR MIST
DPTR FM NORMAL:   2.1   DPTR FM NORMAL:    0.17    2 = FOG REDUCING VISIBILITY
HIGHEST:    81 ON 16    GRTST 24HR  0.79 ON  4- 4      TO 1/4 MILE OR LESS
LOWEST:     17 ON  6                               3 = THUNDER
                        SNOW, ICE PELLETS, HAIL    4 = ICE PELLETS
                        TOTAL MONTH:   0.0 INCH    5 = HAIL
                        GRTST 24HR     0.0         6 = FREEZING RAIN OR DRIZZLE
                        GRTST DEPTH:   0           7 = DUSTSTORM OR SANDSTORM:
                                                       VSBY 1/2 MILE OR LESS
                                                   8 = SMOKE OR HAZE
[NO. OF DAYS WITH]      [WEATHER - DAYS WITH]      9 = BLOWING SNOW
                                                   X = TORNADO
MAX 32 OR BELOW:   0    0.01 INCH OR MORE:  16
MAX 90 OR ABOVE:   0    0.10 INCH OR MORE:  11
MIN 32 OR BELOW:   5    0.50 INCH OR MORE:   5
MIN  0 OR BELOW:   0    1.00 INCH OR MORE:   0

[HDD (BASE 65) ]
TOTAL THIS MO.   361    CLEAR  (SCALE 0-3)  11
DPTR FM NORMAL   -64    PTCLDY (SCALE 4-7)   4
TOTAL FM JUL 1  3525    CLOUDY (SCALE 8-10) 10
DPTR FM NORMAL   138

[CDD (BASE 65) ]
TOTAL THIS MO.     4
DPTR FM NORMAL     4    [PRESSURE DATA]
TOTAL FM JAN 1     4    HIGHEST SLP M ON M
DPTR FM NORMAL     4    LOWEST  SLP 29.71 ON 26

[REMARKS]
