358
CXUS52 KMLB 170628
CF6ORL
PRELIMINARY LOCAL CLIMATOLOGICAL DATA (WS FORM: F-6)

                                          STATION:   ORLANDO EXEC
                                          MONTH:     JANUARY
                                          YEAR:      2017
                                          LATITUDE:   28 32 N
                                          LONGITUDE:  81 20 W

  TEMPERATURE IN F:       :PCPN:    SNOW:  WIND      :SUNSHINE: SKY     :PK WND
================================================================================
1   2   3   4   5  6A  6B    7    8   9   10  11  12  13   14  15   16   17  18
                                     12Z  AVG MX 2MIN
DY MAX MIN AVG DEP HDD CDD  WTR  SNW DPTH SPD SPD DIR MIN PSBL S-S WX    SPD DR
================================================================================

 1  82  56  69   9   0   4 0.00  0.0    0  6.4 16 150   M    M   2 1      20 150
 2  85  60  73  13   0   8 0.00  0.0    0  6.4 16 150   M    M   2 12     22 170
 3  85  70  78  18   0  13 0.00  0.0    0 11.5 22 200   M    M   5        26 210
 4  79  62  71  11   0   6 0.10  0.0    0  8.8 14 300   M    M   5 1       M  M
 5  75  57  66   6   0   1 0.00  0.0    0  5.8 15 230   M    M   1        22 250
 6  79  52  66   6   0   1 0.32  0.0    0  4.5 12 160   M    M   1 13     15 190
 7  73  43  58  -2   7   0 0.56  0.0    0 13.0 21 350   M    M   7 13     29 350
 8  54  35  45 -15  20   0 0.00  0.0    0 13.5 21  20   M    M   3        32 360
 9  67  42  55  -5  10   0 0.00  0.0    0  8.5 15  30   M    M   0        21  10
10  72  48  60   0   5   0    T  0.0    0  5.8 22 120   M    M   5        26 120
11  75  54  65   5   0   0 0.00  0.0    0  5.0 16  80   M    M   5 1      19 100
12  79  55  67   7   0   2 0.00  0.0    0  5.1 20 110   M    M   5 1      22 110
13  77  60  69   9   0   4 0.06  0.0    0  6.4 17  70   M    M   6 18     20  60
14  77  62  70  10   0   5 0.02  0.0    0  5.5 20  90   M    M   7 12     24 100
15  80  59  70  10   0   5 0.00  0.0    0  5.4 13  80   M    M   4 1      18 100
16  80  58  69   9   0   4 0.00  0.0    0  4.9 14 100   M    M   1 1      17 100
================================================================================
SM 1219  873        42  53  1.06     0.0 116.5          M       59
================================================================================
AV 76.2 54.6                               7.3 FASTST   M    M   4    MAX(MPH)
                                 MISC ---->  # 22 200               # 32  360
================================================================================
NOTES:
# LAST OF SEVERAL OCCURRENCES

COLUMN 17 PEAK WIND IN M.P.H.

PRELIMINARY LOCAL CLIMATOLOGICAL DATA (WS FORM: F-6) , PAGE 2

                                          STATION:  ORLANDO EXEC
                                          MONTH:    JANUARY
                                          YEAR:     2017
                                          LATITUDE:   28 32 N
                                          LONGITUDE:  81 20 W

[TEMPERATURE DATA]      [PRECIPITATION DATA]       SYMBOLS USED IN COLUMN 16

AVERAGE MONTHLY: 65.4   TOTAL FOR MONTH:   1.06    1 = FOG OR MIST
DPTR FM NORMAL:   5.4   DPTR FM NORMAL:   -0.54    2 = FOG REDUCING VISIBILITY
HIGHEST:    85 ON  3, 2 GRTST 24HR  0.88 ON  6- 7      TO 1/4 MILE OR LESS
LOWEST:     35 ON  8                               3 = THUNDER
                        SNOW, ICE PELLETS, HAIL    4 = ICE PELLETS
                        TOTAL MONTH:   0.0 INCH    5 = HAIL
                        GRTST 24HR     0.0         6 = FREEZING RAIN OR DRIZZLE
                        GRTST DEPTH:   0           7 = DUSTSTORM OR SANDSTORM:
                                                       VSBY 1/2 MILE OR LESS
                                                   8 = SMOKE OR HAZE
[NO. OF DAYS WITH]      [WEATHER - DAYS WITH]      9 = BLOWING SNOW
                                                   X = TORNADO
MAX 32 OR BELOW:   0    0.01 INCH OR MORE:   5
MAX 90 OR ABOVE:   0    0.10 INCH OR MORE:   3
MIN 32 OR BELOW:   0    0.50 INCH OR MORE:   1
MIN  0 OR BELOW:   0    1.00 INCH OR MORE:   0

[HDD (BASE 65) ]
TOTAL THIS MO.    42    CLEAR  (SCALE 0-3)   6
DPTR FM NORMAL   -64    PTCLDY (SCALE 4-7)  10
TOTAL FM JUL 1    90    CLOUDY (SCALE 8-10)  0
DPTR FM NORMAL  -189

[CDD (BASE 65) ]
TOTAL THIS MO.    53
DPTR FM NORMAL    28    [PRESSURE DATA]
TOTAL FM JAN 1    53    HIGHEST SLP M ON M
DPTR FM NORMAL    28    LOWEST  SLP 29.81 ON  4

[REMARKS]
