000
CXUS56 KMFR 221000
CF6OTH
PRELIMINARY LOCAL CLIMATOLOGICAL DATA (WS FORM: F-6)

                                          STATION:   NORTH BEND OR
                                          MONTH:     MAY
                                          YEAR:      2017
                                          LATITUDE:   43 25 N
                                          LONGITUDE: 124 15 W

  TEMPERATURE IN F:       :PCPN:    SNOW:  WIND      :SUNSHINE: SKY     :PK WND
================================================================================
1   2   3   4   5  6A  6B    7    8   9   10  11  12  13   14  15   16   17  18
                                     12Z  AVG MX 2MIN
DY MAX MIN AVG DEP HDD CDD  WTR  SNW DPTH SPD SPD DIR MIN PSBL S-S WX    SPD DR
================================================================================

 1  57  41  49  -2  16   0 0.04    M    M  4.1  8 260   M    M   7         M  M
 2  61  54  58   7   7   0 0.01    M    M  4.5  9 280   M    M   M         M  M
 3  64  54  59   8   6   0 0.00    M    M  7.0 17 360   M    M   7        24 360
 4  59  52  56   4   9   0 0.01    M    M  5.1  9 290   M    M  10         M  M
 5  57  48  53   1  12   0 0.19    M    M 10.5 18 300   M    M   8        23 300
 6  55  43  49  -3  16   0 0.00    M    M 14.1 25  10   M    M   4        36  10
 7  57  43  50  -2  15   0 0.00    M    M 14.0 29 360   M    M   0        36  10
 8  63  41  52   0  13   0 0.00    M    M  8.1 20 350   M    M   1        28 360
 9  61  45  53   1  12   0 0.00    M    M  9.5 23 360   M    M   5        29 360
10  63  54  59   7   6   0 0.00    M    M  6.8 15 270   M    M   8        16 220
11  61  46  54   2  11   0 1.01    M    M 10.4 20 220   M    M   8 3      32 220
12  57  45  51  -1  14   0 0.85    M    M  9.9 20 230   M    M   8 3      23 230
13  54  46  50  -3  15   0 1.11    M    M  6.7 13 280   M    M  10        17 300
14  57  46  52  -1  13   0 0.10    M    M  6.3 14 360   M    M   7        17 350
15  57  43  50  -3  15   0 0.22    M    M  6.9 12 290   0    0   0         M  M
16  57  48  53   0  12   0 1.00    M    M 12.4 18 330   M    M   8        25 320
17  57  46  52  -1  13   0 0.00    M    M  7.5 16 330   M    M   M         M  M
18  63  43  53   0  12   0 0.00    M    M  5.2 12 330   M    M   M         M  M
19  61  48  55   2  10   0 0.00    M    M  9.6 21 350   M    M   6        27 340
20  61  54  58   4   7   0 0.03    M    M 11.4 20 350   M    M  10        27 360
21  70  52  61   7   4   0 0.00    M    M 11.2 23 350   M    M   3        29 360
================================================================================
SM 1252  992       238   0  4.57    M    181.2            0    110
================================================================================
AV 59.6 47.2                               8.6 FASTST    0   0   6    MAX(MPH)
                                 MISC ---->  # 29 360               # 36   10
================================================================================
NOTES:
# LAST OF SEVERAL OCCURRENCES

COLUMN 17 PEAK WIND IN M.P.H.

PRELIMINARY LOCAL CLIMATOLOGICAL DATA (WS FORM: F-6) , PAGE 2

                                          STATION:  NORTH BEND OR
                                          MONTH:    MAY
                                          YEAR:     2017
                                          LATITUDE:   43 25 N
                                          LONGITUDE: 124 15 W

[TEMPERATURE DATA]      [PRECIPITATION DATA]       SYMBOLS USED IN COLUMN 16

AVERAGE MONTHLY: 53.4   TOTAL FOR MONTH:   4.57    1 = FOG OR MIST
DPTR FM NORMAL:   1.0   DPTR FM NORMAL:    2.23    2 = FOG REDUCING VISIBILITY
HIGHEST:    70 ON 21    GRTST 24HR  1.11 ON 13-13      TO 1/4 MILE OR LESS
LOWEST:     41 ON  8, 1                            3 = THUNDER
                        SNOW, ICE PELLETS, HAIL    4 = ICE PELLETS
                        TOTAL MONTH:    M          5 = HAIL
                        GRTST 24HR    M  ON   M    6 = FREEZING RAIN OR DRIZZLE
                        GRTST DEPTH:  M  ON   M    7 = DUSTSTORM OR SANDSTORM:
                                                       VSBY 1/2 MILE OR LESS
                                                   8 = SMOKE OR HAZE
[NO. OF DAYS WITH]      [WEATHER - DAYS WITH]      9 = BLOWING SNOW
                                                   X = TORNADO
MAX 32 OR BELOW:   0    0.01 INCH OR MORE:  11
MAX 90 OR ABOVE:   0    0.10 INCH OR MORE:   7
MIN 32 OR BELOW:   0    0.50 INCH OR MORE:   4
MIN  0 OR BELOW:   0    1.00 INCH OR MORE:   3

[HDD (BASE 65) ]
TOTAL THIS MO.   238    CLEAR  (SCALE 0-3)   3
DPTR FM NORMAL   -28    PTCLDY (SCALE 4-7)   9
TOTAL FM JUL 1  3854    CLOUDY (SCALE 8-10)  6
DPTR FM NORMAL  -598

[CDD (BASE 65) ]
TOTAL THIS MO.     0
DPTR FM NORMAL     0    [PRESSURE DATA]
TOTAL FM JAN 1     0    HIGHEST SLP M ON M
DPTR FM NORMAL     0    LOWEST  SLP  0.00 ON 15

[REMARKS]
