000
CXUS55 KRIW 190901
CF6P60
PRELIMINARY LOCAL CLIMATOLOGICAL DATA (WS FORM: F-6)

                                          STATION:   LAKE YELLOWSTONE WY
                                          MONTH:     DECEMBER
                                          YEAR:      2014
                                          LATITUDE:   44 32 N
                                          LONGITUDE: 110 25 W

  TEMPERATURE IN F:       :PCPN:    SNOW:  WIND      :SUNSHINE: SKY     :PK WND
================================================================================
1   2   3   4   5  6A  6B    7    8   9   10  11  12  13   14  15   16   17  18
                                     12Z  AVG MX 2MIN
DY MAX MIN AVG DEP HDD CDD  WTR  SNW DPTH SPD SPD DIR MIN PSBL S-S WX    SPD DR
================================================================================

 1  27  -6  11  -5  54   0 0.10    M    M  5.2 16 270   M    M   0        29 290
 2  31   9  20   4  45   0 0.00  0.0    M  3.9 15 270   M    M   0        25 260
 3  30   8  19   3  46   0 0.12    M    M  1.1  6 220   M    M   0         9 220
 4  36  28  32  17  33   0 0.13    M    M  1.6  9 270   M    M   0        16 200
 5  37  28  33  18  32   0 0.04    M    M  1.6  8 280   M    M   0        16 210
 6  34  26  30  15  35   0 0.08    M    M  1.8  9 270   M    M   0        16 200
 7  36  17  27  13  38   0 0.01    M    M  2.1 12 250   M    M   0        20 250
 8  38  21  30  16  35   0 0.00  0.0    M  0.8  6 270   M    M   0        11 190
 9  39  16  28  14  37   0 0.00  0.0    M  0.5  5 280   M    M   0        10 160
10  36  15  26  12  39   0 0.00  0.0    M  0.9  5 300   M    M   0         7  60
11  41  14  28  14  37   0 0.00  0.0    M  2.0  6 300   M    M   0         8 320
12  46  16  31  17  34   0 0.00  0.0    M  1.6  6 280   M    M   0        10 270
13  33  24  29  15  36   0 0.04    M    M  1.2  9 280   M    M   0        15 280
14  24  18  21   8  44   0 0.16    M    M  1.8  9 310   M    M   0        16 310
15  20   3  12  -1  53   0 0.01    M    M  2.2  7 280   M    M   0        11 270
16  27   1  14   1  51   0 0.03    M    M  0.6  6 320   M    M   0         7 320
17  26  16  21   8  44   0 0.04    M    M  0.6  9 280   M    M   0        13 290
18  26  17  22   9  43   0 0.00  0.0    M  2.9  9 270   M    M   0        15 250
================================================================================
SM  587  271       736   0  0.76     0.0  32.4          M        0
================================================================================
AV 32.6 15.1                               1.8 FASTST   M    M   0    MAX(MPH)
                                 MISC ---->  # 16 270               # 29  290
================================================================================
NOTES:
# LAST OF SEVERAL OCCURRENCES

COLUMN 17 PEAK WIND IN M.P.H.

PRELIMINARY LOCAL CLIMATOLOGICAL DATA (WS FORM: F-6) , PAGE 2

                                          STATION:  LAKE YELLOWSTONE WY
                                          MONTH:    DECEMBER
                                          YEAR:     2014
                                          LATITUDE:   44 32 N
                                          LONGITUDE: 110 25 W

[TEMPERATURE DATA]      [PRECIPITATION DATA]       SYMBOLS USED IN COLUMN 16

AVERAGE MONTHLY: 23.8   TOTAL FOR MONTH:   0.76    1 = FOG OR MIST
DPTR FM NORMAL:   9.6   DPTR FM NORMAL:   -0.06    2 = FOG REDUCING VISIBILITY
HIGHEST:    46 ON 12    GRTST 24HR  0.20 ON  3- 4      TO 1/4 MILE OR LESS
LOWEST:     -6 ON  1                               3 = THUNDER
                        SNOW, ICE PELLETS, HAIL    4 = ICE PELLETS
                        TOTAL MONTH:   0.0 INCH    5 = HAIL
                        GRTST 24HR     0.0         6 = FREEZING RAIN OR DRIZZLE
                        GRTST DEPTH:  M  ON   M    7 = DUSTSTORM OR SANDSTORM:
                                                       VSBY 1/2 MILE OR LESS
                                                   8 = SMOKE OR HAZE
[NO. OF DAYS WITH]      [WEATHER - DAYS WITH]      9 = BLOWING SNOW
                                                   X = TORNADO
MAX 32 OR BELOW:   8    0.01 INCH OR MORE:  11
MAX 90 OR ABOVE:   0    0.10 INCH OR MORE:   4
MIN 32 OR BELOW:  18    0.50 INCH OR MORE:   0
MIN  0 OR BELOW:   1    1.00 INCH OR MORE:   0

[HDD (BASE 65) ]
TOTAL THIS MO.   736    CLEAR  (SCALE 0-3)  18
DPTR FM NORMAL  -177    PTCLDY (SCALE 4-7)   0
TOTAL FM JUL 1  4063    CLOUDY (SCALE 8-10)  0
DPTR FM NORMAL  -170

[CDD (BASE 65) ]
TOTAL THIS MO.     0
DPTR FM NORMAL     0    [PRESSURE DATA]
TOTAL FM JAN 1     0    HIGHEST SLP M ON M
DPTR FM NORMAL     0    LOWEST  SLP 29.83 ON 13

[REMARKS]
