000
CXUS54 KLZK 301130
CF6PBF
PRELIMINARY LOCAL CLIMATOLOGICAL DATA (WS FORM: F-6)

                                          STATION:   Pine Bluff
                                          MONTH:     AUGUST
                                          YEAR:      2015
                                          LATITUDE:   34 10 N
                                          LONGITUDE:  91 56 W

  TEMPERATURE IN F:       :PCPN:    SNOW:  WIND      :SUNSHINE: SKY     :PK WND
================================================================================
1   2   3   4   5  6A  6B    7    8   9   10  11  12  13   14  15   16   17  18
                                     12Z  AVG MX 2MIN
DY MAX MIN AVG DEP HDD CDD  WTR  SNW DPTH SPD SPD DIR MIN PSBL S-S WX    SPD DR
================================================================================

 1  96  68  82   0   0  17 0.00  0.0    0  3.9  9  50   M    M   0        12  50
 2  96  67  82   0   0  17 0.00  0.0    0  2.6 10  70   M    M   0        13  80
 3  97  69  83   1   0  18 0.00  0.0    0  2.4 10  70   M    M   0        12  80
 4  98  71  85   3   0  20 0.00  0.0    0  2.1 12 210   M    M   0 1      13 180
 5  98  75  87   5   0  22 0.00  0.0    0  6.8 18 220   M    M   1 3      23 220
 6  98  76  87   5   0  22 0.05  0.0    0  5.8 16 240   M    M   2 3      22 230
 7 100  76  88   6   0  23 0.00  0.0    0  6.8 16 220   M    M   1 1      20 230
 8  97  77  87   5   0  22 0.00  0.0    0  5.8 15  40   M    M   0        20  60
 9  99  74  87   5   0  22 0.00  0.0    0  4.4 12  90   M    M   0 1      15 110
10  93  78  86   4   0  21 0.00  0.0    0  4.6 18 360   M    M   0        24  20
11  97  75  86   4   0  21 0.00  0.0    0  5.5 18  40   M    M   2 8      24 340
12  90  70  80  -2   0  15 0.00  0.0    0  8.3 16 360   M    M   1        22 360
13  88  67  78  -4   0  13 0.00  0.0    0  6.6 13  20   M    M   0 8      18  40
14  89  64  77  -5   0  12 0.00  0.0    0  6.1 14  40   M    M   0 1      20  40
15  92  66  79  -3   0  14 0.00  0.0    0  6.7 17  90   M    M   0        24  90
16  93  68  81   0   0  16 0.00  0.0    0  5.8 14 100   M    M   0 1      17 100
17  91  68  80  -1   0  15 0.00  0.0    0  3.3 16  90   M    M   2        13  90
18  96  69  83   2   0  18 0.01  0.0    0  7.3 18 190   M    M   0        22 200
19  91  69  80  -1   0  15 1.04  0.0    0  8.9 28 330   M    M   6 13     35 330
20  77  66  72  -9   0   7 0.01  0.0    0  5.3 13  30   M    M   7        15  30
21  87  67  77  -4   0  12 0.35  0.0    0  2.8 28 140   M    M   6 123    34 130
22  86  70  78  -3   0  13 0.49  0.0    0  3.4 14 190   M    M   6 123    19 190
23  89  69  79  -2   0  14 0.01  0.0    0  5.6 22 320   M    M   3 1      28 340
24  84  72  78  -2   0  13 0.00  0.0    0  5.8 14  10   M    M   6        19  10
25  85  63  74  -6   0   9 0.00  0.0    0  4.6 13  30   M    M   2        18  10
26  86  61  74  -6   0   9 0.00  0.0    0  4.7 14 360   M    M   0        19  50
27  82  61  72  -8   0   7 0.00  0.0    0  3.8 14  20   M    M   0        20  20
28  86  57  72  -8   0   7 0.00  0.0    0  1.4  8  40   M    M   0 1      11  40
29  91  64  78  -2   0  13 0.00  0.0    0  2.3  9 160   M    M   0 1      12 180
================================================================================
SM 2652 1997         0 447  1.96     0.0 143.4          M       45
================================================================================
AV 91.4 68.9                               4.9 FASTST   M    M   2    MAX(MPH)
                                 MISC ---->  # 28 330               # 35  330
================================================================================
NOTES:
# LAST OF SEVERAL OCCURRENCES

COLUMN 17 PEAK WIND IN M.P.H.

PRELIMINARY LOCAL CLIMATOLOGICAL DATA (WS FORM: F-6) , PAGE 2

                                          STATION:  Pine Bluff
                                          MONTH:    AUGUST
                                          YEAR:     2015
                                          LATITUDE:   34 10 N
                                          LONGITUDE:  91 56 W

[TEMPERATURE DATA]      [PRECIPITATION DATA]       SYMBOLS USED IN COLUMN 16

AVERAGE MONTHLY: 80.2   TOTAL FOR MONTH:   1.96    1 = FOG OR MIST
DPTR FM NORMAL:  -1.2   DPTR FM NORMAL:   -0.39    2 = FOG REDUCING VISIBILITY
HIGHEST:   100 ON  7    GRTST 24HR  1.04 ON 19-19      TO 1/4 MILE OR LESS
LOWEST:     57 ON 28                               3 = THUNDER
                        SNOW, ICE PELLETS, HAIL    4 = ICE PELLETS
                        TOTAL MONTH:   0.0 INCH    5 = HAIL
                        GRTST 24HR     0.0         6 = FREEZING RAIN OR DRIZZLE
                        GRTST DEPTH:   0           7 = DUSTSTORM OR SANDSTORM:
                                                       VSBY 1/2 MILE OR LESS
                                                   8 = SMOKE OR HAZE
[NO. OF DAYS WITH]      [WEATHER - DAYS WITH]      9 = BLOWING SNOW
                                                   X = TORNADO
MAX 32 OR BELOW:   0    0.01 INCH OR MORE:   7
MAX 90 OR ABOVE:  18    0.10 INCH OR MORE:   3
MIN 32 OR BELOW:   0    0.50 INCH OR MORE:   1
MIN  0 OR BELOW:   0    1.00 INCH OR MORE:   1

[HDD (BASE 65) ]
TOTAL THIS MO.     0    CLEAR  (SCALE 0-3)  24
DPTR FM NORMAL     0    PTCLDY (SCALE 4-7)   5
TOTAL FM JUL 1     0    CLOUDY (SCALE 8-10)  0
DPTR FM NORMAL     0

[CDD (BASE 65) ]
TOTAL THIS MO.   447
DPTR FM NORMAL   -26    [PRESSURE DATA]
TOTAL FM JAN 1  1816    HIGHEST SLP M ON M
DPTR FM NORMAL    86    LOWEST  SLP 29.71 ON 18

[REMARKS]
ALL SNOWFALL DATA IS FROM THE PINE BLUFF WATER PLANT SITE
ALL SNOWFALL DATA IS FROM THE PINE BLUFF WATER PLANT SITE
