000
CXUS52 KMFL 221000
CF6PBI
PRELIMINARY LOCAL CLIMATOLOGICAL DATA (WS FORM: F-6)

                                          STATION:   WEST PALM BEACH
                                          MONTH:     JULY
                                          YEAR:      2017
                                          LATITUDE:   26 40 N
                                          LONGITUDE:  80  7 W

  TEMPERATURE IN F:       :PCPN:    SNOW:  WIND      :SUNSHINE: SKY     :PK WND
================================================================================
1   2   3   4   5  6A  6B    7    8   9   10  11  12  13   14  15   16   17  18
                                     12Z  AVG MX 2MIN
DY MAX MIN AVG DEP HDD CDD  WTR  SNW DPTH SPD SPD DIR MIN PSBL S-S WX    SPD DR
================================================================================

 1  91  82  87   5   0  22 0.00  0.0    0 10.5 18  90   M    M   6        22 100
 2  90  76  83   1   0  18    T  0.0    0  8.1 16 110   M    M   6        23 120
 3  91  81  86   4   0  21    T  0.0    0  9.8 15 130   M    M   5 3      22 120
 4  90  79  85   3   0  20 0.02  0.0    0  9.3 17 100   M    M   5        23 100
 5  91  81  86   4   0  21 0.00  0.0    0  9.7 17 100   M    M   4        23 120
 6  92  81  87   5   0  22    T  0.0    0 10.3 17  90   M    M   4        22  90
 7  91  79  85   3   0  20 0.00  0.0    0  6.1 14 130   M    M   6 3      18 130
 8  91  77  84   2   0  19 0.57  0.0    0  3.6 22 130   M    M   6 38     24 130
 9  91  77  84   2   0  19    T  0.0    0  9.3 18 120   M    M   6        24 140
10  91  80  86   4   0  21    T  0.0    0 11.1 20 130   M    M   6 38     25 130
11  91  79  85   3   0  20    T  0.0    0  9.7 20  90   M    M   5 3      25  70
12  90  75  83   1   0  18 1.91  0.0    0  9.1 23 110   M    M   5 1238   28 100
13  90  77  84   1   0  19 0.13  0.0    0 15.0 21 100   M    M   7 13     31 110
14  90  78  84   1   0  19 0.28  0.0    0 12.2 21 110   M    M   5        30 110
15  90  82  86   3   0  21 0.00  0.0    0 10.1 17  80   M    M   5        23  80
16  90  79  85   2   0  20    T  0.0    0  8.0 16 110   M    M   5        22 110
17  91  74  83   0   0  18 0.67  0.0    0  5.6 25 220   M    M   4 13     31 220
18  91  77  84   1   0  19 0.02  0.0    0  4.7 18 130   M    M   6 3      22 130
19  91  78  85   2   0  20 0.03  0.0    0  5.1 25 120   M    M   5 3      33 130
20  89  75  82  -1   0  17 0.29  0.0    0  4.9 20 210   M    M   7 13     26 190
21  91  75  83   0   0  18 1.80  0.0    0  3.7 39 260   M    M   6 3      54 260
================================================================================
SM 1903 1642         0 412  5.72     0.0 175.9          M      114
================================================================================
AV 90.6 78.2                               8.4 FASTST   M    M   5    MAX(MPH)
                                 MISC ---->  # 39 260               # 54  260
================================================================================
NOTES:
# LAST OF SEVERAL OCCURRENCES

COLUMN 17 PEAK WIND IN M.P.H.

PRELIMINARY LOCAL CLIMATOLOGICAL DATA (WS FORM: F-6) , PAGE 2

                                          STATION:  WEST PALM BEACH
                                          MONTH:    JULY
                                          YEAR:     2017
                                          LATITUDE:   26 40 N
                                          LONGITUDE:  80  7 W

[TEMPERATURE DATA]      [PRECIPITATION DATA]       SYMBOLS USED IN COLUMN 16

AVERAGE MONTHLY: 84.4   TOTAL FOR MONTH:   5.72    1 = FOG OR MIST
DPTR FM NORMAL:   2.0   DPTR FM NORMAL:    1.73    2 = FOG REDUCING VISIBILITY
HIGHEST:    92 ON  6    GRTST 24HR  1.91 ON 12-12      TO 1/4 MILE OR LESS
LOWEST:     74 ON 17                               3 = THUNDER
                        SNOW, ICE PELLETS, HAIL    4 = ICE PELLETS
                        TOTAL MONTH:   0.0 INCH    5 = HAIL
                        GRTST 24HR     0.0         6 = FREEZING RAIN OR DRIZZLE
                        GRTST DEPTH:   0           7 = DUSTSTORM OR SANDSTORM:
                                                       VSBY 1/2 MILE OR LESS
                                                   8 = SMOKE OR HAZE
[NO. OF DAYS WITH]      [WEATHER - DAYS WITH]      9 = BLOWING SNOW
                                                   X = TORNADO
MAX 32 OR BELOW:   0    0.01 INCH OR MORE:  10
MAX 90 OR ABOVE:  20    0.10 INCH OR MORE:   7
MIN 32 OR BELOW:   0    0.50 INCH OR MORE:   4
MIN  0 OR BELOW:   0    1.00 INCH OR MORE:   2

[HDD (BASE 65) ]
TOTAL THIS MO.     0    CLEAR  (SCALE 0-3)   0
DPTR FM NORMAL     0    PTCLDY (SCALE 4-7)  21
TOTAL FM JUL 1     0    CLOUDY (SCALE 8-10)  0
DPTR FM NORMAL     0

[CDD (BASE 65) ]
TOTAL THIS MO.   412
DPTR FM NORMAL    45    [PRESSURE DATA]
TOTAL FM JAN 1  2252    HIGHEST SLP M ON M
DPTR FM NORMAL   286    LOWEST  SLP 29.94 ON 16

[REMARKS]
