000
CXUS56 KPDT 250532
CF6PDT
PRELIMINARY LOCAL CLIMATOLOGICAL DATA (WS FORM: F-6)

                                          STATION:   PENDLETON OR
                                          MONTH:     OCTOBER
                                          YEAR:      2014
                                          LATITUDE:   45 40 N
                                          LONGITUDE: 118 51 W

  TEMPERATURE IN F:       :PCPN:    SNOW:  WIND      :SUNSHINE: SKY     :PK WND
================================================================================
1   2   3   4   5  6A  6B    7    8   9   10  11  12  13   14  15   16   17  18
                                     12Z  AVG MX 2MIN
DY MAX MIN AVG DEP HDD CDD  WTR  SNW DPTH SPD SPD DIR MIN PSBL S-S WX    SPD DR
================================================================================

 1  69  42  56  -2   9   0 0.00  0.0    0  7.8 17 280   M    M   2        24 260
 2  69  41  55  -2  10   0 0.00  0.0    0  6.8 12 140   M    M   1        14  30
 3  77  40  59   2   6   0 0.00  0.0    0  6.1 14  60   M    M   0        19  20
 4  81  41  61   5   4   0 0.00  0.0    0  5.5 14 320   M    M   1        17 320
 5  83  51  67  11   0   2 0.00  0.0    0  6.6 14 150   M    M   0        17 300
 6  86  53  70  14   0   5 0.00  0.0    0  7.0 13 160   M    M   0        16 270
 7  85  54  70  15   0   5 0.00  0.0    0  8.1 16 270   M    M   0        20 280
 8  76  52  64   9   1   0 0.00  0.0    0  8.4 17 310   M    M   0        21 320
 9  76  48  62   8   3   0 0.00  0.0    0  8.0 14 140   M    M   0        14 140
10  80  46  63   9   2   0 0.00  0.0    0  9.9 22 240   M    M   0        28 230
11  73  53  63   9   2   0 0.03  0.0    0 19.3 41 260   M    M   6 178    49 270
12  67  50  59   6   6   0 0.00  0.0    0  9.5 21 260   M    M   2        26 260
13  78  47  63  10   2   0 0.00  0.0    0  6.0 16 300   M    M   0        20 310
14  68  50  59   7   6   0 0.02  0.0    0  8.6 25 270   M    M   3        30 270
15  65  44  55   3  10   0 0.06  0.0    0 11.6 33 270   M    M   7 18     41 270
16  68  42  55   3  10   0 0.00  0.0    0  8.5 20  30   M    M   1 8      22  40
17  64  39  52   1  13   0 0.00  0.0    0  6.7 14 350   M    M   3 18     16  20
18  75  48  62  11   3   0    T  0.0    0  4.9 15 330   M    M   5        17 330
19  74  42  58   7   7   0 0.00  0.0    0  6.9 21 290   M    M   0 8      24 310
20  68  39  54   4  11   0 0.18  0.0    0  9.1 30 270   M    M   4 18     35 260
21  63  42  53   3  12   0 0.00  0.0    0  7.6 24 260   M    M   3        31 270
22  68  43  56   6   9   0 0.11  0.0    0 10.0 28 280   M    M   9        40 270
23  60  46  53   4  12   0 0.05  0.0    0  6.0 22 290   M    M   8 1      24 290
================================================================================
SM 1673 1053       138  12  0.45     0.0 188.9          M       55
================================================================================
AV 72.7 45.8                               8.2 FASTST   M    M   2    MAX(MPH)
                                 MISC ---->  # 41 260               # 49  270
================================================================================
NOTES:
# LAST OF SEVERAL OCCURRENCES

COLUMN 17 PEAK WIND IN M.P.H.

PRELIMINARY LOCAL CLIMATOLOGICAL DATA (WS FORM: F-6) , PAGE 2

                                          STATION:  PENDLETON OR
                                          MONTH:    OCTOBER
                                          YEAR:     2014
                                          LATITUDE:   45 40 N
                                          LONGITUDE: 118 51 W

[TEMPERATURE DATA]      [PRECIPITATION DATA]       SYMBOLS USED IN COLUMN 16

AVERAGE MONTHLY: 59.3   TOTAL FOR MONTH:   0.45    1 = FOG OR MIST
DPTR FM NORMAL:   6.0   DPTR FM NORMAL:   -0.22    2 = FOG REDUCING VISIBILITY
HIGHEST:    86 ON  6    GRTST 24HR  0.18 ON 20-20      TO 1/4 MILE OR LESS
LOWEST:     39 ON 20,17                            3 = THUNDER
                        SNOW, ICE PELLETS, HAIL    4 = ICE PELLETS
                        TOTAL MONTH:   0.0 INCH    5 = HAIL
                        GRTST 24HR     0.0         6 = FREEZING RAIN OR DRIZZLE
                        GRTST DEPTH:   0           7 = DUSTSTORM OR SANDSTORM:
                                                       VSBY 1/2 MILE OR LESS
                                                   8 = SMOKE OR HAZE
[NO. OF DAYS WITH]      [WEATHER - DAYS WITH]      9 = BLOWING SNOW
                                                   X = TORNADO
MAX 32 OR BELOW:   0    0.01 INCH OR MORE:   6
MAX 90 OR ABOVE:   0    0.10 INCH OR MORE:   2
MIN 32 OR BELOW:   0    0.50 INCH OR MORE:   0
MIN  0 OR BELOW:   0    1.00 INCH OR MORE:   0

[HDD (BASE 65) ]
TOTAL THIS MO.   138    CLEAR  (SCALE 0-3)  16
DPTR FM NORMAL  -132    PTCLDY (SCALE 4-7)   6
TOTAL FM JUL 1   204    CLOUDY (SCALE 8-10)  1
DPTR FM NORMAL  -200

[CDD (BASE 65) ]
TOTAL THIS MO.    12
DPTR FM NORMAL    12    [PRESSURE DATA]
TOTAL FM JAN 1   839    HIGHEST SLP 30.02 ON 18
DPTR FM NORMAL   205    LOWEST  SLP 29.56 ON 15

[REMARKS]
