000
CXUS54 KEWX 260910
CF6PEZ
PRELIMINARY LOCAL CLIMATOLOGICAL DATA (WS FORM: F-6)

                                          STATION:   PLEASANTON MUNICIPAL AIRPORT
                                          MONTH:     JANUARY
                                          YEAR:      2015
                                          LATITUDE:   28 57 N
                                          LONGITUDE:  98 31 W

  TEMPERATURE IN F:       :PCPN:    SNOW:  WIND      :SUNSHINE: SKY     :PK WND
================================================================================
1   2   3   4   5  6A  6B    7    8   9   10  11  12  13   14  15   16   17  18
                                     12Z  AVG MX 2MIN
DY MAX MIN AVG DEP HDD CDD  WTR  SNW DPTH SPD SPD DIR MIN PSBL S-S WX    SPD DR
================================================================================

 1  41  37  39   M  26   0    M    M    M  5.3  8  30   M    M  10 1       M  M
 2  44  41  43   M  22   0    M    M    M  4.0  9 300   M    M  10 13      M  M
 3  62  38  50   M  15   0    M    M    M  3.9  8 300   M    M   5 1       M  M
 4  58  35  47   M  18   0    M    M    M  5.8 13 360   M    M   0        18 360
 5  52  30  41   M  24   0    M    M    M  3.7 10  30   M    M   0         M  M
 6  68  34  51   M  14   0    M    M    M  1.9  6 110   M    M   0         M  M
 7  59  38  49   M  16   0    M    M    M  8.9 20  20   M    M   5        29  20
 8  44  30  37   M  28   0    M    M    M  5.3 12  10   M    M   6        21  10
 9  41  35  38   M  27   0    M    M    M  7.0 13  10   M    M  10 1      20  20
10  37  34  36   M  29   0    M    M    M  6.7 12  10   M    M  10 13      M  M
11  49  36  43   M  22   0    M    M    M  2.9  6 290   M    M  10 13      M  M
12  59  33  46   M  19   0    M    M    M  6.2 16  30   M    M   7 12     22  30
13  46  40  43   M  22   0    M    M    M  6.3 10 350   M    M  10        16  10
14  42  39  41   M  24   0    M    M    M  4.7  7  30   M    M  10 1       M  M
15  58  40  49   M  16   0    M    M    M  3.5 12 300   M    M   3 1      16 300
16  63  34  49   M  16   0    M    M    M  1.2  7 180   M    M   0         M  M
17  70  35  53   M  12   0    M    M    M  2.6 10 210   M    M   1         M  M
18  71  43  57   M   8   0    M    M    M  3.7  8 130   M    M   0         M  M
19  75  35  55   M  10   0    M    M    M  3.0  8 210   M    M   1         M  M
20  83  37  60   M   5   0    M    M    M  2.6 10 140   M    M   0 1       M  M
21  63  52  58   M   7   0    M    M    M  7.0 12  20   M    M   8 18     18  20
22  64  44  54   M  11   0    M    M    M 11.2 20 360   M    M  10 1      27 360
23  47  35  41   M  24   0    M    M    M  7.8 15 340   M    M   9        21 340
24  62  33  48   M  17   0    M    M    M  4.7 10 260   M    M   0         M  M
25  71  39  55   M  10   0 0.00  0.0    0  4.5 15 270   M    M   0         M  M
================================================================================
SM 1429  927       442   0  0.00     0.0 124.4          M      125
================================================================================
AV 57.2 37.1                               5.0 FASTST   M    M   5    MAX(MPH)
                                 MISC ---->    20   M                 29    M
================================================================================
NOTES:
# LAST OF SEVERAL OCCURRENCES

COLUMN 17 PEAK WIND IN M.P.H.

PRELIMINARY LOCAL CLIMATOLOGICAL DATA (WS FORM: F-6) , PAGE 2

                                          STATION:  PLEASANTON MUNICIPAL AIRPORT
                                          MONTH:    JANUARY
                                          YEAR:     2015
                                          LATITUDE:   28 57 N
                                          LONGITUDE:  98 31 W

[TEMPERATURE DATA]      [PRECIPITATION DATA]       SYMBOLS USED IN COLUMN 16

AVERAGE MONTHLY: 47.1   TOTAL FOR MONTH:   0.00    1 = FOG OR MIST
DPTR FM NORMAL:     M   DPTR FM NORMAL:       M    2 = FOG REDUCING VISIBILITY
HIGHEST:    83 ON 20    GRTST 24HR  0.00 ON 25-25      TO 1/4 MILE OR LESS
LOWEST:     30 ON  8, 5                            3 = THUNDER
                        SNOW, ICE PELLETS, HAIL    4 = ICE PELLETS
                        TOTAL MONTH:   0.0 INCH    5 = HAIL
                        GRTST 24HR     0.0         6 = FREEZING RAIN OR DRIZZLE
                        GRTST DEPTH:   0           7 = DUSTSTORM OR SANDSTORM:
                                                       VSBY 1/2 MILE OR LESS
                                                   8 = SMOKE OR HAZE
[NO. OF DAYS WITH]      [WEATHER - DAYS WITH]      9 = BLOWING SNOW
                                                   X = TORNADO
MAX 32 OR BELOW:   0    0.01 INCH OR MORE:   0
MAX 90 OR ABOVE:   0    0.10 INCH OR MORE:   0
MIN 32 OR BELOW:   2    0.50 INCH OR MORE:   0
MIN  0 OR BELOW:   0    1.00 INCH OR MORE:   0

[HDD (BASE 65) ]
TOTAL THIS MO.   442    CLEAR  (SCALE 0-3)  10
DPTR FM NORMAL     M    PTCLDY (SCALE 4-7)   6
TOTAL FM JUL 1   948    CLOUDY (SCALE 8-10)  9
DPTR FM NORMAL     M

[CDD (BASE 65) ]
TOTAL THIS MO.     0
DPTR FM NORMAL     M    [PRESSURE DATA]
TOTAL FM JAN 1     0    HIGHEST SLP M ON M
DPTR FM NORMAL     M    LOWEST  SLP M ON M

[REMARKS]
