000
CXUS55 KPSR 301005
CF6PHX
PRELIMINARY LOCAL CLIMATOLOGICAL DATA (WS FORM: F-6)

                                          STATION:   PHOENIX AZ
                                          MONTH:     APRIL
                                          YEAR:      2016
                                          LATITUDE:   33 25 N
                                          LONGITUDE: 112  1 W

  TEMPERATURE IN F:       :PCPN:    SNOW:  WIND      :SUNSHINE: SKY     :PK WND
================================================================================
1   2   3   4   5  6A  6B    7    8   9   10  11  12  13   14  15   16   17  18
                                     12Z  AVG MX 2MIN
DY MAX MIN AVG DEP HDD CDD  WTR  SNW DPTH SPD SPD DIR MIN PSBL S-S WX    SPD DR
================================================================================

 1  79  52  66  -3   0   1 0.00  0.0    0  5.0 12 180   M    M   2 8      17 200
 2  83  57  70   1   0   5 0.00  0.0    0  4.9 13 160   M    M   0        17 330
 3  89  59  74   5   0   9 0.00  0.0    0  5.5 13  70   M    M   0        20  80
 4  92  59  76   7   0  11 0.00  0.0    0  5.1 15  90   M    M   4        17 330
 5  92  61  77   7   0  12 0.00  0.0    0  5.3 14 290   M    M   7        17 280
 6  97  65  81  11   0  16 0.00  0.0    0  5.7 18  70   M    M   7        22  60
 7  90  67  79   9   0  14 0.02  0.0    0  6.4 28 210   M    M   9 78     38 210
 8  82  62  72   2   0   7 0.23  0.0    0  9.7 22 270   M    M   7        29 190
 9  83  63  73   2   0   8 0.00  0.0    0  7.2 17 280   M    M   7        22 140
10  73  56  65  -6   0   0 0.26  0.0    0  8.7 28 210   M    M   7 13     34 200
11  77  55  66  -5   0   1 0.00  0.0    0  5.1 12 220   M    M   5        15 190
12  82  59  71  -1   0   6 0.00  0.0    0  3.2 16 230   M    M   4        22 240
13  86  62  74   2   0   9 0.00  0.0    0  4.5 14 270   M    M   2        18 270
14  89  64  77   5   0  12 0.00  0.0    0  8.6 21 280   M    M   3        26 270
15  83  64  74   2   0   9 0.00  0.0    0 16.0 38 290   M    M   1        46 290
16  81  57  69  -4   0   4 0.00  0.0    0  8.0 18 260   M    M   2        23 230
17  82  63  73   0   0   8 0.00  0.0    0  6.5 17 290   M    M   2        27 320
18  86  60  73   0   0   8 0.00  0.0    0  5.5 17 300   M    M   1        24 350
19  90  63  77   3   0  12 0.00  0.0    0  6.5 15  90   M    M   3        22 310
20  94  64  79   5   0  14 0.00  0.0    0  6.5 16 290   M    M   3 8      22 280
21  97  65  81   7   0  16 0.00  0.0    0  5.6 14 140   M    M   6        21 140
22  97  69  83   8   0  18 0.00  0.0    0  7.5 24 280   M    M   6        29 270
23  88  68  78   3   0  13 0.00  0.0    0  9.6 24 290   M    M   4        31 280
24  88  60  74  -1   0   9 0.00  0.0    0  6.6 16 240   M    M   1        20 240
25  81  67  74  -2   0   9 0.00  0.0    0 15.4 35 220   M    M   4        46 230
26  77  57  67  -9   0   2 0.00  0.0    0  7.7 18 270   M    M   3        23 270
27  83  60  72  -4   0   7 0.00  0.0    0  7.6 20 230   M    M   5        24 240
28  76  64  70  -6   0   5 0.00  0.0    0  8.9 23 270   M    M   3        29 270
29  82  64  73  -4   0   8 0.00  0.0    0  8.7 22 230   M    M   6        26 270
================================================================================
SM 2479 1786         0 253  0.51     0.0 211.5          M      114
================================================================================
AV 85.5 61.6                               7.3 FASTST   M    M   4    MAX(MPH)
                                 MISC ---->  # 38 290               # 46  290
================================================================================
NOTES:
# LAST OF SEVERAL OCCURRENCES

COLUMN 17 PEAK WIND IN M.P.H.

PRELIMINARY LOCAL CLIMATOLOGICAL DATA (WS FORM: F-6) , PAGE 2

                                          STATION:  PHOENIX AZ
                                          MONTH:    APRIL
                                          YEAR:     2016
                                          LATITUDE:   33 25 N
                                          LONGITUDE: 112  1 W

[TEMPERATURE DATA]      [PRECIPITATION DATA]       SYMBOLS USED IN COLUMN 16

AVERAGE MONTHLY: 73.5   TOTAL FOR MONTH:   0.51    1 = FOG OR MIST
DPTR FM NORMAL:   1.0   DPTR FM NORMAL:    0.23    2 = FOG REDUCING VISIBILITY
HIGHEST:    97 ON 22,21 GRTST 24HR  0.26 ON 10-10      TO 1/4 MILE OR LESS
LOWEST:     52 ON  1                               3 = THUNDER
                        SNOW, ICE PELLETS, HAIL    4 = ICE PELLETS
                        TOTAL MONTH:   0.0 INCH    5 = HAIL
                        GRTST 24HR     0.0         6 = FREEZING RAIN OR DRIZZLE
                        GRTST DEPTH:   0           7 = DUSTSTORM OR SANDSTORM:
                                                       VSBY 1/2 MILE OR LESS
                                                   8 = SMOKE OR HAZE
[NO. OF DAYS WITH]      [WEATHER - DAYS WITH]      9 = BLOWING SNOW
                                                   X = TORNADO
MAX 32 OR BELOW:   0    0.01 INCH OR MORE:   3
MAX 90 OR ABOVE:   8    0.10 INCH OR MORE:   2
MIN 32 OR BELOW:   0    0.50 INCH OR MORE:   0
MIN  0 OR BELOW:   0    1.00 INCH OR MORE:   0

[HDD (BASE 65) ]
TOTAL THIS MO.     0    CLEAR  (SCALE 0-3)  11
DPTR FM NORMAL   -17    PTCLDY (SCALE 4-7)  17
TOTAL FM JUL 1   829    CLOUDY (SCALE 8-10)  1
DPTR FM NORMAL  -102

[CDD (BASE 65) ]
TOTAL THIS MO.   253
DPTR FM NORMAL    14    [PRESSURE DATA]
TOTAL FM JAN 1   531    HIGHEST SLP M ON M
DPTR FM NORMAL   188    LOWEST  SLP 29.53 ON 15

[REMARKS]
