000
CXUS55 KPSR 281005
CF6PHX
PRELIMINARY LOCAL CLIMATOLOGICAL DATA (WS FORM: F-6)

                                          STATION:   PHOENIX AZ
                                          MONTH:     AUGUST
                                          YEAR:      2014
                                          LATITUDE:   33 25 N
                                          LONGITUDE: 112  1 W

  TEMPERATURE IN F:       :PCPN:    SNOW:  WIND      :SUNSHINE: SKY     :PK WND
================================================================================
1   2   3   4   5  6A  6B    7    8   9   10  11  12  13   14  15   16   17  18
                                     12Z  AVG MX 2MIN
DY MAX MIN AVG DEP HDD CDD  WTR  SNW DPTH SPD SPD DIR MIN PSBL S-S WX    SPD DR
================================================================================

 1  99  81  90  -4   0  25    T  0.0    0  7.2 29 340   M    M   6 3      33 360
 2 102  78  90  -4   0  25    T  0.0    0  9.9 24  20   M    M   8        32  30
 3 103  80  92  -2   0  27    T  0.0    0  7.6 23  90   M    M   6 3      28  90
 4 105  79  92  -2   0  27 0.00  0.0    0  6.1 18 290   M    M   3        23 320
 5 105  83  94   0   0  29 0.00  0.0    0  6.1 16 270   M    M   1        22 300
 6 108  84  96   2   0  31 0.00  0.0    0  5.8 18 300   M    M   1        26 280
 7 105  82  94   0   0  29 0.00  0.0    0  7.2 16 300   M    M   1        24 330
 8 105  85  95   1   0  30 0.00  0.0    0  8.3 22 280   M    M   2        26 280
 9 104  84  94   0   0  29    T  0.0    0  9.2 21 270   M    M   7        24 270
10 104  84  94   0   0  29 0.00  0.0    0  7.9 20 160   M    M   4        26 160
11 109  87  98   4   0  33 0.00  0.0    0  7.1 28  70   M    M   6        33  70
12  98  77  88  -6   0  23 0.44  0.0    0  7.5 30  60   M    M   9 138    36  60
13  95  73  84 -10   0  19 0.11  0.0    0  4.7 15 170   M    M   7 13     18 170
14 102  83  93  -1   0  28 0.00  0.0    0  7.5 24 180   M    M   4        29 180
15 104  83  94   0   0  29 0.00  0.0    0  6.3 18 270   M    M   2        24 290
16 106  87  97   3   0  32 0.00  0.0    0  7.5 18 280   M    M   3        22 280
17 109  88  99   5   0  34    T  0.0    0 10.1 31  60   M    M   4 8      37  60
18  98  83  91  -3   0  26    T  0.0    0  7.3 20 150   M    M   7 3      27 160
19  91  74  83 -11   0  18 0.43  0.0    0  8.3 28 300   M    M   7 138    34 330
20  98  75  87  -6   0  22 0.00  0.0    0  6.7 18 260   M    M   4        25 260
21  90  71  81 -12   0  16 0.19  0.0    0  8.0 31 260   M    M   8 13     40 260
22  93  72  83 -10   0  18 0.00  0.0    0  3.6 13 240   M    M   4        17 270
23  97  76  87  -6   0  22 0.00  0.0    0  5.4 13 260   M    M   3        18 280
24 103  79  91  -2   0  26 0.00  0.0    0  7.2 16 280   M    M   2        22 170
25 101  83  92  -1   0  27 0.00  0.0    0  6.8 23 170   M    M   6        27 170
26 100  80  90  -3   0  25 0.00  0.0    0  7.4 16 140   M    M   4        19 350
27 103  83  93   0   0  28 0.00  0.0    0  7.3 16 280   M    M   3        21 270
================================================================================
SM 2737 2174         0 707  1.17     0.0 194.0          M      122
================================================================================
AV101.4 80.5                               7.2 FASTST   M    M   5    MAX(MPH)
                                 MISC ---->  # 31  60               # 40  260
================================================================================
NOTES:
# LAST OF SEVERAL OCCURRENCES

COLUMN 17 PEAK WIND IN M.P.H.

PRELIMINARY LOCAL CLIMATOLOGICAL DATA (WS FORM: F-6) , PAGE 2

                                          STATION:  PHOENIX AZ
                                          MONTH:    AUGUST
                                          YEAR:     2014
                                          LATITUDE:   33 25 N
                                          LONGITUDE: 112  1 W

[TEMPERATURE DATA]      [PRECIPITATION DATA]       SYMBOLS USED IN COLUMN 16

AVERAGE MONTHLY: 90.9   TOTAL FOR MONTH:   1.17    1 = FOG OR MIST
DPTR FM NORMAL:  -2.8   DPTR FM NORMAL:    0.28    2 = FOG REDUCING VISIBILITY
HIGHEST:   109 ON 17,11 GRTST 24HR  0.51 ON 12-13      TO 1/4 MILE OR LESS
LOWEST:     71 ON 21                               3 = THUNDER
                        SNOW, ICE PELLETS, HAIL    4 = ICE PELLETS
                        TOTAL MONTH:   0.0 INCH    5 = HAIL
                        GRTST 24HR     0.0         6 = FREEZING RAIN OR DRIZZLE
                        GRTST DEPTH:   0           7 = DUSTSTORM OR SANDSTORM:
                                                       VSBY 1/2 MILE OR LESS
                                                   8 = SMOKE OR HAZE
[NO. OF DAYS WITH]      [WEATHER - DAYS WITH]      9 = BLOWING SNOW
                                                   X = TORNADO
MAX 32 OR BELOW:   0    0.01 INCH OR MORE:   4
MAX 90 OR ABOVE:  27    0.10 INCH OR MORE:   4
MIN 32 OR BELOW:   0    0.50 INCH OR MORE:   0
MIN  0 OR BELOW:   0    1.00 INCH OR MORE:   0

[HDD (BASE 65) ]
TOTAL THIS MO.     0    CLEAR  (SCALE 0-3)  10
DPTR FM NORMAL     0    PTCLDY (SCALE 4-7)  16
TOTAL FM JUL 1     0    CLOUDY (SCALE 8-10)  1
DPTR FM NORMAL     0

[CDD (BASE 65) ]
TOTAL THIS MO.   707
DPTR FM NORMAL   -67    [PRESSURE DATA]
TOTAL FM JAN 1  3621    HIGHEST SLP M ON M
DPTR FM NORMAL   263    LOWEST  SLP 29.65 ON 17

[REMARKS]
