000
CXUS55 KPSR 271005
CF6PHX
PRELIMINARY LOCAL CLIMATOLOGICAL DATA (WS FORM: F-6)

                                          STATION:   PHOENIX AZ
                                          MONTH:     FEBRUARY
                                          YEAR:      2015
                                          LATITUDE:   33 25 N
                                          LONGITUDE: 112  1 W

  TEMPERATURE IN F:       :PCPN:    SNOW:  WIND      :SUNSHINE: SKY     :PK WND
================================================================================
1   2   3   4   5  6A  6B    7    8   9   10  11  12  13   14  15   16   17  18
                                     12Z  AVG MX 2MIN
DY MAX MIN AVG DEP HDD CDD  WTR  SNW DPTH SPD SPD DIR MIN PSBL S-S WX    SPD DR
================================================================================

 1  69  50  60   2   5   0 0.00  0.0    0  3.4 10  90   M    M   5 128    12 320
 2  73  48  61   3   4   0 0.00  0.0    0  4.0  9 290   M    M   3        13 320
 3  76  50  63   5   2   0 0.00  0.0    0  4.5 10 110   M    M   5        13 110
 4  77  52  65   7   0   0 0.00  0.0    0  4.6 10 130   M    M   2        14 320
 5  82  52  67   9   0   2 0.00  0.0    0  4.2 12 100   M    M   1        16 100
 6  84  54  69  11   0   4 0.00  0.0    0  3.8 13  90   M    M   1        17  90
 7  81  53  67   8   0   2 0.00  0.0    0  4.1  8 100   M    M   0        11 280
 8  82  55  69  10   0   4 0.00  0.0    0  4.2  9 290   M    M   0        14 300
 9  83  55  69  10   0   4 0.00  0.0    0  4.6 13 120   M    M   0        16 130
10  83  57  70  11   0   5 0.00  0.0    0  5.6 15 280   M    M   0        21 270
11  81  54  68   9   0   3 0.00  0.0    0  5.5 20  70   M    M   1        24  50
12  78  58  68   9   0   3 0.00  0.0    0  7.5 20  70   M    M   2        24  70
13  80  55  68   9   0   3 0.00  0.0    0  5.3 15  50   M    M   1        18  60
14  83  54  69   9   0   4 0.00  0.0    0  2.5  9 110   M    M   5        12  90
15  79  63  71  11   0   6 0.00  0.0    0  6.3 15 290   M    M   7        20 300
16  79  55  67   7   0   2 0.00  0.0    0  6.0 18 290   M    M   2        23 270
17  77  55  66   6   0   1 0.00  0.0    0  6.3 16  70   M    M   1        20  50
18  79  50  65   5   0   0 0.00  0.0    0  5.8 13 100   M    M   3        16 100
19  80  52  66   6   0   1 0.00  0.0    0  4.5  9 100   M    M   7        13 330
20  79  55  67   7   0   2 0.00  0.0    0  4.4 13  90   M    M   8        15 100
21  79  54  67   6   0   2 0.00  0.0    0  5.2 12  80   M    M   7        13  80
22  72  56  64   3   1   0 0.00  0.0    0  6.3 15 310   M    M   7        23 320
23  70  59  65   4   0   0 0.01  0.0    0  7.9 20 270   M    M   7        26 160
24  67  51  59  -2   6   0    T  0.0    0  9.0 29 280   M    M   5        34 290
25  72  47  60  -1   5   0 0.00  0.0    0  6.0 13 100   M    M   2        15 100
26  77  51  64   2   1   0 0.00  0.0    0  6.3 14 290   M    M   4        19 300
================================================================================
SM 2022 1395        24  48  0.01     0.0 137.8          M       86
================================================================================
AV 77.8 53.7                               5.3 FASTST   M    M   3    MAX(MPH)
                                 MISC ---->  # 29 280               # 34  290
================================================================================
NOTES:
# LAST OF SEVERAL OCCURRENCES

COLUMN 17 PEAK WIND IN M.P.H.

PRELIMINARY LOCAL CLIMATOLOGICAL DATA (WS FORM: F-6) , PAGE 2

                                          STATION:  PHOENIX AZ
                                          MONTH:    FEBRUARY
                                          YEAR:     2015
                                          LATITUDE:   33 25 N
                                          LONGITUDE: 112  1 W

[TEMPERATURE DATA]      [PRECIPITATION DATA]       SYMBOLS USED IN COLUMN 16

AVERAGE MONTHLY: 65.7   TOTAL FOR MONTH:   0.01    1 = FOG OR MIST
DPTR FM NORMAL:   6.2   DPTR FM NORMAL:   -0.84    2 = FOG REDUCING VISIBILITY
HIGHEST:    84 ON  6    GRTST 24HR  0.07 ON 31- 1      TO 1/4 MILE OR LESS
LOWEST:     47 ON 25                               3 = THUNDER
                        SNOW, ICE PELLETS, HAIL    4 = ICE PELLETS
                        TOTAL MONTH:   0.0 INCH    5 = HAIL
                        GRTST 24HR     0.0         6 = FREEZING RAIN OR DRIZZLE
                        GRTST DEPTH:   0           7 = DUSTSTORM OR SANDSTORM:
                                                       VSBY 1/2 MILE OR LESS
                                                   8 = SMOKE OR HAZE
[NO. OF DAYS WITH]      [WEATHER - DAYS WITH]      9 = BLOWING SNOW
                                                   X = TORNADO
MAX 32 OR BELOW:   0    0.01 INCH OR MORE:   1
MAX 90 OR ABOVE:   0    0.10 INCH OR MORE:   0
MIN 32 OR BELOW:   0    0.50 INCH OR MORE:   0
MIN  0 OR BELOW:   0    1.00 INCH OR MORE:   0

[HDD (BASE 65) ]
TOTAL THIS MO.    24    CLEAR  (SCALE 0-3)  14
DPTR FM NORMAL  -131    PTCLDY (SCALE 4-7)  12
TOTAL FM JUL 1   494    CLOUDY (SCALE 8-10)  0
DPTR FM NORMAL  -331

[CDD (BASE 65) ]
TOTAL THIS MO.    48
DPTR FM NORMAL    39    [PRESSURE DATA]
TOTAL FM JAN 1    48    HIGHEST SLP M ON M
DPTR FM NORMAL    37    LOWEST  SLP 29.70 ON M

[REMARKS]
