000
CXUS53 KILX 230900
CF6PIA
PRELIMINARY LOCAL CLIMATOLOGICAL DATA (WS FORM: F-6)

                                          STATION:   PEORIA IL
                                          MONTH:     MARCH
                                          YEAR:      2017
                                          LATITUDE:   40 40 N
                                          LONGITUDE:  89 41 W

  TEMPERATURE IN F:       :PCPN:    SNOW:  WIND      :SUNSHINE: SKY     :PK WND
================================================================================
1   2   3   4   5  6A  6B    7    8   9   10  11  12  13   14  15   16   17  18
                                     12Z  AVG MX 2MIN
DY MAX MIN AVG DEP HDD CDD  WTR  SNW DPTH SPD SPD DIR MIN PSBL S-S WX    SPD DR
================================================================================

 1  56  32  44  10  21   0 0.05  0.0    0 15.9 29 280   M    M   9 1      44 270
 2  37  27  32  -3  33   0 0.00  0.0    0  9.6 17 280   M    M   4        25 270
 3  39  20  30  -5  35   0 0.00  0.0    0  6.1 14 190   M    M   2        17 210
 4  57  32  45   9  20   0 0.00  0.0    0 11.0 21 120   M    M   2        31 110
 5  63  40  52  16  13   0    T  0.0    0 15.5 26 190   M    M   7        34 200
 6  66  50  58  21   7   0 0.02  0.0    0 20.8 36 240   M    M   9 138    45 250
 7  66  41  54  17  11   0 0.44  0.0    0 13.1 41 230   M    M   2 13     50 240
 8  58  37  48  11  17   0 0.00  0.0    0 11.1 30 280   M    M   0        40 280
 9  53  34  44   6  21   0 0.00  0.0    0  9.9 16  40   M    M   1        23  10
10  38  27  33  -5  32   0 0.00  0.0    0  9.1 16 360   M    M   3        24 350
11  34  22  28 -11  37   0 0.00  0.0    0  5.3 10  10   M    M   8        14 340
12  38  21  30  -9  35   0    T    T    0  5.7 17 150   M    M   4        23 120
13  33  26  30 -10  35   0 0.37  3.9    3  8.5 15 160   M    M  10 18     20 160
14  27  15  21 -19  44   0    T  0.3    3  8.6 15 350   M    M   4 1      23  10
15  32  13  23 -17  42   0 0.00  0.0    1  5.1 13 290   M    M   0        17 310
16  47  18  33  -8  32   0    T  0.0    0  8.9 21 170   M    M   4        29 170
17  65  39  52  11  13   0 0.04  0.0    0 10.4 20 300   M    M   6 1      29 300
18  45  31  38  -4  27   0 0.00  0.0    0  8.3 18 300   M    M   7        26 300
19  56  27  42   0  23   0 0.00  0.0    0 10.2 21 170   M    M   1 1      28 160
20  65  45  55  13  10   0 0.14  0.0    0  8.5 17 180   M    M   4 38     22 180
21  53  34  44   1  21   0    T  0.0    0  6.4 18  60   M    M   3 1      27 350
22  44  29  37  -6  28   0 0.00  0.0    0 11.6 18  70   M    M   1        26  50
================================================================================
SM 1072  660       557   0  1.06     4.2 219.6          M       91
================================================================================
AV 48.7 30.0                              10.0 FASTST   M    M   4    MAX(MPH)
                                 MISC ---->  # 41 230               # 50  240
================================================================================
NOTES:
# LAST OF SEVERAL OCCURRENCES

COLUMN 17 PEAK WIND IN M.P.H.

PRELIMINARY LOCAL CLIMATOLOGICAL DATA (WS FORM: F-6) , PAGE 2

                                          STATION:  PEORIA IL
                                          MONTH:    MARCH
                                          YEAR:     2017
                                          LATITUDE:   40 40 N
                                          LONGITUDE:  89 41 W

[TEMPERATURE DATA]      [PRECIPITATION DATA]       SYMBOLS USED IN COLUMN 16

AVERAGE MONTHLY: 39.4   TOTAL FOR MONTH:   1.06    1 = FOG OR MIST
DPTR FM NORMAL:   0.5   DPTR FM NORMAL:   -0.85    2 = FOG REDUCING VISIBILITY
HIGHEST:    66 ON  7, 6 GRTST 24HR  0.44 ON  7- 7      TO 1/4 MILE OR LESS
LOWEST:     13 ON 15                               3 = THUNDER
                        SNOW, ICE PELLETS, HAIL    4 = ICE PELLETS
                        TOTAL MONTH:   4.2 INCHES  5 = HAIL
                        GRTST 24HR   3.9 ON   M    6 = FREEZING RAIN OR DRIZZLE
                        GRTST DEPTH:   3 ON 14,13  7 = DUSTSTORM OR SANDSTORM:
                                                       VSBY 1/2 MILE OR LESS
                                                   8 = SMOKE OR HAZE
[NO. OF DAYS WITH]      [WEATHER - DAYS WITH]      9 = BLOWING SNOW
                                                   X = TORNADO
MAX 32 OR BELOW:   2    0.01 INCH OR MORE:   6
MAX 90 OR ABOVE:   0    0.10 INCH OR MORE:   3
MIN 32 OR BELOW:  14    0.50 INCH OR MORE:   0
MIN  0 OR BELOW:   0    1.00 INCH OR MORE:   0

[HDD (BASE 65) ]
TOTAL THIS MO.   557    CLEAR  (SCALE 0-3)   9
DPTR FM NORMAL   -19    PTCLDY (SCALE 4-7)  10
TOTAL FM JUL 1  4164    CLOUDY (SCALE 8-10)  3
DPTR FM NORMAL  -928

[CDD (BASE 65) ]
TOTAL THIS MO.     0
DPTR FM NORMAL     0    [PRESSURE DATA]
TOTAL FM JAN 1     0    HIGHEST SLP M ON M
DPTR FM NORMAL     0    LOWEST  SLP 29.47 ON  1

[REMARKS]
