000
CXUS55 KPIH 271200
CF6PIH

PRELIMINARY LOCAL CLIMATOLOGICAL DATA (WS FORM: F-6)

                                          STATION:   POCATELLO ID
                                          MONTH:     AUGUST
                                          YEAR:      2014
                                          LATITUDE:   42 55 N
                                          LONGITUDE: 112 36 W

  TEMPERATURE IN F:       :PCPN:    SNOW:  WIND      :SUNSHINE: SKY     :PK WND
================================================================================
1   2   3   4   5  6A  6B    7    8   9   10  11  12  13   14  15   16   17  18
                                     12Z  AVG MX 2MIN
DY MAX MIN AVG DEP HDD CDD  WTR  SNW DPTH SPD SPD DIR MIN PSBL S-S WX    SPD DR
================================================================================

 1  93  54  74   3   0   9 0.00  0.0    0  7.0 22 350 656    M   2        27 340
 2  94  48  71   0   0   6 0.00  0.0    0  6.4 14 330 757    M   1        17 330
 3  97  50  74   3   0   9    T  0.0    0  8.3 26 360 700    M   2 38     34 360
 4  77  62  70  -1   0   5 0.30  0.0    0  9.2 23  20 481    M   8 1      28  20
 5  76  61  69  -2   0   4 0.33  0.0    0  3.8 14  80 601    M   8 13     15  80
 6  74  57  66  -5   0   1 0.24  0.0    0  6.6 21 240 516    M   8 13     25 240
 7  78  50  64  -7   1   0 0.13  0.0    0  4.3 20 120 690    M   3 13     24 130
 8  84  51  68  -3   0   3 0.03  0.0    0  5.5 37 310 618    M   2 38     42 320
 9  88  51  70   0   0   5 0.00  0.0    0  4.9 14 290 689    M   1        18 290
10  92  53  73   3   0   8 0.00  0.0    0  5.2 14 320 727    M   1        17 340
11  94  51  73   3   0   8 0.00  0.0    0  4.9 12 240 730    M   2 8      15  20
12  91  59  75   5   0  10 0.01  0.0    0  9.4 31 250 655    M   2 378    45 260
13  84  55  70   0   0   5 0.12  0.0    0  7.2 18 290 612    M   4 13     23 290
14  82  58  70   0   0   5 0.25  0.0    0  7.5 21 130 615    M   6 13     28 130
15  86  53  70   0   0   5 0.00  0.0    0  8.0 21 270 746    M   1        26 270
16  87  49  68  -1   0   3 0.00  0.0    0  9.5 23 240 748    M   0        28 240
17  90  51  71   2   0   6 0.00  0.0    0  5.1 14 220 704    M   0        18 260
18  92  54  73   4   0   8 0.00  0.0    0  6.1 28  30 620    M   3        34  30
19  86  52  69   0   0   4 0.05  0.0    0  9.9 28 360 547    M   4 3      36 340
20  83  51  67  -1   0   2 0.07  0.0    0  7.0 26 200 601    M   2 3      35 200
21  79  56  68   0   0   3 0.12  0.0    0  8.5 25 190 613    M   7        32 200
22  63  52  58 -10   7   0 0.41  0.0    0  8.9 23 210 271    M   7 13     29 200
23  65  48  57 -11   8   0 0.03  0.0    0  8.1 21 260 643    M   7        26 250
24  72  49  61  -6   4   0    T  0.0    0  6.1 18 100 713    M   5        26 120
25  68  47  58  -9   7   0 0.09  0.0    0  6.0 16  20 566    M   4 1      19  20
26  79  46  63  -4   2   0 0.00  0.0    0  5.1 14 240 691    M   3 1      17 230
================================================================================
SM 2154 1368        29 109  2.18     0.0 178.5        16510     93
================================================================================
AV 82.8 52.6                               6.9 FASTST  635   M   4    MAX(MPH)
                                 MISC ---->  # 37 310               # 45  260
================================================================================
NOTES:
# LAST OF SEVERAL OCCURRENCES

COLUMN 17 PEAK WIND IN M.P.H.

PRELIMINARY LOCAL CLIMATOLOGICAL DATA (WS FORM: F-6) , PAGE 2

                                          STATION:  POCATELLO ID
                                          MONTH:    AUGUST
                                          YEAR:     2014
                                          LATITUDE:   42 55 N
                                          LONGITUDE: 112 36 W

[TEMPERATURE DATA]      [PRECIPITATION DATA]       SYMBOLS USED IN COLUMN 16

AVERAGE MONTHLY: 67.7   TOTAL FOR MONTH:   2.18    1 = FOG OR MIST
DPTR FM NORMAL:  -1.8   DPTR FM NORMAL:    1.68    2 = FOG REDUCING VISIBILITY
HIGHEST:    97 ON  3    GRTST 24HR  0.41 ON 22-22      TO 1/4 MILE OR LESS
LOWEST:     46 ON 26                               3 = THUNDER
                        SNOW, ICE PELLETS, HAIL    4 = ICE PELLETS
                        TOTAL MONTH:   0.0 INCH    5 = HAIL
                        GRTST 24HR     0.0         6 = FREEZING RAIN OR DRIZZLE
                        GRTST DEPTH:   0           7 = DUSTSTORM OR SANDSTORM:
                                                       VSBY 1/2 MILE OR LESS
                                                   8 = SMOKE OR HAZE
[NO. OF DAYS WITH]      [WEATHER - DAYS WITH]      9 = BLOWING SNOW
                                                   X = TORNADO
MAX 32 OR BELOW:   0    0.01 INCH OR MORE:  14
MAX 90 OR ABOVE:   8    0.10 INCH OR MORE:   8
MIN 32 OR BELOW:   0    0.50 INCH OR MORE:   0
MIN  0 OR BELOW:   0    1.00 INCH OR MORE:   0

[HDD (BASE 65) ]
TOTAL THIS MO.    29    CLEAR  (SCALE 0-3)  14
DPTR FM NORMAL    16    PTCLDY (SCALE 4-7)  11
TOTAL FM JUL 1    31    CLOUDY (SCALE 8-10)  1
DPTR FM NORMAL    -2

[CDD (BASE 65) ]
TOTAL THIS MO.   109
DPTR FM NORMAL   -22    [PRESSURE DATA]
TOTAL FM JAN 1   376    HIGHEST SLP M ON M
DPTR FM NORMAL    22    LOWEST  SLP 29.68 ON 19

[REMARKS]
