000
CXUS54 KBRO 290900
CF6PIL
PRELIMINARY LOCAL CLIMATOLOGICAL DATA (WS FORM: F-6)

                                          STATION:   BAYVIEW
                                          MONTH:     APRIL
                                          YEAR:      2016
                                          LATITUDE:   26 10 N
                                          LONGITUDE:  97 20 W

  TEMPERATURE IN F:       :PCPN:    SNOW:  WIND      :SUNSHINE: SKY     :PK WND
================================================================================
1   2   3   4   5  6A  6B    7    8   9   10  11  12  13   14  15   16   17  18
                                     12Z  AVG MX 2MIN
DY MAX MIN AVG DEP HDD CDD  WTR  SNW DPTH SPD SPD DIR MIN PSBL S-S WX    SPD DR
================================================================================

 1  80  63  72   0   0   7    T  0.0    0 13.9 31  20   M    M   9 128    42  20
 2  68  53  61 -11   4   0 0.00  0.0    0 10.8 23 350   M    M   6        29 350
 3  76  52  64  -8   1   0 0.00  0.0    0  7.8 15  90   M    M   1        18  80
 4  80  52  66  -7   0   1 0.00  0.0    0  8.1 18 100   M    M   0        23  90
 5  78  59  69  -4   0   4 0.00  0.0    0 10.9 21 110   M    M   0 1      25 100
 6  83  66  75   2   0  10 0.00  0.0    0  9.1 22 170   M    M   0        27 170
 7  80  65  73   0   0   8 0.00  0.0    M  7.6 17 120   M    M   0 2      21 110
 8  79  70  75   2   0  10 0.00  0.0    0 11.3 20 100   M    M   3 1      25  90
 9  81  69  75   1   0  10 0.00  0.0    0 14.7 25 130   M    M   2        32 150
10  86  69  78   4   0  13    T  0.0    0 16.1 26 130   M    M   3 3      34 150
11  84  74  79   5   0  14 0.00  0.0    0 14.1 24 160   M    M  10 18     32 180
12  81  74  78   4   0  13    T  0.0    0  9.8 15  90   M    M   9 18     20 100
13  77  72  75   1   0  10 0.04  0.0    0  9.0 21  10   M    M   8 1      26  20
14  81  66  74   0   0   9 0.00  0.0    0  9.4 16  30   M    M   4        21  30
15  81  60  71  -4   0   6 0.00  0.0    0  9.5 16 130   M    M   5 1      21 110
16  80  74  77   2   0  12    T  0.0    0 13.6 18 110   M    M   9 18     23 110
17  82  75  79   4   0  14    T  0.0    0 14.2 21 110   M    M   9 18     25 120
18  86  69  78   3   0  13 1.84  0.0    0 15.0 40 140   M    M   6 138    50 140
19  84  67  76   1   0  11 0.02  0.0    0  9.1 31 150   M    M   2 1      43 150
20  83  72  78   2   0  13 0.00  0.0    0 10.4 16  90   M    M   5 1      22  90
21  85  72  79   3   0  14    T  0.0    0  9.6 20  90   M    M   4 13     23 100
22  82  71  77   1   0  12 0.00  0.0    0  9.5 20  70   M    M   2 1      25  40
23  82  67  75  -1   0  10    T  0.0    0  9.3 18 120   M    M   2        23 110
24   M   M   M   M   M   M 0.41  0.0    0 10.8 22 170   M    M   7 138    30 170
25  87  75  81   5   0  16 0.00  0.0    M 15.2 23 140   M    M   9 18     28 130
26  87  76  82   5   0  17 0.00  0.0    0 17.3 30 160   M    M   7 18     36 170
27  90  77  84   7   0  19 0.00  0.0    M  9.6 21 320   M    M   3 18     27 320
28  87  77  82   5   0  17 0.00  0.0    0 12.8 23 120   M    M   9 18     30 150
================================================================================
SM 2210 1836         5 283  2.31     0.0 318.5          M      134
================================================================================
AV 81.9 68.0                              11.4 FASTST   M    M   5    MAX(MPH)
                                 MISC ---->  # 40 140               # 50  140
================================================================================
NOTES:
# LAST OF SEVERAL OCCURRENCES

COLUMN 17 PEAK WIND IN M.P.H.

PRELIMINARY LOCAL CLIMATOLOGICAL DATA (WS FORM: F-6) , PAGE 2

                                          STATION:  BAYVIEW
                                          MONTH:    APRIL
                                          YEAR:     2016
                                          LATITUDE:   26 10 N
                                          LONGITUDE:  97 20 W

[TEMPERATURE DATA]      [PRECIPITATION DATA]       SYMBOLS USED IN COLUMN 16

AVERAGE MONTHLY: 74.9   TOTAL FOR MONTH:   2.31    1 = FOG OR MIST
DPTR FM NORMAL:   0.4   DPTR FM NORMAL:    0.95    2 = FOG REDUCING VISIBILITY
HIGHEST:    90 ON 27    GRTST 24HR  1.86 ON 18-19      TO 1/4 MILE OR LESS
LOWEST:     52 ON  4, 3                            3 = THUNDER
                        SNOW, ICE PELLETS, HAIL    4 = ICE PELLETS
                        TOTAL MONTH:   0.0 INCH    5 = HAIL
                        GRTST 24HR     0.0         6 = FREEZING RAIN OR DRIZZLE
                        GRTST DEPTH:   0           7 = DUSTSTORM OR SANDSTORM:
                                                       VSBY 1/2 MILE OR LESS
                                                   8 = SMOKE OR HAZE
[NO. OF DAYS WITH]      [WEATHER - DAYS WITH]      9 = BLOWING SNOW
                                                   X = TORNADO
MAX 32 OR BELOW:   0    0.01 INCH OR MORE:   4
MAX 90 OR ABOVE:   1    0.10 INCH OR MORE:   2
MIN 32 OR BELOW:   0    0.50 INCH OR MORE:   1
MIN  0 OR BELOW:   0    1.00 INCH OR MORE:   1

[HDD (BASE 65) ]
TOTAL THIS MO.     5    CLEAR  (SCALE 0-3)  11
DPTR FM NORMAL    -1    PTCLDY (SCALE 4-7)  10
TOTAL FM JUL 1   383    CLOUDY (SCALE 8-10)  7
DPTR FM NORMAL  -163

[CDD (BASE 65) ]
TOTAL THIS MO.   283
DPTR FM NORMAL     9    [PRESSURE DATA]
TOTAL FM JAN 1   659    HIGHEST SLP M ON M
DPTR FM NORMAL   104    LOWEST  SLP 29.54 ON 27

[REMARKS]
