000
CXUS55 KABR 301400
CF6PIR
PRELIMINARY LOCAL CLIMATOLOGICAL DATA (WS FORM: F-6)

                                          STATION:   PIERRE SD
                                          MONTH:     JUNE
                                          YEAR:      2015
                                          LATITUDE:   44 22 N
                                          LONGITUDE: 100 17 W

  TEMPERATURE IN F:       :PCPN:    SNOW:  WIND      :SUNSHINE: SKY     :PK WND
================================================================================
1   2   3   4   5  6A  6B    7    8   9   10  11  12  13   14  15   16   17  18
                                     12Z  AVG MX 2MIN
DY MAX MIN AVG DEP HDD CDD  WTR  SNW DPTH SPD SPD DIR MIN PSBL S-S WX    SPD DR
================================================================================

 1  84  52  68   5   0   3 0.00  0.0    0 14.0 23 160   M    M   0        33 130
 2  89  63  76  13   0  11 0.19  0.0    0 12.6 24  10   M    M   0 3      30  10
 3  74  56  65   2   0   0 0.01  0.0    0 12.5 26 280   M    M   4        32 280
 4  72  51  62  -2   3   0 0.08  0.0    0  8.1 31  80   M    M   8 1      37  80
 5  79  56  68   4   0   3 0.00  0.0    0  9.2 17 140   M    M   4        21 130
 6  84  61  73   9   0   8 0.01  0.0    0 12.3 25 320   M    M   2        29 320
 7  82  60  71   6   0   6 0.00  0.0    0 10.8 23 250   M    M   2 3      28 310
 8  89  56  73   8   0   8 0.00  0.0    0  9.5 18 270   M    M   0        24 280
 9  96  62  79  14   0  14 0.00  0.0    0 11.9 22  20   M    M   0        26  20
10  76  54  65  -1   0   0 0.23  0.0    0  9.4 20 300   M    M   6 13     23 300
11  74  55  65  -1   0   0 0.11  0.0    0  8.7 16  10   M    M   7 18     21  80
12  78  49  64  -2   1   0 0.00  0.0    0  7.4 17 150   M    M   0        23 150
13  87  57  72   5   0   7 0.00  0.0    0  8.8 18 150   M    M   0        23 170
14  77  56  67   0   0   2 0.60  0.0    0 11.3 44  10   M    M   5 13     55  30
15  77  53  65  -3   0   0 0.00  0.0    0  8.7 20  10   M    M   4        23  10
16  72  56  64  -4   1   0 1.02  0.0    0  9.3 21 150   M    M   8 1      30 150
17  75  54  65  -3   0   0 0.00  0.0    0  6.5 16 300   M    M   5 1      19 320
18  78  58  68  -1   0   3 0.13  0.0    0  6.5 18 150   M    M   2 13     23 150
19  77  59  68  -1   0   3 0.80  0.0    0 13.1 53 320   M    M   6 13     61 320
20  83  61  72   3   0   7 1.27  0.0    0  9.1 30 310   M    M   1 13     36  70
21  84  61  73   3   0   8    T  0.0    0  9.2 22 160   M    M   1 3      26 150
22  76  60  68  -2   0   3 1.65  0.0    0 14.8 60 290   M    M   1 123    80 290
23  79  54  67  -3   0   2 0.03  0.0    0  6.1 14 120   M    M   5        17 120
24  82  59  71   0   0   6 0.03  0.0    0  6.5 24 190   M    M   1        28 190
25  76  61  69  -2   0   4    T  0.0    0  5.0 18 360   M    M   6        24 350
26  80  59  70  -1   0   5 0.00  0.0    0  5.4 13 300   M    M   3        19 320
27  88  58  73   1   0   8    T  0.0    0  7.0 20 290   M    M   1 3      26 290
28  83  62  73   1   0   8 0.00  0.0    0  9.7 20 360   M    M   0        24 360
29  91  56  74   2   0   9 0.00  0.0    0  5.7 16 330   M    M   0 1      22 330
================================================================================
SM 2342 1659         5 128  6.16     0.0 269.1          M       82
================================================================================
AV 80.8 57.2                               9.3 FASTST   M    M   3    MAX(MPH)
                                 MISC ---->  # 60 290               # 80  290
================================================================================
NOTES:
# LAST OF SEVERAL OCCURRENCES

COLUMN 17 PEAK WIND IN M.P.H.

PRELIMINARY LOCAL CLIMATOLOGICAL DATA (WS FORM: F-6) , PAGE 2

                                          STATION:  PIERRE SD
                                          MONTH:    JUNE
                                          YEAR:     2015
                                          LATITUDE:   44 22 N
                                          LONGITUDE: 100 17 W

[TEMPERATURE DATA]      [PRECIPITATION DATA]       SYMBOLS USED IN COLUMN 16

AVERAGE MONTHLY: 69.0   TOTAL FOR MONTH:   6.16    1 = FOG OR MIST
DPTR FM NORMAL:   1.5   DPTR FM NORMAL:    2.68    2 = FOG REDUCING VISIBILITY
HIGHEST:    96 ON  9    GRTST 24HR  2.06 ON 19-20      TO 1/4 MILE OR LESS
LOWEST:     49 ON 12                               3 = THUNDER
                        SNOW, ICE PELLETS, HAIL    4 = ICE PELLETS
                        TOTAL MONTH:   0.0 INCH    5 = HAIL
                        GRTST 24HR     0.0         6 = FREEZING RAIN OR DRIZZLE
                        GRTST DEPTH:   0           7 = DUSTSTORM OR SANDSTORM:
                                                       VSBY 1/2 MILE OR LESS
                                                   8 = SMOKE OR HAZE
[NO. OF DAYS WITH]      [WEATHER - DAYS WITH]      9 = BLOWING SNOW
                                                   X = TORNADO
MAX 32 OR BELOW:   0    0.01 INCH OR MORE:  14
MAX 90 OR ABOVE:   2    0.10 INCH OR MORE:   9
MIN 32 OR BELOW:   0    0.50 INCH OR MORE:   5
MIN  0 OR BELOW:   0    1.00 INCH OR MORE:   3

[HDD (BASE 65) ]
TOTAL THIS MO.     5    CLEAR  (SCALE 0-3)  17
DPTR FM NORMAL   -50    PTCLDY (SCALE 4-7)  12
TOTAL FM JUL 1  7019    CLOUDY (SCALE 8-10)  0
DPTR FM NORMAL  -273

[CDD (BASE 65) ]
TOTAL THIS MO.   128
DPTR FM NORMAL     2    [PRESSURE DATA]
TOTAL FM JAN 1   142    HIGHEST SLP M ON M
DPTR FM NORMAL   -16    LOWEST  SLP 29.49 ON 20

[REMARKS]
