000
CXUS55 KABR 201400
CF6PIR
PRELIMINARY LOCAL CLIMATOLOGICAL DATA (WS FORM: F-6)

                                          STATION:   PIERRE SD
                                          MONTH:     OCTOBER
                                          YEAR:      2014
                                          LATITUDE:   44 22 N
                                          LONGITUDE: 100 17 W

  TEMPERATURE IN F:       :PCPN:    SNOW:  WIND      :SUNSHINE: SKY     :PK WND
================================================================================
1   2   3   4   5  6A  6B    7    8   9   10  11  12  13   14  15   16   17  18
                                     12Z  AVG MX 2MIN
DY MAX MIN AVG DEP HDD CDD  WTR  SNW DPTH SPD SPD DIR MIN PSBL S-S WX    SPD DR
================================================================================

 1  71  49  60   5   5   0    T  0.0    0 11.5 24 320   M    M   3        29 320
 2  70  43  57   2   8   0 0.01    M    0 14.5 38 320   M    M   3        47 320
 3  51  31  41 -13  24   0    T    M    0 23.7 43 310   M    M   6        51 310
 4  56  30  43 -11  22   0    T  0.0    0  5.5 12 320   M    M   5        14 320
 5  66  34  50  -4  15   0 0.02  0.0    0 14.3 28 330   M    M   4 3      35 330
 6  63  48  56   3   9   0    T  0.0    0 13.0 30 320   M    M   6        37 320
 7  65  41  53   0  12   0 0.00  0.0    0 16.9 31 320   M    M   2        39 320
 8  65  37  51  -1  14   0    T  0.0    0  9.5 21  70   M    M   4        24  60
 9  61  36  49  -3  16   0 0.00  0.0    0  8.2 16  90   M    M   6        19  90
10  61  27  44  -7  21   0 0.00  0.0    0  5.7 13  80   M    M   1        15 110
11  75  42  59   8   6   0 0.00  0.0    0 16.2 28 180   M    M   0        35 180
12  64  48  56   6   9   0 0.15  0.0    0 14.2 29 330   M    M   5 1      36 340
13  66  37  52   2  13   0 0.00  0.0    0 13.8 24 330   M    M   1        30 320
14  69  33  51   1  14   0 0.00  0.0    0  5.4 12 140   M    M   0        13 140
15  86  44  65  16   0   0 0.00  0.0    0 13.7 28 160   M    M   0        33 150
16  69  52  61  12   4   0 0.00  0.0    0 24.3 38 320   M    M   1        46 290
17  57  34  46  -2  19   0 0.00    M    0 14.5 28 330   M    M   7        32 330
18  65  26  46  -2  19   0 0.00  0.0    0 10.9 25 140   M    M   3 12     33 130
19  77  40  59  12   6   0 0.00  0.0    0  9.2 23 330   M    M   0        28 340
================================================================================
SM 1257  732       236   0  0.18     0.0 245.0          M       57
================================================================================
AV 66.2 38.5                              12.9 FASTST   M    M   3    MAX(MPH)
                                 MISC ---->  # 43 310               # 51  310
================================================================================
NOTES:
# LAST OF SEVERAL OCCURRENCES

COLUMN 17 PEAK WIND IN M.P.H.

PRELIMINARY LOCAL CLIMATOLOGICAL DATA (WS FORM: F-6) , PAGE 2

                                          STATION:  PIERRE SD
                                          MONTH:    OCTOBER
                                          YEAR:     2014
                                          LATITUDE:   44 22 N
                                          LONGITUDE: 100 17 W

[TEMPERATURE DATA]      [PRECIPITATION DATA]       SYMBOLS USED IN COLUMN 16

AVERAGE MONTHLY: 52.3   TOTAL FOR MONTH:   0.18    1 = FOG OR MIST
DPTR FM NORMAL:   1.0   DPTR FM NORMAL:   -0.98    2 = FOG REDUCING VISIBILITY
HIGHEST:    86 ON 15    GRTST 24HR  0.15 ON 12-12      TO 1/4 MILE OR LESS
LOWEST:     26 ON 18                               3 = THUNDER
                        SNOW, ICE PELLETS, HAIL    4 = ICE PELLETS
                        TOTAL MONTH:   0.0 INCH    5 = HAIL
                        GRTST 24HR     0.0         6 = FREEZING RAIN OR DRIZZLE
                        GRTST DEPTH:   0           7 = DUSTSTORM OR SANDSTORM:
                                                       VSBY 1/2 MILE OR LESS
                                                   8 = SMOKE OR HAZE
[NO. OF DAYS WITH]      [WEATHER - DAYS WITH]      9 = BLOWING SNOW
                                                   X = TORNADO
MAX 32 OR BELOW:   0    0.01 INCH OR MORE:   3
MAX 90 OR ABOVE:   0    0.10 INCH OR MORE:   1
MIN 32 OR BELOW:   4    0.50 INCH OR MORE:   0
MIN  0 OR BELOW:   0    1.00 INCH OR MORE:   0

[HDD (BASE 65) ]
TOTAL THIS MO.   236    CLEAR  (SCALE 0-3)  11
DPTR FM NORMAL   -28    PTCLDY (SCALE 4-7)   8
TOTAL FM JUL 1   391    CLOUDY (SCALE 8-10)  0
DPTR FM NORMAL   -44

[CDD (BASE 65) ]
TOTAL THIS MO.     0
DPTR FM NORMAL    -2    [PRESSURE DATA]
TOTAL FM JAN 1   620    HIGHEST SLP M ON M
DPTR FM NORMAL  -245    LOWEST  SLP 29.50 ON  6

[REMARKS]
