000
CXUS51 KPBZ 310904
CF6PIT
PRELIMINARY LOCAL CLIMATOLOGICAL DATA (WS FORM: F-6)

                                          STATION:   PITTSBURGH PA
                                          MONTH:     OCTOBER
                                          YEAR:      2014
                                          LATITUDE:   40 30 N
                                          LONGITUDE:  80 13 W

  TEMPERATURE IN F:       :PCPN:    SNOW:  WIND      :SUNSHINE: SKY     :PK WND
================================================================================
1   2   3   4   5  6A  6B    7    8   9   10  11  12  13   14  15   16   17  18
                                     12Z  AVG MX 2MIN
DY MAX MIN AVG DEP HDD CDD  WTR  SNW DPTH SPD SPD DIR MIN PSBL S-S WX    SPD DR
================================================================================

 1  66  53  60   2   5   0    T  0.0    0  1.8  7 270   M    M   7 12      9  10
 2  77  50  64   6   1   0 0.00  0.0    0  3.7 10 150   M    M   5 12     14 160
 3  76  55  66   9   0   1 0.47  0.0    0  9.2 25 300   M    M   7 1      30 300
 4  55  37  46 -11  19   0 0.05    T    0  9.8 25 260   M    M   8 15     42 260
 5  52  40  46 -10  19   0    T  0.0    0  7.9 15 230   M    M   8        21 250
 6  65  46  56   0   9   0 0.23    M    0  8.4 20 250   M    M   8 1      27 240
 7  66  49  58   2   7   0 0.13    M    0  9.7 21 230   M    M   7 18     31 240
 8  63  47  55   0  10   0 0.00  0.0    0  9.9 24 280   M    M   6        31 260
 9  60  43  52  -3  13   0 0.00  0.0    0  5.9 17 230   M    M   5        22 230
10  59  43  51  -3  14   0 0.00  0.0    0  4.4 13  40   M    M  10 128    17 350
11  59  44  52  -2  13   0 0.00  0.0    0  8.9 16 330   M    M   8        23 330
12  64  37  51  -3  14   0 0.00  0.0    0  6.9 16 120   M    M   7        21 120
13  72  54  63   9   2   0 0.01  0.0    0  6.7 13 200   M    M   7        18 190
14  79  57  68  15   0   3 0.28  0.0    0 12.2 28 280   M    M   8 1      40 150
15  65  53  59   6   6   0 0.35  0.0    0  4.5 12 150   M    M   9 1      16 150
16  59  51  55   2  10   0 0.01  0.0    0  4.3 12 230   M    M   9 1      15 260
17  69  52  61   9   4   0    T  0.0    0 10.7 22 210   M    M   8 1      28 200
18  61  44  53   1  12   0 0.05  0.0    0 14.9 24 340   M    M   9 1      33 310
19  53  40  47  -5  18   0    T  0.0    0  8.0 21 330   M    M   8        26 330
20  57  42  50  -1  15   0 0.01  0.0    0  7.1 16 200   M    M  10        23 200
21  54  47  51   0  14   0 0.08  0.0    0  9.5 22 330   M    M   9 1      25 320
22  50  44  47  -4  18   0 0.03  0.0    0 11.9 18 350   M    M   9 1      25 340
23  61  42  52   2  13   0 0.00  0.0    0 10.8 21 330   M    M   5        28 320
24  61  36  49  -1  16   0 0.00  0.0    0  3.4 13 280   M    M   5        16 270
25  66  44  55   5  10   0 0.00  0.0    0 10.4 24 300   M    M   6        31 280
26  62  39  51   1  14   0 0.00  0.0    0  9.6 23 290   M    M   0        28 320
27  73  33  53   4  12   0 0.00  0.0    0  3.9 13 160   M    M   4        17 170
28  77  53  65  16   0   0 0.06  0.0    0 12.8 26 210   M    M   9 1      39 210
29  57  41  49   0  16   0 0.00  0.0    0  9.2 21 280   M    M   7        27 280
30  50  36  43  -5  22   0 0.00  0.0    0  3.5 13 280   M    M   7        14 360
================================================================================
SM 1888 1352       326   4  1.76    T    239.9          M      215
================================================================================
AV 62.9 45.1                               8.0 FASTST   M    M   7    MAX(MPH)
                                 MISC ---->  # 28 280               # 42  260
================================================================================
NOTES:
# LAST OF SEVERAL OCCURRENCES

COLUMN 17 PEAK WIND IN M.P.H.

PRELIMINARY LOCAL CLIMATOLOGICAL DATA (WS FORM: F-6) , PAGE 2

                                          STATION:  PITTSBURGH PA
                                          MONTH:    OCTOBER
                                          YEAR:     2014
                                          LATITUDE:   40 30 N
                                          LONGITUDE:  80 13 W

[TEMPERATURE DATA]      [PRECIPITATION DATA]       SYMBOLS USED IN COLUMN 16

AVERAGE MONTHLY: 54.0   TOTAL FOR MONTH:   1.76    1 = FOG OR MIST
DPTR FM NORMAL:   1.1   DPTR FM NORMAL:   -0.44    2 = FOG REDUCING VISIBILITY
HIGHEST:    79 ON 14    GRTST 24HR  0.63 ON 14-15      TO 1/4 MILE OR LESS
LOWEST:     33 ON 27                               3 = THUNDER
                        SNOW, ICE PELLETS, HAIL    4 = ICE PELLETS
                        TOTAL MONTH:    T          5 = HAIL
                        GRTST 24HR    T  ON  4- 4  6 = FREEZING RAIN OR DRIZZLE
                        GRTST DEPTH:   0           7 = DUSTSTORM OR SANDSTORM:
                                                       VSBY 1/2 MILE OR LESS
                                                   8 = SMOKE OR HAZE
[NO. OF DAYS WITH]      [WEATHER - DAYS WITH]      9 = BLOWING SNOW
                                                   X = TORNADO
MAX 32 OR BELOW:   0    0.01 INCH OR MORE:  13
MAX 90 OR ABOVE:   0    0.10 INCH OR MORE:   5
MIN 32 OR BELOW:   0    0.50 INCH OR MORE:   0
MIN  0 OR BELOW:   0    1.00 INCH OR MORE:   0

[HDD (BASE 65) ]
TOTAL THIS MO.   326    CLEAR  (SCALE 0-3)   1
DPTR FM NORMAL   -46    PTCLDY (SCALE 4-7)  17
TOTAL FM JUL 1   439    CLOUDY (SCALE 8-10) 12
DPTR FM NORMAL   -47

[CDD (BASE 65) ]
TOTAL THIS MO.     4
DPTR FM NORMAL    -2    [PRESSURE DATA]
TOTAL FM JAN 1   700    HIGHEST SLP M ON M
DPTR FM NORMAL   -34    LOWEST  SLP 28.78 ON 30

[REMARKS]
