000
CXUS51 KPBZ 010904
CF6PIT
PRELIMINARY LOCAL CLIMATOLOGICAL DATA (WS FORM: F-6)

                                          STATION:   PITTSBURGH PA
                                          MONTH:     FEBRUARY
                                          YEAR:      2015
                                          LATITUDE:   40 30 N
                                          LONGITUDE:  80 13 W

  TEMPERATURE IN F:       :PCPN:    SNOW:  WIND      :SUNSHINE: SKY     :PK WND
================================================================================
1   2   3   4   5  6A  6B    7    8   9   10  11  12  13   14  15   16   17  18
                                     12Z  AVG MX 2MIN
DY MAX MIN AVG DEP HDD CDD  WTR  SNW DPTH SPD SPD DIR MIN PSBL S-S WX    SPD DR
================================================================================

 1  37  26  32   3  33   0 0.52  2.3    7  5.9 16 140   M    M  10 1468   23 150
 2  39  11  25  -4  40   0 0.13  0.4    5 15.2 31 280   M    M  10 12     38 280
 3  27   7  17 -12  48   0    T    T    5  7.6 17 250   M    M   8        24 230
 4  42  25  34   5  31   0 0.07  0.7    5  8.5 23 340   M    M   9 18     30 330
 5  25   6  16 -14  49   0 0.02  0.4    0 11.7 22 330   M    M   5        29 340
 6  28   5  17 -13  48   0 0.00  0.0    0  8.6 21 280   M    M   7        27 280
 7  47  24  36   6  29   0 0.00  0.0    3  5.8 17 210   M    M   9        24 200
 8  53  36  45  15  20   0 0.05  0.0    2  6.2 17 230   M    M  10 18     24 240
 9  45  20  33   3  32   0 0.02    T    0 10.4 17 330   M    M   9 12     25 360
10  32  19  26  -4  39   0    T    T    0  7.9 15 340   M    M   6        21 350
11  37  16  27  -3  38   0 0.01    T    0  4.5 15 260   M    M   7 18     20 260
12  33   5  19 -11  46   0 0.02  0.4    T 17.5 29 300   M    M   9 1      36 300
13  20   1  11 -20  54   0    T  0.1    T  8.0 16 230   M    M   3        21 220
14  30   3  17 -14  48   0 0.18  3.5    T 16.0 38 320   M    M   9 19     49 320
15   6  -4   1 -30  64   0    T    T    0 15.5 28 310   M    M   6 9      34 310
16  10  -6   2 -29  63   0 0.03  0.6    1  4.1 13  60   M    M   9 18     16  90
17  20   2  11 -20  54   0    T  0.2    2  6.7 15 210   M    M   7 1      19 240
18  20   6  13 -19  52   0 0.08  2.5    2 10.4 29 300   M    M   9 19     33 300
19   7  -4   2 -30  63   0    T  0.1    4 13.6 28 290   M    M   6 8      35 280
20  12 -10   1 -31  64   0    T  0.2    4  5.8 15 200   M    M   3        19 230
21  34  10  22 -10  43   0 0.42  3.6    4  6.2 10 140   M    M  10 126    14 140
22  33  22  28  -4  37   0    T    T    6  8.0 20 350   M    M   9 168    24 360
23  22  -1  11 -22  54   0    T    T    5 10.7 22 330   M    M   4        26 340
24  27  -9   9 -24  56   0    T    T    4  7.7 22 270   M    M   6 8      32 280
25  33  21  27  -6  38   0    T    T    4  9.6 21 290   M    M   7        24 290
26  22  10  16 -18  49   0    T  0.4    3 10.4 16 330   M    M  10 18     20 330
27  17   2  10 -24  55   0 0.00  0.0    4  6.5 15 300   M    M   3 18     20 340
28  27  -1  13 -21  52   0 0.00  0.0    4  3.3  9  80   M    M   5 8      12 120
================================================================================
SM  785  242      1299   0  1.55    15.4 252.3          M      205
================================================================================
AV 28.0  8.6                               9.0 FASTST   M    M   7    MAX(MPH)
                                 MISC ---->  # 38 320               # 49  320
================================================================================
NOTES:
# LAST OF SEVERAL OCCURRENCES

COLUMN 17 PEAK WIND IN M.P.H.

PRELIMINARY LOCAL CLIMATOLOGICAL DATA (WS FORM: F-6) , PAGE 2

                                          STATION:  PITTSBURGH PA
                                          MONTH:    FEBRUARY
                                          YEAR:     2015
                                          LATITUDE:   40 30 N
                                          LONGITUDE:  80 13 W

[TEMPERATURE DATA]      [PRECIPITATION DATA]       SYMBOLS USED IN COLUMN 16

AVERAGE MONTHLY: 18.3   TOTAL FOR MONTH:   1.55    1 = FOG OR MIST
DPTR FM NORMAL: -12.8   DPTR FM NORMAL:   -0.84    2 = FOG REDUCING VISIBILITY
HIGHEST:    53 ON  8    GRTST 24HR  0.60 ON  1- 2      TO 1/4 MILE OR LESS
LOWEST:    -10 ON 20                               3 = THUNDER
                        SNOW, ICE PELLETS, HAIL    4 = ICE PELLETS
                        TOTAL MONTH:  15.4 INCHES  5 = HAIL
                        GRTST 24HR   3.6 ON   M    6 = FREEZING RAIN OR DRIZZLE
                        GRTST DEPTH:   7 ON  1     7 = DUSTSTORM OR SANDSTORM:
                                                       VSBY 1/2 MILE OR LESS
                                                   8 = SMOKE OR HAZE
[NO. OF DAYS WITH]      [WEATHER - DAYS WITH]      9 = BLOWING SNOW
                                                   X = TORNADO
MAX 32 OR BELOW:  17    0.01 INCH OR MORE:  12
MAX 90 OR ABOVE:   0    0.10 INCH OR MORE:   4
MIN 32 OR BELOW:  27    0.50 INCH OR MORE:   1
MIN  0 OR BELOW:   7    1.00 INCH OR MORE:   0

[HDD (BASE 65) ]
TOTAL THIS MO.  1299    CLEAR  (SCALE 0-3)   2
DPTR FM NORMAL   351    PTCLDY (SCALE 4-7)  13
TOTAL FM JUL 1  4668    CLOUDY (SCALE 8-10) 13
DPTR FM NORMAL   411

[CDD (BASE 65) ]
TOTAL THIS MO.     0
DPTR FM NORMAL     0    [PRESSURE DATA]
TOTAL FM JAN 1     0    HIGHEST SLP 30.85 ON 28
DPTR FM NORMAL     0    LOWEST  SLP 29.43 ON  2

[REMARKS]
#FINAL-02-15#
