000
CXUS53 KAPX 240631
CF6PLN
PRELIMINARY LOCAL CLIMATOLOGICAL DATA (WS FORM: F-6)

                                          STATION:   PELLSTON
                                          MONTH:     APRIL
                                          YEAR:      2014
                                          LATITUDE:   45 34 N
                                          LONGITUDE:  84 48 W

  TEMPERATURE IN F:       :PCPN:    SNOW:  WIND      :SUNSHINE: SKY     :PK WND
================================================================================
1   2   3   4   5  6A  6B    7    8   9   10  11  12  13   14  15   16   17  18
                                     12Z  AVG MX 2MIN
DY MAX MIN AVG DEP HDD CDD  WTR  SNW DPTH SPD SPD DIR MIN PSBL S-S WX    SPD DR
================================================================================

 1  46  26  36   3  29   0 0.03    M    M 13.0 24 240   M    M  10 168    34 230
 2  35  21  28  -6  37   0    T    M    M 10.8 25 300   M    M   4 8      35 300
 3  36  12  24 -10  41   0 0.00    M    M  9.8 23  90   M    M   5        29  90
 4  36  23  30  -5  35   0 0.41    M    M 13.6 26 300   M    M  10 1      37 310
 5  33  20  27  -8  38   0    T    M    M 11.3 30 310   M    M   4 18     37 320
 6  51  26  39   3  26   0 0.00    M    M  7.6 16 220   M    M   3        25 230
 7  58  25  42   6  23   0 0.00    M    M  4.1 14  50   M    M   3        16  50
 8  46  32  39   2  26   0 0.00    M    M 11.1 20 310   M    M   6        25 310
 9  49  21  35  -2  30   0    T    M    M  8.7 23 260   M    M   1        33 200
10  52  30  41   3  24   0 0.10    M    M 13.1 25 220   M    M   4 1      37 220
11  55  24  40   2  25   0    T    M    M  3.9 17 270   M    M   3        24 250
12  42  28  35  -4  30   0 0.12    M    M  5.9 17  90   M    M   7 1      23 100
13  50  36  43   4  22   0 0.27    M    M  6.0 15  20   M    M  10 12     18  20
14  37  22  30 -10  35   0 1.09    M    M 16.8 29 330   M    M  10 12     37 350
15  28  11  20 -20  45   0 0.03    M    M 11.3 25 310   M    M   8 128    35 300
16  41   1  21 -19  44   0 0.01    M    M  5.1 20 140   M    M   7 128    25 140
17  50  31  41   0  24   0 0.00    M    M  8.8 21 140   M    M   7        28 110
18  40  25  33  -8  32   0 0.00    M    M  8.8 16 320   M    M   8        24 310
19  54  22  38  -4  27   0 0.00    M    M  8.0 18 110   M    M   2 12     23 110
20  55  37  46   4  19   0 0.38    M    M  3.8  9 360   M    M  10 1      12 140
21  57  40  49   7  16   0 0.07    M    M  4.9 20 300   M    M   7 18     26 300
22  41  31  36  -7  29   0 0.00    M    M 15.4 31 320   M    M   8 1      38 310
23  51  27  39  -4  26   0 0.00    M    M  6.9 17 320   M    M   0        23 310
================================================================================
SM 1043  571       683   0  2.51    M    208.7          M      137
================================================================================
AV 45.3 24.8                               9.1 FASTST   M    M   6    MAX(MPH)
                                 MISC ---->  # 31 320               # 38  310
================================================================================
NOTES:
# LAST OF SEVERAL OCCURRENCES

COLUMN 17 PEAK WIND IN M.P.H.

PRELIMINARY LOCAL CLIMATOLOGICAL DATA (WS FORM: F-6) , PAGE 2

                                          STATION:  PELLSTON
                                          MONTH:    APRIL
                                          YEAR:     2014
                                          LATITUDE:   45 34 N
                                          LONGITUDE:  84 48 W

[TEMPERATURE DATA]      [PRECIPITATION DATA]       SYMBOLS USED IN COLUMN 16

AVERAGE MONTHLY: 35.1   TOTAL FOR MONTH:   2.51    1 = FOG OR MIST
DPTR FM NORMAL:  -3.4   DPTR FM NORMAL:    0.70    2 = FOG REDUCING VISIBILITY
HIGHEST:    58 ON  7    GRTST 24HR  1.33 ON 13-14      TO 1/4 MILE OR LESS
LOWEST:      1 ON 16                               3 = THUNDER
                        SNOW, ICE PELLETS, HAIL    4 = ICE PELLETS
                        TOTAL MONTH:    M          5 = HAIL
                        GRTST 24HR    M  ON   M    6 = FREEZING RAIN OR DRIZZLE
                        GRTST DEPTH:  M  ON   M    7 = DUSTSTORM OR SANDSTORM:
                                                       VSBY 1/2 MILE OR LESS
                                                   8 = SMOKE OR HAZE
[NO. OF DAYS WITH]      [WEATHER - DAYS WITH]      9 = BLOWING SNOW
                                                   X = TORNADO
MAX 32 OR BELOW:   1    0.01 INCH OR MORE:  10
MAX 90 OR ABOVE:   0    0.10 INCH OR MORE:   6
MIN 32 OR BELOW:  20    0.50 INCH OR MORE:   1
MIN  0 OR BELOW:   0    1.00 INCH OR MORE:   1

[HDD (BASE 65) ]
TOTAL THIS MO.   683    CLEAR  (SCALE 0-3)   5
DPTR FM NORMAL    72    PTCLDY (SCALE 4-7)  11
TOTAL FM JUL 1  8971    CLOUDY (SCALE 8-10)  7
DPTR FM NORMAL  1053

[CDD (BASE 65) ]
TOTAL THIS MO.     0
DPTR FM NORMAL     0    [PRESSURE DATA]
TOTAL FM JAN 1     0    HIGHEST SLP M ON M
DPTR FM NORMAL     0    LOWEST  SLP 29.31 ON M

[REMARKS]
