000
CXUS55 KLOX 301655
CF6PMD
PRELIMINARY LOCAL CLIMATOLOGICAL DATA (WS FORM: F-6)

                                          STATION:   PALMDALE AIRPORT CA
                                          MONTH:     JULY
                                          YEAR:      2016
                                          LATITUDE:   34 37 N
                                          LONGITUDE: 118  5 W

  TEMPERATURE IN F:       :PCPN:    SNOW:  WIND      :SUNSHINE: SKY     :PK WND
================================================================================
1   2   3   4   5  6A  6B    7    8   9   10  11  12  13   14  15   16   17  18
                                     12Z  AVG MX 2MIN
DY MAX MIN AVG DEP HDD CDD  WTR  SNW DPTH SPD SPD DIR MIN PSBL S-S WX    SPD DR
================================================================================

 1  98  67  83   4   0  18 0.00  0.0    0 11.2 29 230   M    M   0        34 220
 2  96  66  81   2   0  16 0.00  0.0    0 11.0 29 240   M    M   0        34 240
 3  96  61  79   0   0  14 0.00  0.0    0  9.1 25 220   M    M   0        32 210
 4  95  63  79   0   0  14 0.00  0.0    0 13.6 29 250   M    M   0        33 250
 5  93  66  80   0   0  15 0.00  0.0    0 16.1 28 240   M    M   0        32 230
 6  93  69  81   1   0  16 0.00  0.0    0 17.3 25 240   M    M   0        31 270
 7  95  66  81   1   0  16 0.00  0.0    0 15.0 26 260   M    M   0        31 270
 8  94  67  81   1   0  16 0.00  0.0    0 15.0 26 250   M    M   0        32 270
 9  94  67  81   1   0  16 0.00  0.0    0 13.5 25 250   M    M   0 8      30 250
10  91  67  79  -1   0  14 0.00  0.0    0 18.2 36 290   M    M   0 8      43 300
11  96  57  77  -4   0  12 0.00  0.0    0  8.6 21 240   M    M   0        27 250
12  94  66  80  -1   0  15 0.00  0.0    0 11.9 22 260   M    M   0        28 250
13  99  65  82   1   0  17 0.00  0.0    0  8.4 22 250   M    M   0 8      27 260
14 100  66  83   2   0  18 0.00  0.0    0 11.7 26 250   M    M   0        30 250
15  98  74  86   5   0  21 0.00  0.0    0 18.4 31 230   M    M   0        36 220
16  96  73  85   3   0  20 0.00  0.0    0 20.9 33 220   M    M   0        38 230
17  96  70  83   1   0  18 0.00  0.0    0 15.2 29 230   M    M   0        36 250
18  97  66  82   0   0  17 0.00  0.0    0 10.6 28 240   M    M   0        33 240
19  99  63  81  -1   0  16 0.00  0.0    0  9.7 26 250   M    M   0        33 240
20 102  65  84   2   0  19 0.00  0.0    0 12.2 30 240   M    M   0        37 240
21 103  70  87   5   0  22 0.00  0.0    0 10.7 26 290   M    M   0        30 290
22 105  67  86   4   0  21 0.00  0.0    0 14.2 33 290   M    M   0        39 280
23 108  67  88   6   0  23 0.00  0.0    0  7.7 23 240   M    M   3 8      28 250
24  99  70  85   3   0  20 0.00  0.0    0 12.7 29 210   M    M   4 8      34 210
25 100  71  86   4   0  21 0.00  0.0    0 16.1 29 230   M    M   1 8      34 220
26 105  77  91   9   0  26 0.00  0.0    0 10.4 25 250   M    M   0 8      29 250
27 105  79  92   9   0  27 0.00  0.0    0 13.5 30 230   M    M   0        35 230
28 106  77  92   9   0  27 0.00  0.0    0 10.6 23 250   M    M   0 8      28 250
29 108  77  93  10   0  28 0.00  0.0    0 11.5 28 230   M    M   0        33 230
================================================================================
SM 2861 1979         0 543  0.00     0.0 374.9          M        8
================================================================================
AV 98.7 68.2                              12.9 FASTST   M    M   0    MAX(MPH)
                                 MISC ---->  # 36 290               # 43  300
================================================================================
NOTES:
# LAST OF SEVERAL OCCURRENCES

COLUMN 17 PEAK WIND IN M.P.H.

PRELIMINARY LOCAL CLIMATOLOGICAL DATA (WS FORM: F-6) , PAGE 2

                                          STATION:  PALMDALE AIRPORT CA
                                          MONTH:    JULY
                                          YEAR:     2016
                                          LATITUDE:   34 37 N
                                          LONGITUDE: 118  5 W

[TEMPERATURE DATA]      [PRECIPITATION DATA]       SYMBOLS USED IN COLUMN 16

AVERAGE MONTHLY: 83.4   TOTAL FOR MONTH:   0.00    1 = FOG OR MIST
DPTR FM NORMAL:   2.3   DPTR FM NORMAL:   -0.09    2 = FOG REDUCING VISIBILITY
HIGHEST:   108 ON 29,23 GRTST 24HR  0.00 ON 29-29      TO 1/4 MILE OR LESS
LOWEST:     57 ON 11                               3 = THUNDER
                        SNOW, ICE PELLETS, HAIL    4 = ICE PELLETS
                        TOTAL MONTH:   0.0 INCH    5 = HAIL
                        GRTST 24HR     0.0         6 = FREEZING RAIN OR DRIZZLE
                        GRTST DEPTH:   0           7 = DUSTSTORM OR SANDSTORM:
                                                       VSBY 1/2 MILE OR LESS
                                                   8 = SMOKE OR HAZE
[NO. OF DAYS WITH]      [WEATHER - DAYS WITH]      9 = BLOWING SNOW
                                                   X = TORNADO
MAX 32 OR BELOW:   0    0.01 INCH OR MORE:   0
MAX 90 OR ABOVE:  29    0.10 INCH OR MORE:   0
MIN 32 OR BELOW:   0    0.50 INCH OR MORE:   0
MIN  0 OR BELOW:   0    1.00 INCH OR MORE:   0

[HDD (BASE 65) ]
TOTAL THIS MO.     0    CLEAR  (SCALE 0-3)  28
DPTR FM NORMAL     0    PTCLDY (SCALE 4-7)   1
TOTAL FM JUL 1     0    CLOUDY (SCALE 8-10)  0
DPTR FM NORMAL     0

[CDD (BASE 65) ]
TOTAL THIS MO.   543
DPTR FM NORMAL    75    [PRESSURE DATA]
TOTAL FM JAN 1  1175    HIGHEST SLP M ON M
DPTR FM NORMAL   231    LOWEST  SLP 29.72 ON 29

[REMARKS]
