000
CXUS54 KOUN 160700
CF6PNC
PRELIMINARY LOCAL CLIMATOLOGICAL DATA (WS FORM: F-6)

                                          STATION:   PONCA CITY
                                          MONTH:     JANUARY
                                          YEAR:      2017
                                          LATITUDE:   36 44 N
                                          LONGITUDE:  97  6 W

  TEMPERATURE IN F:       :PCPN:    SNOW:  WIND      :SUNSHINE: SKY     :PK WND
================================================================================
1   2   3   4   5  6A  6B    7    8   9   10  11  12  13   14  15   16   17  18
                                     12Z  AVG MX 2MIN
DY MAX MIN AVG DEP HDD CDD  WTR  SNW DPTH SPD SPD DIR MIN PSBL S-S WX    SPD DR
================================================================================

 1  55  25  40   6  25   0 0.00  0.0    0  9.8 21 150   M    M   4        25 160
 2  66  46  56  22   9   0 0.04  0.0    0  8.7 21 160   M    M   7 12     27 140
 3  48  23  36   2  29   0 0.00  0.0    0 16.6 28 360   M    M   7 18     34 350
 4  33  15  24 -10  41   0 0.00  0.0    0 10.1 17  30   M    M   2        22  30
 5  27  15  21 -13  44   0    T    M    0 14.9 23  30   M    M  10        28  30
 6  23   7  15 -19  50   0 0.00  0.0    M  5.6 16 360   M    M   3        19 360
 7  37   3  20 -14  45   0 0.00  0.0    M  2.4  9 260   M    M   0        12 240
 8  46  16  31  -3  34   0 0.00  0.0    0 10.9 23 200   M    M   0        33 180
 9  59  25  42   8  23   0 0.00  0.0    0 11.8 25 160   M    M   0        34 170
10  67  35  51  17  14   0 0.00  0.0    0 11.0 26 210   M    M   0        37 200
11  72  33  53  19  12   0 0.00  0.0    0 13.0 25 210   M    M   0        34 210
12  41  18  30  -4  35   0 0.00  0.0    0 13.7 23 350   M    M   0        29 360
13  30  26  28  -6  37   0 0.19  0.0    0  9.3 20  50   M    M  10 16     23  50
14  33  28  31  -3  34   0 0.36  0.0    0  7.6 15  20   M    M  10 168    17  60
15  44  32  38   3  27   0 0.84  0.0    0  7.3 14  90   M    M   9 1      20  90
================================================================================
SM  681  347       459   0  1.43     0.0 152.7          M       62
================================================================================
AV 45.4 23.1                              10.2 FASTST   M    M   4    MAX(MPH)
                                 MISC ---->  # 28 360               # 37  200
================================================================================
NOTES:
# LAST OF SEVERAL OCCURRENCES

COLUMN 17 PEAK WIND IN M.P.H.

PRELIMINARY LOCAL CLIMATOLOGICAL DATA (WS FORM: F-6) , PAGE 2

                                          STATION:  PONCA CITY
                                          MONTH:    JANUARY
                                          YEAR:     2017
                                          LATITUDE:   36 44 N
                                          LONGITUDE:  97  6 W

[TEMPERATURE DATA]      [PRECIPITATION DATA]       SYMBOLS USED IN COLUMN 16

AVERAGE MONTHLY: 34.3   TOTAL FOR MONTH:   1.43    1 = FOG OR MIST
DPTR FM NORMAL:   0.2   DPTR FM NORMAL:    1.00    2 = FOG REDUCING VISIBILITY
HIGHEST:    72 ON 11    GRTST 24HR  0.84 ON 15-15      TO 1/4 MILE OR LESS
LOWEST:      3 ON  7                               3 = THUNDER
                        SNOW, ICE PELLETS, HAIL    4 = ICE PELLETS
                        TOTAL MONTH:   0.0 INCH    5 = HAIL
                        GRTST 24HR     0.0         6 = FREEZING RAIN OR DRIZZLE
                        GRTST DEPTH:   0           7 = DUSTSTORM OR SANDSTORM:
                                                       VSBY 1/2 MILE OR LESS
                                                   8 = SMOKE OR HAZE
[NO. OF DAYS WITH]      [WEATHER - DAYS WITH]      9 = BLOWING SNOW
                                                   X = TORNADO
MAX 32 OR BELOW:   3    0.01 INCH OR MORE:   4
MAX 90 OR ABOVE:   0    0.10 INCH OR MORE:   3
MIN 32 OR BELOW:  12    0.50 INCH OR MORE:   1
MIN  0 OR BELOW:   0    1.00 INCH OR MORE:   0

[HDD (BASE 65) ]
TOTAL THIS MO.   459    CLEAR  (SCALE 0-3)   7
DPTR FM NORMAL    -4    PTCLDY (SCALE 4-7)   4
TOTAL FM JUL 1  1765    CLOUDY (SCALE 8-10)  4
DPTR FM NORMAL  -341

[CDD (BASE 65) ]
TOTAL THIS MO.     0
DPTR FM NORMAL     0    [PRESSURE DATA]
TOTAL FM JAN 1     0    HIGHEST SLP M ON M
DPTR FM NORMAL     0    LOWEST  SLP 29.63 ON 10

[REMARKS]
