000
CXUS54 KMOB 271404
CF6PNS
PRELIMINARY LOCAL CLIMATOLOGICAL DATA (WS FORM: F-6)

                                          STATION:   PENSACOLA
                                          MONTH:     JUNE
                                          YEAR:      2017
                                          LATITUDE:   30 28 N
                                          LONGITUDE:  87 12 W

  TEMPERATURE IN F:       :PCPN:    SNOW:  WIND      :SUNSHINE: SKY     :PK WND
================================================================================
1   2   3   4   5  6A  6B    7    8   9   10  11  12  13   14  15   16   17  18
                                     12Z  AVG MX 2MIN
DY MAX MIN AVG DEP HDD CDD  WTR  SNW DPTH SPD SPD DIR MIN PSBL S-S WX    SPD DR
================================================================================

 1  83  73  78   0   0  13 0.06  0.0    0  4.0 17 180   M    M   4 13     22 180
 2  86  72  79   1   0  14 0.29  0.0    0  6.6 17 190   M    M   6 1      21 170
 3  82  74  78  -1   0  13 0.33  0.0    0  6.6 17 320   M    M   8 1      23 290
 4  86  74  80   1   0  15    T  0.0    0  6.8 16 190   M    M   3        21 180
 5  86  74  80   1   0  15 0.75  0.0    0  9.5 20 180   M    M   6 13     26 170
 6  83  72  78  -1   0  13 4.52  0.0    0  7.3 20  20   M    M   8 13     29  20
 7  90  73  82   3   0  17 0.20  0.0    0  8.3 18 350   M    M   8 1      26 360
 8  89  70  80   0   0  15 0.00  0.0    0  5.6 13 300   M    M   2        18  20
 9  87  69  78  -2   0  13 0.00  0.0    0  6.9 17 140   M    M   4        23 160
10  88  72  80   0   0  15 0.00  0.0    0  6.5 15 160   M    M   1        22 170
11  87  76  82   2   0  17 0.14  0.0    0  8.8 17 160   M    M   5 13     22 140
12  81  76  79  -1   0  14 0.38  0.0    0  9.0 20 130   M    M   9 138    23 130
13  83  73  78  -2   0  13 1.30  0.0    0  4.8 16 180   M    M   6 13     19 190
14  86  75  81   1   0  16 0.60  0.0    0  3.3 14 170   M    M   4 3      16 160
15  86  74  80  -1   0  15 0.24  0.0    0  5.8 17 330   M    M   2 13     22 340
16  91  74  83   2   0  18 0.00  0.0    0  6.9 15 210   M    M   3        18 210
17  87  73  80  -1   0  15 0.02  0.0    0  7.4 30 260   M    M   4 3      43 270
18  89  76  83   2   0  18 0.21  0.0    0  7.2 17 190   M    M   3 3      21 200
19  88  74  81   0   0  16 0.70  0.0    0  6.8 22 140   M    M   4 1      28 130
20  78  73  76  -5   0  11 2.92  0.0    0  8.2 20 140   M    M  10 18     27  50
21  82  73  78  -3   0  13 4.91  0.0    0 16.0 31 160   M    M  10 138    41 160
22  86  78  82   1   0  17 0.64  0.0    0 18.4 33 160   M    M   8 138X   41 150
23  88  80  84   2   0  19 0.00  0.0    0 13.0 21 180   M    M   8        26 180
24  90  80  85   3   0  20 0.13  0.0    0  8.1 18 270   M    M   4 3      26 270
25  91  76  84   2   0  19 0.03  0.0    0  5.8 14 330   M    M   3 3      18 310
26  91  72  82   0   0  17    T  0.0    0  6.4 12 350   M    M   0        16 350
================================================================================
SM 2244 1926         0 401 18.37     0.0 204.0          M      133
================================================================================
AV 86.3 74.1                               7.8 FASTST   M    M   5    MAX(MPH)
                                 MISC ---->  # 33 160               # 43  270
================================================================================
NOTES:
# LAST OF SEVERAL OCCURRENCES

COLUMN 17 PEAK WIND IN M.P.H.

PRELIMINARY LOCAL CLIMATOLOGICAL DATA (WS FORM: F-6) , PAGE 2

                                          STATION:  PENSACOLA
                                          MONTH:    JUNE
                                          YEAR:     2017
                                          LATITUDE:   30 28 N
                                          LONGITUDE:  87 12 W

[TEMPERATURE DATA]      [PRECIPITATION DATA]       SYMBOLS USED IN COLUMN 16

AVERAGE MONTHLY: 80.2   TOTAL FOR MONTH:  18.37    1 = FOG OR MIST
DPTR FM NORMAL:  -0.1   DPTR FM NORMAL:   12.76    2 = FOG REDUCING VISIBILITY
HIGHEST:    91 ON 26,25 GRTST 24HR  4.91 ON 21-21      TO 1/4 MILE OR LESS
LOWEST:     69 ON  9                               3 = THUNDER
                        SNOW, ICE PELLETS, HAIL    4 = ICE PELLETS
                        TOTAL MONTH:   0.0 INCH    5 = HAIL
                        GRTST 24HR     0.0         6 = FREEZING RAIN OR DRIZZLE
                        GRTST DEPTH:   0           7 = DUSTSTORM OR SANDSTORM:
                                                       VSBY 1/2 MILE OR LESS
                                                   8 = SMOKE OR HAZE
[NO. OF DAYS WITH]      [WEATHER - DAYS WITH]      9 = BLOWING SNOW
                                                   X = TORNADO
MAX 32 OR BELOW:   0    0.01 INCH OR MORE:  19
MAX 90 OR ABOVE:   5    0.10 INCH OR MORE:  16
MIN 32 OR BELOW:   0    0.50 INCH OR MORE:   8
MIN  0 OR BELOW:   0    1.00 INCH OR MORE:   4

[HDD (BASE 65) ]
TOTAL THIS MO.     0    CLEAR  (SCALE 0-3)   7
DPTR FM NORMAL     0    PTCLDY (SCALE 4-7)  15
TOTAL FM JUL 1   638    CLOUDY (SCALE 8-10)  4
DPTR FM NORMAL  -899

[CDD (BASE 65) ]
TOTAL THIS MO.   401
DPTR FM NORMAL     4    [PRESSURE DATA]
TOTAL FM JAN 1  1197    HIGHEST SLP M ON M
DPTR FM NORMAL   352    LOWEST  SLP 29.68 ON  7

[REMARKS]
