000
CXUS55 KPAH 010702
CF6POF
PRELIMINARY LOCAL CLIMATOLOGICAL DATA (WS FORM: F-6)

                                          STATION:   POPLAR BLUFF MO
                                          MONTH:     APRIL
                                          YEAR:      2016
                                          LATITUDE:   36 46 N
                                          LONGITUDE:  90 19 W

  TEMPERATURE IN F:       :PCPN:    SNOW:  WIND      :SUNSHINE: SKY     :PK WND
================================================================================
1   2   3   4   5  6A  6B    7    8   9   10  11  12  13   14  15   16   17  18
                                     12Z  AVG MX 2MIN
DY MAX MIN AVG DEP HDD CDD  WTR  SNW DPTH SPD SPD DIR MIN PSBL S-S WX    SPD DR
================================================================================

 1  61  46  54   1  11   0 0.00  0.0    0  8.3 17 320   M    M   1        22 250
 2  68  40  54   0  11   0 0.00  0.0    0 10.6 24 330   M    M   0        34 330
 3  68  38  53  -1  12   0 0.00  0.0    0  8.9 23 210   M    M   0        28 210
 4  79  51  65  11   0   0 0.00  0.0    0  8.4 21 350   M    M   0        26 340
 5  59  40  50  -5  15   0 0.00  0.0    0  7.7 16  70   M    M   0        21  90
 6  65  45  55   0  10   0 0.14    M    0  9.9 25 210   M    M   2 1      36 210
 7  69  45  57   2   8   0    T    M    0 12.0 28 340   M    M   3        36 340
 8  62  40  51  -5  14   0 0.00  0.0    0 10.5 29 320   M    M   1        40 330
 9  53  38  46 -10  19   0 0.00  0.0    0  7.7 18 360   M    M   1        23 360
10  78  43  61   5   4   0 0.05    M    0 13.2 35 210   M    M   8 8      46 200
11  68  45  57   0   8   0 0.33  0.0    0 12.3 29 360   M    M   5 13     35 360
12  60  40  50  -7  15   0 0.00  0.0    0  8.0 17  50   M    M   0 8      20  50
13  66  41  54  -3  11   0 0.00  0.0    0  5.7 13  50   M    M   2        18  50
14  72  51  62   4   3   0 0.00  0.0    0  6.8 14  80   M    M   9        19 100
15  69  52  61   3   4   0 0.01  0.0    0  6.8 18 140   M    M   7 18     23 140
16  75  50  63   5   2   0 0.00  0.0    0  4.8 14 160   M    M   3 1      19 150
17  79  51  65   6   0   0 0.00  0.0    0  4.4 17 160   M    M   2        22 140
18  81  48  65   6   0   0 0.00  0.0    0  4.8 16 190   M    M   0        21 190
19  74  58  66   7   0   1    T  0.0    0  2.4 16 170   M    M   6        18 170
20  70  58  64   4   1   0 1.93  0.0    0  3.5 16 190   M    M  10 123    22 200
21  73  58  66   6   0   1 0.00  0.0    0  6.2 18 200   M    M   7 12     24 200
22  77  53  65   5   0   0 0.00  0.0    0  5.7 18 350   M    M   2        22  20
23  76  52  64   3   1   0 0.00  0.0    0  5.2 10 150   M    M   0 18     14 120
24  81  53  67   6   0   2 0.00  0.0    0  5.9 17 140   M    M   0 18     25 170
25  81  56  69   8   0   4 0.00  0.0    0  9.3 23 210   M    M   1        31 190
26  81  61  71   9   0   6 1.08  0.0    0  8.7 45 350   M    M   6 138    59 350
27  78  60  69   7   0   4 0.01  0.0    0  7.9 20 210   M    M   4        25 200
28  80  55  68   6   0   3 0.00  0.0    0  4.8 16 230   M    M   0        20 200
29  63  56  60  -2   5   0 0.46  0.0    0  7.0 16  80   M    M   5 13     19  80
30  75  60  68   5   0   3 1.14  0.0    0  8.6 18 150   M    M   4 1      24 140
================================================================================
SM 2141 1484       154  24  5.15     0.0 226.0          M       89
================================================================================
AV 71.4 49.5                               7.5 FASTST   M    M   3    MAX(MPH)
                                 MISC ---->  # 45 350               # 59  350
================================================================================
NOTES:
# LAST OF SEVERAL OCCURRENCES

COLUMN 17 PEAK WIND IN M.P.H.

PRELIMINARY LOCAL CLIMATOLOGICAL DATA (WS FORM: F-6) , PAGE 2

                                          STATION:  POPLAR BLUFF MO
                                          MONTH:    APRIL
                                          YEAR:     2016
                                          LATITUDE:   36 46 N
                                          LONGITUDE:  90 19 W

[TEMPERATURE DATA]      [PRECIPITATION DATA]       SYMBOLS USED IN COLUMN 16

AVERAGE MONTHLY: 60.4   TOTAL FOR MONTH:   5.15    1 = FOG OR MIST
DPTR FM NORMAL:   2.3   DPTR FM NORMAL:    0.49    2 = FOG REDUCING VISIBILITY
HIGHEST:    81 ON 26,25 GRTST 24HR  1.93 ON 20-20      TO 1/4 MILE OR LESS
LOWEST:     38 ON  9, 3                            3 = THUNDER
                        SNOW, ICE PELLETS, HAIL    4 = ICE PELLETS
                        TOTAL MONTH:   0.0 INCH    5 = HAIL
                        GRTST 24HR     0.0         6 = FREEZING RAIN OR DRIZZLE
                        GRTST DEPTH:   0           7 = DUSTSTORM OR SANDSTORM:
                                                       VSBY 1/2 MILE OR LESS
                                                   8 = SMOKE OR HAZE
[NO. OF DAYS WITH]      [WEATHER - DAYS WITH]      9 = BLOWING SNOW
                                                   X = TORNADO
MAX 32 OR BELOW:   0    0.01 INCH OR MORE:   9
MAX 90 OR ABOVE:   0    0.10 INCH OR MORE:   6
MIN 32 OR BELOW:   0    0.50 INCH OR MORE:   3
MIN  0 OR BELOW:   0    1.00 INCH OR MORE:   3

[HDD (BASE 65) ]
TOTAL THIS MO.   154    CLEAR  (SCALE 0-3)  18
DPTR FM NORMAL   -79    PTCLDY (SCALE 4-7)   9
TOTAL FM JUL 1  3219    CLOUDY (SCALE 8-10)  3
DPTR FM NORMAL  -803

[CDD (BASE 65) ]
TOTAL THIS MO.    24
DPTR FM NORMAL    -2    [PRESSURE DATA]
TOTAL FM JAN 1    25    HIGHEST SLP M ON M
DPTR FM NORMAL    -5    LOWEST  SLP 29.60 ON  6

[REMARKS]
#FINAL-04-16#
