000
CXUS54 KFWD 310730
CF6PRX
PRELIMINARY LOCAL CLIMATOLOGICAL DATA (WS FORM: F-6)

                                          STATION:   PARIS
                                          MONTH:     JULY
                                          YEAR:      2015
                                          LATITUDE:   33 37 N
                                          LONGITUDE:  95 27 W

  TEMPERATURE IN F:       :PCPN:    SNOW:  WIND      :SUNSHINE: SKY     :PK WND
================================================================================
1   2   3   4   5  6A  6B    7    8   9   10  11  12  13   14  15   16   17  18
                                     12Z  AVG MX 2MIN
DY MAX MIN AVG DEP HDD CDD  WTR  SNW DPTH SPD SPD DIR MIN PSBL S-S WX    SPD DR
================================================================================

 1  93  72  83   0   0  18 0.00  0.0    0 13.3 24 210   M    M   0        30 210
 2  90  73  82  -1   0  17 0.00  0.0    0 15.2 28 230   M    M   0        37 230
 3  86  72  79  -4   0  14 1.81  0.0    0 10.1 16 240   M    M   4 3      22 240
 4  91  72  82  -2   0  17 1.35  0.0    0  9.5 14 230   M    M   4 3      18 230
 5  91  72  82  -2   0  17 0.00  0.0    0  9.5 16 210   M    M   1        24 210
 6  90  73  82  -2   0  17 0.00  0.0    0 13.1 23 200   M    M   3        28 200
 7  90  73  82  -2   0  17 0.29  0.0    0 12.7 22 190   M    M   4        28 210
 8  82  72  77  -7   0  12 0.04  0.0    0 12.1 20 200   M    M   4 3      27 200
 9  91  75  83  -1   0  18 0.00  0.0    0 12.9 21 200   M    M   1        27 200
10  91  73  82  -2   0  17 0.00  0.0    0  8.8 15 160   M    M   0        20 220
11  91  73  82  -2   0  17 0.00  0.0    0  8.2 13 230   M    M   1        18 230
12  93  73  83  -1   0  18 0.00  0.0    0  8.6 14 200   M    M   0        16 210
13  97  73  85   1   0  20 0.00  0.0    0  9.2 16 220   M    M   0        20 220
14  97  75  86   2   0  21 0.00  0.0    0  9.1 16 220   M    M   0        21 210
15  95  73  84  -1   0  19 0.00  0.0    0  7.7 14 190   M    M   0        16 200
16  93  72  83  -2   0  18 0.00  0.0    0  8.9 15 180   M    M   0        23 180
17  93  73  83  -2   0  18 0.00  0.0    0  9.5 15 190   M    M   1        18 200
18  97  75  86   1   0  21 0.00  0.0    0  9.1 13 190   M    M   1        18 210
19  97  75  86   1   0  21 0.00  0.0    0  7.7 14 220   M    M   0        16 180
20  99  73  86   1   0  21 0.00  0.0    0  7.0 12 190   M    M   0        18 220
21  93  73  83  -2   0  18 0.00  0.0    0  6.8 13 170   M    M   0         M  M
22  93  75  84  -1   0  19 0.00  0.0    0  7.9 12 200   M    M   0        20 210
23  97  77  87   2   0  22 0.00  0.0    0  8.6 13 210   M    M   0        18 210
24  99  75  87   2   0  22 0.00  0.0    0  7.7 14 230   M    M   0        18 190
25  99  73  86   1   0  21 0.00  0.0    0  5.4 12 210   M    M   0         M  M
26 100  75  88   3   0  23 0.00  0.0    0  4.7 13 180   M    M   0        18 180
27  99  77  88   2   0  23 0.00  0.0    0  5.8 10 160   M    M   0         M  M
28  99  77  88   2   0  23 0.00  0.0    0  7.9 14 200   M    M   0        18 200
29  99  73  86   0   0  21 0.00  0.0    0  4.7 10 200   M    M   0         M  M
30 100  77  89   3   0  24 0.00  0.0    0  5.6 22  40   M    M   0        29  40
================================================================================
SM 2825 2214         0 574  3.49     0.0 267.3          M       24
================================================================================
AV 94.2 73.8                               8.9 FASTST   M    M   1    MAX(MPH)
                                 MISC ---->    28   M                 37    M
================================================================================
NOTES:
# LAST OF SEVERAL OCCURRENCES

COLUMN 17 PEAK WIND IN M.P.H.

PRELIMINARY LOCAL CLIMATOLOGICAL DATA (WS FORM: F-6) , PAGE 2

                                          STATION:  PARIS
                                          MONTH:    JULY
                                          YEAR:     2015
                                          LATITUDE:   33 37 N
                                          LONGITUDE:  95 27 W

[TEMPERATURE DATA]      [PRECIPITATION DATA]       SYMBOLS USED IN COLUMN 16

AVERAGE MONTHLY: 84.0   TOTAL FOR MONTH:   3.49    1 = FOG OR MIST
DPTR FM NORMAL:  -0.6   DPTR FM NORMAL:   -0.09    2 = FOG REDUCING VISIBILITY
HIGHEST:   100 ON 30,26 GRTST 24HR  1.81 ON  3- 3      TO 1/4 MILE OR LESS
LOWEST:     72 ON 16, 8                            3 = THUNDER
                        SNOW, ICE PELLETS, HAIL    4 = ICE PELLETS
                        TOTAL MONTH:   0.0 INCH    5 = HAIL
                        GRTST 24HR     0.0         6 = FREEZING RAIN OR DRIZZLE
                        GRTST DEPTH:   0           7 = DUSTSTORM OR SANDSTORM:
                                                       VSBY 1/2 MILE OR LESS
                                                   8 = SMOKE OR HAZE
[NO. OF DAYS WITH]      [WEATHER - DAYS WITH]      9 = BLOWING SNOW
                                                   X = TORNADO
MAX 32 OR BELOW:   0    0.01 INCH OR MORE:   4
MAX 90 OR ABOVE:  28    0.10 INCH OR MORE:   3
MIN 32 OR BELOW:   0    0.50 INCH OR MORE:   2
MIN  0 OR BELOW:   0    1.00 INCH OR MORE:   2

[HDD (BASE 65) ]
TOTAL THIS MO.     0    CLEAR  (SCALE 0-3)  25
DPTR FM NORMAL     0    PTCLDY (SCALE 4-7)   5
TOTAL FM JUL 1     0    CLOUDY (SCALE 8-10)  0
DPTR FM NORMAL     0

[CDD (BASE 65) ]
TOTAL THIS MO.   574
DPTR FM NORMAL   -13    [PRESSURE DATA]
TOTAL FM JAN 1  1273    HIGHEST SLP M ON M
DPTR FM NORMAL  -131    LOWEST  SLP M ON M

[REMARKS]
