860
CXUS56 KSGX 281445
CF6PSP
PRELIMINARY LOCAL CLIMATOLOGICAL DATA (WS FORM: F-6)

                                          STATION:   PALM SPRINGS INTL AIRPORT CA
                                          MONTH:     JULY
                                          YEAR:      2017
                                          LATITUDE:   33 49 N
                                          LONGITUDE: 116 30 W

  TEMPERATURE IN F:       :PCPN:    SNOW:  WIND      :SUNSHINE: SKY     :PK WND
================================================================================
1   2   3   4   5  6A  6B    7    8   9   10  11  12  13   14  15   16   17  18
                                     12Z  AVG MX 2MIN
DY MAX MIN AVG DEP HDD CDD  WTR  SNW DPTH SPD SPD DIR MIN PSBL S-S WX    SPD DR
================================================================================

 1 108  79  94   4   0  29 0.00  0.0    0  7.6 23 320   M    M   0        27 320
 2 107  77  92   1   0  27 0.00  0.0    0  6.4 22 320   M    M   0        26 320
 3 111  75  93   2   0  28 0.00  0.0    0  5.4 18 320   M    M   0        25 310
 4 115  78  97   6   0  32 0.00  0.0    0  4.7 17 320   M    M   0        21 310
 5 112  83  98   7   0  33 0.00  0.0    0  3.6 16 320   M    M   0        20 310
 6 118  84 101   9   0  36 0.00  0.0    0  5.2 20 320   M    M   0        32 290
 7 122  88 105  13   0  40 0.00  0.0    0  6.3 21 320   M    M   0        27 310
 8 112  92 102  10   0  37 0.00  0.0    0  7.5 24 120   M    M   0 8      29 120
 9 108  88  98   6   0  33 0.00  0.0    0  6.8 22 110   M    M   0        28 110
10 112  86  99   7   0  34 0.00  0.0    0  7.7 24 320   M    M   0        30 310
11 110  84  97   5   0  32 0.00  0.0    0  7.2 23 320   M    M   0        33 330
12 112  84  98   6   0  33 0.00  0.0    0  8.9 24 320   M    M   0        30 300
13 113  84  99   7   0  34 0.00  0.0    0  6.8 22 320   M    M   0        30 320
14 115  83  99   7   0  34 0.00  0.0    0  6.8 20 330   M    M   0        25 310
15 110  86  98   5   0  33 0.00  0.0    0  5.7 20 110   M    M   0        23 110
16 107  88  98   5   0  33 0.00  0.0    0  7.6 15 320   M    M   0        20 320
17 108  85  97   4   0  32 0.00  0.0    0  7.7 18 320   M    M   0        24 320
18 108  84  96   3   0  31 0.00  0.0    0  5.4 17 320   M    M   0        23 300
19 102  87  95   2   0  30    T  0.0    0  6.3 14 330   M    M   1        19 110
20 108  83  96   3   0  31 0.00  0.0    0  6.5 23 330   M    M   0        29 290
21 111  80  96   3   0  31 0.00  0.0    0  3.5 21 320   M    M   0        25 330
22 111  82  97   4   0  32 0.00  0.0    0  4.4 16 320   M    M   0        19 320
23 108  85  97   4   0  32 0.00  0.0    0  6.3 16 330   M    M   0        25  40
24 102  79  91  -2   0  26 0.06  0.0    0  6.0 16 330   M    M   0 3      20 330
25 107  82  95   2   0  30 0.00  0.0    0  4.4 20 330   M    M   1        23 330
26 110  82  96   3   0  31 0.00  0.0    0  6.9 20 320   M    M   0        26 310
27 115  84 100   7   0  35 0.00  0.0    0  6.6 23 330   M    M   0        29 330
================================================================================
SM 2982 2252         0 869  0.06     0.0 168.2          M        2
================================================================================
AV110.4 83.4                               6.2 FASTST   M    M   0    MAX(MPH)
                                 MISC ---->  # 24 120               # 33  330
================================================================================
NOTES:
# LAST OF SEVERAL OCCURRENCES

COLUMN 17 PEAK WIND IN M.P.H.

PRELIMINARY LOCAL CLIMATOLOGICAL DATA (WS FORM: F-6) , PAGE 2

                                          STATION:  PALM SPRINGS INTL AIRPORT CA
                                          MONTH:    JULY
                                          YEAR:     2017
                                          LATITUDE:   33 49 N
                                          LONGITUDE: 116 30 W

[TEMPERATURE DATA]      [PRECIPITATION DATA]       SYMBOLS USED IN COLUMN 16

AVERAGE MONTHLY: 96.9   TOTAL FOR MONTH:   0.06    1 = FOG OR MIST
DPTR FM NORMAL:   4.7   DPTR FM NORMAL:   -0.12    2 = FOG REDUCING VISIBILITY
HIGHEST:   122 ON  7    GRTST 24HR  0.06 ON 24-24      TO 1/4 MILE OR LESS
LOWEST:     75 ON  3                               3 = THUNDER
                        SNOW, ICE PELLETS, HAIL    4 = ICE PELLETS
                        TOTAL MONTH:   0.0 INCH    5 = HAIL
                        GRTST 24HR     0.0         6 = FREEZING RAIN OR DRIZZLE
                        GRTST DEPTH:   0           7 = DUSTSTORM OR SANDSTORM:
                                                       VSBY 1/2 MILE OR LESS
                                                   8 = SMOKE OR HAZE
[NO. OF DAYS WITH]      [WEATHER - DAYS WITH]      9 = BLOWING SNOW
                                                   X = TORNADO
MAX 32 OR BELOW:   0    0.01 INCH OR MORE:   1
MAX 90 OR ABOVE:  27    0.10 INCH OR MORE:   0
MIN 32 OR BELOW:   0    0.50 INCH OR MORE:   0
MIN  0 OR BELOW:   0    1.00 INCH OR MORE:   0

[HDD (BASE 65) ]
TOTAL THIS MO.     0    CLEAR  (SCALE 0-3)  27
DPTR FM NORMAL     0    PTCLDY (SCALE 4-7)   0
TOTAL FM JUL 1     0    CLOUDY (SCALE 8-10)  0
DPTR FM NORMAL     0

[CDD (BASE 65) ]
TOTAL THIS MO.   869
DPTR FM NORMAL   133    [PRESSURE DATA]
TOTAL FM JAN 1  2811    HIGHEST SLP M ON M
DPTR FM NORMAL   669    LOWEST  SLP 29.77 ON  8

[REMARKS]
