000
CXUS56 KOTX 230900
CF6PUW
PRELIMINARY LOCAL CLIMATOLOGICAL DATA (WS FORM: F-6)

                                          STATION:   PULLMAN-MOSCOW  AIRPORT
                                          MONTH:     AUGUST
                                          YEAR:      2017
                                          LATITUDE:   46 44 N
                                          LONGITUDE: 117  7 W

  TEMPERATURE IN F:       :PCPN:    SNOW:  WIND      :SUNSHINE: SKY     :PK WND
================================================================================
1   2   3   4   5  6A  6B    7    8   9   10  11  12  13   14  15   16   17  18
                                     12Z  AVG MX 2MIN
DY MAX MIN AVG DEP HDD CDD  WTR  SNW DPTH SPD SPD DIR MIN PSBL S-S WX    SPD DR
================================================================================

 1  94  50  72   4   0   7 0.00    M    M  2.0 10 290   M    M   0 8      14  20
 2  96  54  75   7   0  10 0.00    M    M  4.1 15  10   M    M   0 8      17  20
 3  95  59  77   9   0  12 0.00    M    M  2.9 13  90   M    M   0 8      17 270
 4  94  58  76   9   0  11 0.00    M    M  6.0 20 250   M    M   2 8      25 280
 5  88  55  72   5   0   7 0.00    M    M  4.8 15 250   M    M   1 8      20 260
 6  93  55  74   7   0   9 0.00    M    M  4.2 14  30   M    M   0 8      17  30
 7  94  58  76   9   0  11 0.00    M    M  2.5 14 360   M    M   0 8      17 320
 8  94  55  75   8   0  10 0.00    M    M  3.4 13 290   M    M   0 8      15 330
 9  94  58  76   9   0  11 0.00    M    M  3.8 15  90   M    M   0 8      18 100
10  95  61  78  11   0  13 0.00    M    M  3.5 14 100   M    M   0 8      16  90
11  97  65  81  14   0  16 0.00    M    M  3.8 16 100   M    M   0 8      20  90
12  85  61  73   6   0   8    T    M    M  4.6 17 130   M    M   2 38     23 140
13  71  58  65  -1   0   0 0.06    M    M  7.1 20 250   M    M   6 18     26 230
14  74  48  61  -5   4   0 0.00    M    M  4.3 16 230   M    M   0 8      19 240
15  79  47  63  -3   2   0 0.00    M    M  2.6 14 240   M    M   0 8      17 290
16  82  45  64  -2   1   0 0.00    M    M  4.1 13 270   M    M   0 8      18 270
17  82  53  68   2   0   3 0.00    M    M  5.4 15 240   M    M   0 8      19 260
18  86  47  67   1   0   2 0.00    M    M  6.1 17 290   M    M   0 8      25 280
19  76  51  64  -2   1   0 0.00    M    M  7.8 18 230   M    M   0        25 250
20  78  46  62  -3   3   0 0.00    M    M  2.5 12 330   M    M   0        15 320
21  86  47  67   2   0   2 0.00    M    M  2.5  9  20   M    M   0 8      14  60
22  91  51  71   6   0   6 0.00    M    M  3.7 14 110   M    M   0 8      18 100
================================================================================
SM 1924 1182        11 138  0.06    M     91.7          M       11
================================================================================
AV 87.5 53.7                               4.2 FASTST   M    M   1    MAX(MPH)
                                 MISC ---->  # 20 250               # 26  230
================================================================================
NOTES:
# LAST OF SEVERAL OCCURRENCES

COLUMN 17 PEAK WIND IN M.P.H.

PRELIMINARY LOCAL CLIMATOLOGICAL DATA (WS FORM: F-6) , PAGE 2

                                          STATION:  PULLMAN-MOSCOW  AIRPORT
                                          MONTH:    AUGUST
                                          YEAR:     2017
                                          LATITUDE:   46 44 N
                                          LONGITUDE: 117  7 W

[TEMPERATURE DATA]      [PRECIPITATION DATA]       SYMBOLS USED IN COLUMN 16

AVERAGE MONTHLY: 70.6   TOTAL FOR MONTH:   0.06    1 = FOG OR MIST
DPTR FM NORMAL:   4.0   DPTR FM NORMAL:   -0.40    2 = FOG REDUCING VISIBILITY
HIGHEST:    97 ON 11    GRTST 24HR  0.06 ON 13-13      TO 1/4 MILE OR LESS
LOWEST:     45 ON 16                               3 = THUNDER
                        SNOW, ICE PELLETS, HAIL    4 = ICE PELLETS
                        TOTAL MONTH:    M          5 = HAIL
                        GRTST 24HR    M  ON   M    6 = FREEZING RAIN OR DRIZZLE
                        GRTST DEPTH:  M  ON   M    7 = DUSTSTORM OR SANDSTORM:
                                                       VSBY 1/2 MILE OR LESS
                                                   8 = SMOKE OR HAZE
[NO. OF DAYS WITH]      [WEATHER - DAYS WITH]      9 = BLOWING SNOW
                                                   X = TORNADO
MAX 32 OR BELOW:   0    0.01 INCH OR MORE:   1
MAX 90 OR ABOVE:  11    0.10 INCH OR MORE:   0
MIN 32 OR BELOW:   0    0.50 INCH OR MORE:   0
MIN  0 OR BELOW:   0    1.00 INCH OR MORE:   0

[HDD (BASE 65) ]
TOTAL THIS MO.    11    CLEAR  (SCALE 0-3)  21
DPTR FM NORMAL   -25    PTCLDY (SCALE 4-7)   1
TOTAL FM JUL 1    17    CLOUDY (SCALE 8-10)  0
DPTR FM NORMAL   -83

[CDD (BASE 65) ]
TOTAL THIS MO.   138
DPTR FM NORMAL    65    [PRESSURE DATA]
TOTAL FM JAN 1   388    HIGHEST SLP M ON M
DPTR FM NORMAL   215    LOWEST  SLP 29.68 ON  4

[REMARKS]
