883
CXUS51 KBOX 231200
CF6PVD
PRELIMINARY LOCAL CLIMATOLOGICAL DATA (WS FORM: F-6)

                                          STATION:   PROVIDENCE RI
                                          MONTH:     OCTOBER
                                          YEAR:      2017
                                          LATITUDE:   41 43 N
                                          LONGITUDE:  71 26 W

  TEMPERATURE IN F:       :PCPN:    SNOW:  WIND      :SUNSHINE: SKY     :PK WND
================================================================================
1   2   3   4   5  6A  6B    7    8   9   10  11  12  13   14  15   16   17  18
                                     12Z  AVG MX 2MIN
DY MAX MIN AVG DEP HDD CDD  WTR  SNW DPTH SPD SPD DIR MIN PSBL S-S WX    SPD DR
================================================================================

 1  68  44  56  -3   9   0 0.00  0.0    0  4.7 13  40   M    M   0        17 320
 2  72  46  59   1   6   0 0.00  0.0    0  6.1 13  60   M    M   1        17  40
 3  67  47  57  -1   8   0 0.00  0.0    0  4.8 14 150   M    M   2 1      17 160
 4  76  47  62   4   3   0 0.00  0.0    0  8.5 18 240   M    M   3 1      27 220
 5  84  63  74  17   0   9 0.00  0.0    0  8.5 18 230   M    M   5        25 240
 6  81  58  70  13   0   5    T  0.0    0  3.5 13  40   M    M   5 1      15  40
 7  75  59  67  10   0   2 0.00  0.0    0  7.4 16 200   M    M   9 1      22 190
 8  74  69  72  16   0   7 0.22  0.0    0 11.0 22 200   M    M   9 1      29 200
 9  75  69  72  16   0   7 0.19  0.0    0 11.1 26 190   M    M  10 12     35 200
10  82  59  71  16   0   6 0.00  0.0    0  7.2 15 280   M    M   3        19 280
11  74  56  65  10   0   0    T  0.0    0  7.7 15  80   M    M   6        18  60
12  63  45  54  -1  11   0 0.02    M    0 12.4 24  50   M    M   4        29  60
13  67  42  55   1  10   0 0.00  0.0    0  6.3 14 120   M    M   4        18 160
14  68  56  62   8   3   0 0.17  0.0    0  3.2  8 350   M    M   9 12     10 350
15  72  60  66  12   0   1    T  0.0    0  9.6 24 220   M    M  10 12     34 210
16  71  44  58   5   7   0    T  0.0    0 10.6 21 360   M    M   8        27 230
17  59  38  49  -4  16   0 0.00  0.0    0  7.6 14 180   M    M   1        19 350
18  74  45  60   7   5   0 0.00  0.0    0  5.4 12 260   M    M   1        20 300
19  73  45  59   6   6   0 0.00  0.0    0  8.0 21 220   M    M   1 1      26 220
20  72  52  62  10   3   0 0.00  0.0    0  8.8 18 290   M    M   2        26 280
21  73  45  59   7   6   0 0.00  0.0    0  4.4 17 200   M    M   5        20 190
22  78  49  64  12   1   0 0.00  0.0    0  2.3 10 150   M    M   3 1      13 150
================================================================================
SM 1598 1138        94  37  0.60     0.0 159.1          M      101
================================================================================
AV 72.6 51.7                               7.2 FASTST   M    M   5    MAX(MPH)
                                 MISC ---->  # 26 190               # 35  200
================================================================================
NOTES:
# LAST OF SEVERAL OCCURRENCES

COLUMN 17 PEAK WIND IN M.P.H.

PRELIMINARY LOCAL CLIMATOLOGICAL DATA (WS FORM: F-6) , PAGE 2

                                          STATION:  PROVIDENCE RI
                                          MONTH:    OCTOBER
                                          YEAR:     2017
                                          LATITUDE:   41 43 N
                                          LONGITUDE:  71 26 W

[TEMPERATURE DATA]      [PRECIPITATION DATA]       SYMBOLS USED IN COLUMN 16

AVERAGE MONTHLY: 62.2   TOTAL FOR MONTH:   0.60    1 = FOG OR MIST
DPTR FM NORMAL:   7.2   DPTR FM NORMAL:   -2.15    2 = FOG REDUCING VISIBILITY
HIGHEST:    84 ON  5    GRTST 24HR  1.21 ON 30- 1      TO 1/4 MILE OR LESS
LOWEST:     38 ON 17                               3 = THUNDER
                        SNOW, ICE PELLETS, HAIL    4 = ICE PELLETS
                        TOTAL MONTH:   0.0 INCH    5 = HAIL
                        GRTST 24HR     0.0         6 = FREEZING RAIN OR DRIZZLE
                        GRTST DEPTH:   0           7 = DUSTSTORM OR SANDSTORM:
                                                       VSBY 1/2 MILE OR LESS
                                                   8 = SMOKE OR HAZE
[NO. OF DAYS WITH]      [WEATHER - DAYS WITH]      9 = BLOWING SNOW
                                                   X = TORNADO
MAX 32 OR BELOW:   0    0.01 INCH OR MORE:   4
MAX 90 OR ABOVE:   0    0.10 INCH OR MORE:   3
MIN 32 OR BELOW:   0    0.50 INCH OR MORE:   0
MIN  0 OR BELOW:   0    1.00 INCH OR MORE:   0

[HDD (BASE 65) ]
TOTAL THIS MO.    94    CLEAR  (SCALE 0-3)   8
DPTR FM NORMAL  -134    PTCLDY (SCALE 4-7)   9
TOTAL FM JUL 1   134    CLOUDY (SCALE 8-10)  5
DPTR FM NORMAL  -191

[CDD (BASE 65) ]
TOTAL THIS MO.    37
DPTR FM NORMAL    31    [PRESSURE DATA]
TOTAL FM JAN 1   875    HIGHEST SLP M ON M
DPTR FM NORMAL   133    LOWEST  SLP 29.70 ON 15

[REMARKS]
