000
CXUS54 KFWD 310730
CF6RBD
PRELIMINARY LOCAL CLIMATOLOGICAL DATA (WS FORM: F-6)

                                          STATION:   DALLAS EXECUTIVE
                                          MONTH:     AUGUST
                                          YEAR:      2014
                                          LATITUDE:   32 40 N
                                          LONGITUDE:  96 52 W

  TEMPERATURE IN F:       :PCPN:    SNOW:  WIND      :SUNSHINE: SKY     :PK WND
================================================================================
1   2   3   4   5  6A  6B    7    8   9   10  11  12  13   14  15   16   17  18
                                     12Z  AVG MX 2MIN
DY MAX MIN AVG DEP HDD CDD  WTR  SNW DPTH SPD SPD DIR MIN PSBL S-S WX    SPD DR
================================================================================

 1  82  71  77  -8   0  12 0.01  0.0    0  6.7 14  60   M    M   9 18     20 360
 2  91  67  79  -6   0  14 0.00  0.0    0  5.8 14  80   M    M   4 18     18  60
 3  94  71  83  -2   0  18 0.00  0.0    0  6.3 17  70   M    M   3 18     22  60
 4  95  72  84  -1   0  19 0.00  0.0    0  5.8 17  90   M    M   1 18     21  80
 5 100  73  87   2   0  22 0.11  0.0    0  5.7 18 140   M    M   3 138    29 140
 6 101  78  90   5   0  25 0.00  0.0    0  7.4 16 140   M    M   0        23 150
 7 100  79  90   5   0  25 0.00  0.0    0  7.1 12 160   M    M   0        19 190
 8 104  81  93   8   0  28 0.00  0.0    0  7.8 18 150   M    M   0        23 150
 9 103  78  91   6   0  26 0.00  0.0    0  6.7 16  70   M    M   0        21 130
10 104  80  92   7   0  27 0.01  0.0    0  5.1 15 110   M    M   2 3      21 270
11 100  78  89   4   0  24 0.00  0.0    0  6.2 18  10   M    M   0        25  10
12  97  77  87   2   0  22 0.00  0.0    0  8.6 20 360   M    M   0        28 360
13  95  66  81  -4   0  16 0.00  0.0    0  5.0 14  50   M    M   0        17  80
14  97  70  84  -1   0  19 0.00  0.0    0  7.1 15 110   M    M   0        20 110
15 101  74  88   3   0  23 0.00  0.0    0  8.3 16 140   M    M   0        25 140
16 102  80  91   6   0  26    T  0.0    0  7.8 15 170   M    M   1 3      22 180
17  86  73  80  -5   0  15 0.86  0.0    0  5.5 14 340   M    M   3 13     18 340
18  91  77  84  -1   0  19    T  0.0    0  4.1 12 120   M    M   0        17 140
19  95  76  86   1   0  21 0.00  0.0    0  6.9 24 130   M    M   1        33 130
20  99  79  89   5   0  24 0.00  0.0    0 11.2 22 150   M    M   1        31 140
21 100  78  89   5   0  24 0.00  0.0    0 10.0 18 170   M    M   1        26 160
22 102  80  91   7   0  26 0.00  0.0    0  8.4 16 150   M    M   0        24 150
23 101  78  90   6   0  25 0.00  0.0    0  8.1 16 140   M    M   0        21 140
24 101  78  90   6   0  25 0.00  0.0    0  7.5 14 140   M    M   0        19 130
25 102  77  90   6   0  25 0.00  0.0    0  5.8 13 110   M    M   1         M  M
26 100  78  89   5   0  24 0.00  0.0    0  7.2 17  70   M    M   1        25  50
27  97  75  86   3   0  21 0.00  0.0    0  5.6 17  80   M    M   1        24  90
28  98  72  85   2   0  20 0.00  0.0    0  6.6 17 140   M    M   1        23 140
29  96  71  84   1   0  19 0.06  0.0    0  6.6 21 160   M    M   4 13     28 140
30  96  75  86   4   0  21 0.00  0.0    0  6.3 14 150   M    M   4        17 140
================================================================================
SM 2930 2262         0 655  1.05     0.0 207.2          M       41
================================================================================
AV 97.7 75.4                               6.9 FASTST   M    M   1    MAX(MPH)
                                 MISC ---->  # 24 130               # 33  130
================================================================================
NOTES:
# LAST OF SEVERAL OCCURRENCES

COLUMN 17 PEAK WIND IN M.P.H.

PRELIMINARY LOCAL CLIMATOLOGICAL DATA (WS FORM: F-6) , PAGE 2

                                          STATION:  DALLAS EXECUTIVE
                                          MONTH:    AUGUST
                                          YEAR:     2014
                                          LATITUDE:   32 40 N
                                          LONGITUDE:  96 52 W

[TEMPERATURE DATA]      [PRECIPITATION DATA]       SYMBOLS USED IN COLUMN 16

AVERAGE MONTHLY: 86.5   TOTAL FOR MONTH:   1.05    1 = FOG OR MIST
DPTR FM NORMAL:   2.1   DPTR FM NORMAL:   -2.30    2 = FOG REDUCING VISIBILITY
HIGHEST:   104 ON 10, 8 GRTST 24HR  0.86 ON 17-17      TO 1/4 MILE OR LESS
LOWEST:     66 ON 13                               3 = THUNDER
                        SNOW, ICE PELLETS, HAIL    4 = ICE PELLETS
                        TOTAL MONTH:   0.0 INCH    5 = HAIL
                        GRTST 24HR     0.0         6 = FREEZING RAIN OR DRIZZLE
                        GRTST DEPTH:   0           7 = DUSTSTORM OR SANDSTORM:
                                                       VSBY 1/2 MILE OR LESS
                                                   8 = SMOKE OR HAZE
[NO. OF DAYS WITH]      [WEATHER - DAYS WITH]      9 = BLOWING SNOW
                                                   X = TORNADO
MAX 32 OR BELOW:   0    0.01 INCH OR MORE:   5
MAX 90 OR ABOVE:  28    0.10 INCH OR MORE:   2
MIN 32 OR BELOW:   0    0.50 INCH OR MORE:   1
MIN  0 OR BELOW:   0    1.00 INCH OR MORE:   0

[HDD (BASE 65) ]
TOTAL THIS MO.     0    CLEAR  (SCALE 0-3)  25
DPTR FM NORMAL     0    PTCLDY (SCALE 4-7)   4
TOTAL FM JUL 1     0    CLOUDY (SCALE 8-10)  1
DPTR FM NORMAL     0

[CDD (BASE 65) ]
TOTAL THIS MO.   655
DPTR FM NORMAL    71    [PRESSURE DATA]
TOTAL FM JAN 1  2211    HIGHEST SLP M ON M
DPTR FM NORMAL   198    LOWEST  SLP 29.75 ON  7

[REMARKS]
