000
CXUS56 KMFR 231000
CF6RBG
PRELIMINARY LOCAL CLIMATOLOGICAL DATA (WS FORM: F-6)

                                          STATION:   ROSEBURG OR
                                          MONTH:     SEPTEMBER
                                          YEAR:      2017
                                          LATITUDE:   43 13 N
                                          LONGITUDE: 123 22 W

  TEMPERATURE IN F:       :PCPN:    SNOW:  WIND      :SUNSHINE: SKY     :PK WND
================================================================================
1   2   3   4   5  6A  6B    7    8   9   10  11  12  13   14  15   16   17  18
                                     12Z  AVG MX 2MIN
DY MAX MIN AVG DEP HDD CDD  WTR  SNW DPTH SPD SPD DIR MIN PSBL S-S WX    SPD DR
================================================================================

 1  96  59  78  10   0  13 0.00    M    M  2.3 10 340   M    M   2 8      16  10
 2  89  61  75   7   0  10 0.00    M    M  0.6  7 230   M    M   4 8       9 220
 3  95  61  78  10   0  13 0.00    M    M  0.3  6 210   M    M  10 18      9 190
 4  90  62  76   8   0  11 0.00    M    M  1.0  8  10   M    M   8 8      10  10
 5  92  65  79  12   0  14 0.00    M    M  2.5 14 330   M    M   2 8      18 320
 6  86  65  76   9   0  11 0.05    M    M  2.9 23  20   M    M   4 138    29  30
 7  75  63  69   2   0   4 0.06    M    M  3.6 12 310   M    M   7 138    16 300
 8  71  63  67   0   0   2 0.00    M    M  2.3  7 350   M    M  10 18     14 330
 9  84  63  74   7   0   9 0.00    M    M  3.9 13 340   M    M   5        16 330
10  85  62  74   8   0   9 0.00    M    M  5.3 17  10   M    M   4        22  10
11  93  55  74   8   0   9 0.00    M    M  3.0 20  10   M    M   0 8      22  20
12  94  59  77  11   0  12 0.00    M    M  3.0 15 320   M    M   0        19 320
13  83  55  69   3   0   4 0.00    M    M  5.7 15  10   M    M   0        22  10
14  78  55  67   1   0   2    T    M    M  2.6 15 330   M    M   2        23 340
15  82  48  65   0   0   0 0.00    M    M  2.8 15  10   M    M   0 8      19 360
16  78  53  66   1   0   1 0.00    M    M  2.4 12 310   M    M   1 8      17 300
17  75  51  63  -2   2   0    T    M    M  2.7 12 260   M    M   5 8      20 240
18  64  54  59  -5   6   0 0.11    M    M  4.6 18 230   M    M   9 1      24 230
19  65  53  59  -5   6   0 0.08    M    M  4.7 13 220   M    M   9 1      18 220
20  61  50  56  -8   9   0 0.46    M    M  2.7 13 230   M    M   9        19 230
21  61  46  54 -10  11   0    T    M    M  2.0  9 310   M    M   7 12     11 320
22  67  42  55  -8  10   0 0.00    M    M  3.2 12 320   M    M   4 1      16  30
================================================================================
SM 1764 1245        44 124  0.76    M     64.1          M      102
================================================================================
AV 80.2 56.6                               2.9 FASTST   M    M   5    MAX(MPH)
                                 MISC ---->  # 23  20               # 29   30
================================================================================
NOTES:
# LAST OF SEVERAL OCCURRENCES

COLUMN 17 PEAK WIND IN M.P.H.

PRELIMINARY LOCAL CLIMATOLOGICAL DATA (WS FORM: F-6) , PAGE 2

                                          STATION:  ROSEBURG OR
                                          MONTH:    SEPTEMBER
                                          YEAR:     2017
                                          LATITUDE:   43 13 N
                                          LONGITUDE: 123 22 W

[TEMPERATURE DATA]      [PRECIPITATION DATA]       SYMBOLS USED IN COLUMN 16

AVERAGE MONTHLY: 68.4   TOTAL FOR MONTH:   0.76    1 = FOG OR MIST
DPTR FM NORMAL:   2.4   DPTR FM NORMAL:    0.14    2 = FOG REDUCING VISIBILITY
HIGHEST:    96 ON  1    GRTST 24HR  0.46 ON 20-20      TO 1/4 MILE OR LESS
LOWEST:     42 ON 22                               3 = THUNDER
                        SNOW, ICE PELLETS, HAIL    4 = ICE PELLETS
                        TOTAL MONTH:    M          5 = HAIL
                        GRTST 24HR    M  ON   M    6 = FREEZING RAIN OR DRIZZLE
                        GRTST DEPTH:  M  ON   M    7 = DUSTSTORM OR SANDSTORM:
                                                       VSBY 1/2 MILE OR LESS
                                                   8 = SMOKE OR HAZE
[NO. OF DAYS WITH]      [WEATHER - DAYS WITH]      9 = BLOWING SNOW
                                                   X = TORNADO
MAX 32 OR BELOW:   0    0.01 INCH OR MORE:   5
MAX 90 OR ABOVE:   6    0.10 INCH OR MORE:   2
MIN 32 OR BELOW:   0    0.50 INCH OR MORE:   0
MIN  0 OR BELOW:   0    1.00 INCH OR MORE:   0

[HDD (BASE 65) ]
TOTAL THIS MO.    44    CLEAR  (SCALE 0-3)   8
DPTR FM NORMAL     9    PTCLDY (SCALE 4-7)   9
TOTAL FM JUL 1    44    CLOUDY (SCALE 8-10)  5
DPTR FM NORMAL   -12

[CDD (BASE 65) ]
TOTAL THIS MO.   124
DPTR FM NORMAL    66    [PRESSURE DATA]
TOTAL FM JAN 1   849    HIGHEST SLP  0.00 ON M
DPTR FM NORMAL   380    LOWEST  SLP  0.00 ON M

[REMARKS]
