000
CXUS56 KMFR 011204
CF6RBG
PRELIMINARY LOCAL CLIMATOLOGICAL DATA (WS FORM: F-6)

                                          STATION:   ROSEBURG OR
                                          MONTH:     JANUARY
                                          YEAR:      2015
                                          LATITUDE:   43 13 N
                                          LONGITUDE: 123 22 W

  TEMPERATURE IN F:       :PCPN:    SNOW:  WIND      :SUNSHINE: SKY     :PK WND
================================================================================
1   2   3   4   5  6A  6B    7    8   9   10  11  12  13   14  15   16   17  18
                                     12Z  AVG MX 2MIN
DY MAX MIN AVG DEP HDD CDD  WTR  SNW DPTH SPD SPD DIR MIN PSBL S-S WX    SPD DR
================================================================================

 1  37  23  30 -12  35   0 0.00    M    M  1.0  7 160   M    M   4 12      9 220
 2  45  28  37  -5  28   0 0.00    M    M  0.3  7 110   M    M   6 128     9 130
 3  39  32  36  -6  29   0 0.00    M    M  0.5  6 150   M    M  10 12      7 360
 4  48  36  42   0  23   0    T    M    M  0.8  6 360   M    M   7 18      7 230
 5  53  40  47   5  18   0 0.00    M    M  0.6  7  80   M    M   4 1       8  30
 6  56  39  48   6  17   0 0.00    M    M  0.9  6 230   M    M   5 12      7 160
 7  52  40  46   4  19   0 0.00    M    M  0.4  6 220   M    M   7 12      7 220
 8  48  40  44   2  21   0 0.00    M    M  0.7  7 240   M    M  10 12      8 230
 9  46  40  43   0  22   0 0.00    M    M  1.3  6 360   M    M  10 12      7 240
10  48  42  45   2  20   0 0.00    M    M  0.8  7 360   M    M  10 12      7 360
11  51  46  49   6  16   0    T    M    M  0.6  5 270   M    M  10 1       6 150
12  52  47  50   7  15   0 0.17    M    M  0.5  5  10   M    M  10 1       7 250
13  54  43  49   6  16   0 0.00    M    M  3.9 12 360   M    M   8 1      14 360
14  53  38  46   3  19   0 0.00    M    M  1.2  6 140   M    M   5 12      8  60
15  52  40  46   3  19   0 0.40    M    M  1.7  9 160   M    M   9 128    11  70
16  59  45  52   9  13   0 0.07    M    M  1.7  7 170   M    M   4 1       8 160
17  62  47  55  12  10   0 0.72    M    M  2.3  9 160   M    M   9 1      17 330
18  58  40  49   6  16   0 0.02    M    M  2.2 12 160   M    M   4 1      17 230
19  56  38  47   4  18   0 0.00    M    M  1.2  8 340   M    M   4 12     11 340
20  44  36  40  -3  25   0 0.00    M    M  1.8  7  10   M    M   9 12      M  M
21  53  40  47   3  18   0 0.00    M    M  0.8  7 360   M    M   5         7  10
22  56  42  49   5  16   0    T    M    M  0.9  8 150   M    M   5        11 270
23  59  42  51   7  14   0    T    M    M  0.7  6 250   M    M   5         8 160
24  64  41  53   9  12   0 0.00    M    M  1.1  6 180   M    M   3 12      8 200
25  67  41  54  10  11   0 0.00    M    M  0.7  7 240   M    M   5 12      9 250
26  59  44  52   8  13   0 0.00    M    M  0.8  7 120   M    M   5 12      7 120
27  57  44  51   7  14   0 0.00    M    M  0.9  6 140   M    M   8 12      7 160
28  56  43  50   6  15   0 0.00    M    M  0.1  5 360   M    M   5 1       6 350
29  49  44  47   3  18   0 0.00    M    M  1.6  6  10   M    M  10 12      8  10
30  49  45  47   3  18   0 0.00    M    M  1.1  8 350   M    M  10 1      10 350
31  58  42  50   6  15   0 0.00    M    M  1.2  7 150   M    M   5         8 150
================================================================================
SM 1640 1248       563   0  1.38    M     34.3          M      211
================================================================================
AV 52.9 40.3                               1.1 FASTST   M    M   7    MAX(MPH)
                                 MISC ---->  # 12 360               # 17  330
================================================================================
NOTES:
# LAST OF SEVERAL OCCURRENCES

COLUMN 17 PEAK WIND IN M.P.H.

PRELIMINARY LOCAL CLIMATOLOGICAL DATA (WS FORM: F-6) , PAGE 2

                                          STATION:  ROSEBURG OR
                                          MONTH:    JANUARY
                                          YEAR:     2015
                                          LATITUDE:   43 13 N
                                          LONGITUDE: 123 22 W

[TEMPERATURE DATA]      [PRECIPITATION DATA]       SYMBOLS USED IN COLUMN 16

AVERAGE MONTHLY: 46.6   TOTAL FOR MONTH:   1.38    1 = FOG OR MIST
DPTR FM NORMAL:   3.5   DPTR FM NORMAL:   -3.71    2 = FOG REDUCING VISIBILITY
HIGHEST:    67 ON 25    GRTST 24HR  0.73 ON 17-18      TO 1/4 MILE OR LESS
LOWEST:     23 ON  1                               3 = THUNDER
                        SNOW, ICE PELLETS, HAIL    4 = ICE PELLETS
                        TOTAL MONTH:    M          5 = HAIL
                        GRTST 24HR    M  ON   M    6 = FREEZING RAIN OR DRIZZLE
                        GRTST DEPTH:  M  ON   M    7 = DUSTSTORM OR SANDSTORM:
                                                       VSBY 1/2 MILE OR LESS
                                                   8 = SMOKE OR HAZE
[NO. OF DAYS WITH]      [WEATHER - DAYS WITH]      9 = BLOWING SNOW
                                                   X = TORNADO
MAX 32 OR BELOW:   0    0.01 INCH OR MORE:   5
MAX 90 OR ABOVE:   0    0.10 INCH OR MORE:   3
MIN 32 OR BELOW:   3    0.50 INCH OR MORE:   1
MIN  0 OR BELOW:   0    1.00 INCH OR MORE:   0

[HDD (BASE 65) ]
TOTAL THIS MO.   563    CLEAR  (SCALE 0-3)   1
DPTR FM NORMAL  -116    PTCLDY (SCALE 4-7)  18
TOTAL FM JUL 1  1646    CLOUDY (SCALE 8-10) 12
DPTR FM NORMAL  -673

[CDD (BASE 65) ]
TOTAL THIS MO.     0
DPTR FM NORMAL     0    [PRESSURE DATA]
TOTAL FM JAN 1     0    HIGHEST SLP 30.51 ON 23
DPTR FM NORMAL     0    LOWEST  SLP 29.89 ON 17

[REMARKS]
#FINAL-01-15#
