000
CXUS51 KPHI 300800
CF6RDG
PRELIMINARY LOCAL CLIMATOLOGICAL DATA (WS FORM: F-6)

                                          STATION:   READING PA
                                          MONTH:     APRIL
                                          YEAR:      2016
                                          LATITUDE:   40 22 N
                                          LONGITUDE:  75 58 W

  TEMPERATURE IN F:       :PCPN:    SNOW:  WIND      :SUNSHINE: SKY     :PK WND
================================================================================
1   2   3   4   5  6A  6B    7    8   9   10  11  12  13   14  15   16   17  18
                                     12Z  AVG MX 2MIN
DY MAX MIN AVG DEP HDD CDD  WTR  SNW DPTH SPD SPD DIR MIN PSBL S-S WX    SPD DR
================================================================================

 1  81  60  71  24   0   6 0.02    M    M 10.9 32 270   M    M   6 3      43 240
 2  61  41  51   4  14   0 0.18    M    M 10.2 32 270   M    M   8        48 260
 3  44  30  37 -10  28   0    T    M    M 18.7 43 310   M    M   4        53 300
 4  49  31  40  -8  25   0 0.23    M    M  6.5 18 350   M    M   9 1      25  20
 5  43  26  35 -13  30   0 0.00    M    M 10.4 21 340   M    M   3        27 360
 6  53  24  39  -9  26   0 0.00    M    M  9.1 26 200   M    M   0        35 200
 7  59  44  52   3  13   0 0.68    M    M 10.2 22 270   M    M   6 1      33 280
 8  49  34  42  -7  23   0    T    M    M 11.4 26 290   M    M   6        32 270
 9  39  32  36 -13  29   0 0.09    M    M  8.6 24 320   M    M   8 1      32 310
10  48  25  37 -13  28   0 0.00    M    M  8.2 16 320   M    M   4        22 320
11  63  42  53   3  12   0    T    M    M  7.4 17 200   M    M   8        24 200
12  64  40  52   2  13   0 0.17    M    M 10.2 25 350   M    M   5 1      32 360
13  56  32  44  -7  21   0 0.00    M    M  3.7 13  30   M    M   0        18  40
14  62  32  47  -4  18   0 0.00    M    M  3.7 12 160   M    M   0        18 360
15  64  36  50  -1  15   0 0.00    M    M  2.3  9 360   M    M   0        13 270
16  69  37  53   1  12   0 0.00    M    M  3.9 12  20   M    M   0        16  20
17  76  39  58   6   7   0 0.00    M    M  3.1 12 140   M    M   0        16 140
18  81  42  62  10   3   0 0.00    M    M  3.1 15 360   M    M   0        18 280
19  72  48  60   7   5   0 0.00    M    M  9.8 24 350   M    M   0        29 320
20  71  38  55   2  10   0 0.00    M    M  3.6 12 250   M    M   0        14 260
21  72  45  59   6   6   0 0.00    M    M  6.1 20 210   M    M   1        25 200
22  75  55  65  11   0   0    T    M    M  5.1 15 240   M    M   2        19 220
23  66  47  57   3   8   0 0.10    M    M 11.8 24 330   M    M   5        29  10
24  68  36  52  -2  13   0 0.00    M    M  5.7 20 330   M    M   0        23 330
25  77  45  61   6   4   0 0.00    M    M  3.1 12 150   M    M   0        15 170
26  84  53  69  14   0   4 0.02    M    M  6.5 28 290   M    M   3 3      33 290
27  55  48  52  -3  13   0    T    M    M  5.1  9  50   M    M  10 18     14  30
28  54  44  49  -7  16   0 0.27    M    M  3.4 10  80   M    M   7 18     14 110
29  52  44  48  -8  17   0 0.01    M    M  4.6 12 120   M    M  10 1      17 150
================================================================================
SM 1807 1150       409  10  1.77    M    206.4          M      105
================================================================================
AV 62.3 39.7                               7.1 FASTST   M    M   4    MAX(MPH)
                                 MISC ---->  # 43 310               # 53  300
================================================================================
NOTES:
# LAST OF SEVERAL OCCURRENCES

COLUMN 17 PEAK WIND IN M.P.H.

PRELIMINARY LOCAL CLIMATOLOGICAL DATA (WS FORM: F-6) , PAGE 2

                                          STATION:  READING PA
                                          MONTH:    APRIL
                                          YEAR:     2016
                                          LATITUDE:   40 22 N
                                          LONGITUDE:  75 58 W

[TEMPERATURE DATA]      [PRECIPITATION DATA]       SYMBOLS USED IN COLUMN 16

AVERAGE MONTHLY: 51.0   TOTAL FOR MONTH:   1.77    1 = FOG OR MIST
DPTR FM NORMAL:  -0.4   DPTR FM NORMAL:   -1.89    2 = FOG REDUCING VISIBILITY
HIGHEST:    84 ON 26    GRTST 24HR  0.68 ON  7- 7      TO 1/4 MILE OR LESS
LOWEST:     24 ON  6                               3 = THUNDER
                        SNOW, ICE PELLETS, HAIL    4 = ICE PELLETS
                        TOTAL MONTH:    M          5 = HAIL
                        GRTST 24HR    M  ON   M    6 = FREEZING RAIN OR DRIZZLE
                        GRTST DEPTH:  M  ON   M    7 = DUSTSTORM OR SANDSTORM:
                                                       VSBY 1/2 MILE OR LESS
                                                   8 = SMOKE OR HAZE
[NO. OF DAYS WITH]      [WEATHER - DAYS WITH]      9 = BLOWING SNOW
                                                   X = TORNADO
MAX 32 OR BELOW:   0    0.01 INCH OR MORE:  10
MAX 90 OR ABOVE:   0    0.10 INCH OR MORE:   6
MIN 32 OR BELOW:   8    0.50 INCH OR MORE:   1
MIN  0 OR BELOW:   0    1.00 INCH OR MORE:   0

[HDD (BASE 65) ]
TOTAL THIS MO.   409    CLEAR  (SCALE 0-3)  15
DPTR FM NORMAL     7    PTCLDY (SCALE 4-7)  10
TOTAL FM JUL 1  4289    CLOUDY (SCALE 8-10)  4
DPTR FM NORMAL  -898

[CDD (BASE 65) ]
TOTAL THIS MO.    10
DPTR FM NORMAL     8    [PRESSURE DATA]
TOTAL FM JAN 1    13    HIGHEST SLP M ON M
DPTR FM NORMAL    11    LOWEST  SLP 29.33 ON  2

[REMARKS]
