000
CXUS56 KBOI 301002
CF6REO
PRELIMINARY LOCAL CLIMATOLOGICAL DATA (WS FORM: F-6)

                                          STATION:   ROME OR
                                          MONTH:     JUNE
                                          YEAR:      2015
                                          LATITUDE:   42 35 N
                                          LONGITUDE: 117 52 W

  TEMPERATURE IN F:       :PCPN:    SNOW:  WIND      :SUNSHINE: SKY     :PK WND
================================================================================
1   2   3   4   5  6A  6B    7    8   9   10  11  12  13   14  15   16   17  18
                                     12Z  AVG MX 2MIN
DY MAX MIN AVG DEP HDD CDD  WTR  SNW DPTH SPD SPD DIR MIN PSBL S-S WX    SPD DR
================================================================================

 1  82  54  68  10   0   3 0.00    M    M 12.4 26 250   M    M   0        35 260
 2  75  51  63   5   2   0 0.00    M    M  9.1 24 260   M    M   0        35 260
 3  74  47  61   3   4   0 0.01    M    M  4.8 30 240   M    M   0        43 240
 4  71  50  61   2   4   0 0.00    M    M  6.7 17  10   M    M   0        22  20
 5  81  54  68   9   0   3 0.01    M    M  8.9 28 130   M    M   0        35 130
 6  86  49  68   9   0   3 0.00    M    M  7.3 21  20   M    M   0        28 340
 7  90  51  71  11   0   6 0.00    M    M  5.4 13 360   M    M   0        18  10
 8  96  55  76  16   0  11 0.00    M    M  5.7 15  70   M    M   0        19  70
 9  97  56  77  17   0  12 0.08    M    M  6.9 25 220   M    M   0 3      33 230
10  90  57  74  13   0   9 0.00    M    M  6.9 21 290   M    M   0        27 300
11  91  47  69   8   0   4 0.00    M    M  7.9 18 340   M    M   0        26 310
12  91  51  71   9   0   6 0.00    M    M  7.3 21 310   M    M   0        27 300
13  87  44  66   4   0   1 0.00    M    M  6.1 18 350   M    M   0        24 340
14  87  43  65   3   0   0 0.00    M    M  7.5 20  20   M    M   0        27  20
15  93  48  71   8   0   6 0.00    M    M  7.7 23 260   M    M   0        30 240
16  92  50  71   8   0   6 0.00    M    M  5.4 16 270   M    M   0        22 270
17  94  52  73  10   0   8 0.00    M    M  5.9 23 250   M    M   0        30 270
18  95  52  74  10   0   9 0.00    M    M  8.6 21 210   M    M   0        27 230
19  88  54  71   7   0   6 0.00    M    M  8.6 21 230   M    M   0        28 250
20  88  49  69   5   0   4 0.00    M    M  5.5 17 230   M    M   0        24 190
21  90  55  73   8   0   8 0.00    M    M 13.0 30 250   M    M   0        38 250
22  90  48  69   4   0   4 0.00    M    M  5.0 15 320   M    M   0        27 340
23  93  51  72   6   0   7 0.00    M    M  7.2 17 340   M    M   0        22 340
24  96  53  75   9   0  10 0.00    M    M  6.9 20 340   M    M   0        25 270
25  97  53  75   9   0  10 0.00    M    M  6.4 15  40   M    M   0        20 360
26 103  54  79  12   0  14 0.00    M    M  5.3 13  30   M    M   0        19 360
27 105  67  86  19   0  21 0.00    M    M  6.0 26 200   M    M   0        37 250
28 106  68  87  19   0  22 0.00    M    M  9.8 31 170   M    M   0        39 170
29 103  70  87  19   0  22 0.00    M    M  5.9 20 260   M    M   0        26 250
================================================================================
SM 2631 1533        10 215  0.10    M    210.1          M        0
================================================================================
AV 90.7 52.9                               7.2 FASTST   M    M   0    MAX(MPH)
                                 MISC ---->  # 31 170               # 43  240
================================================================================
NOTES:
# LAST OF SEVERAL OCCURRENCES

COLUMN 17 PEAK WIND IN M.P.H.

PRELIMINARY LOCAL CLIMATOLOGICAL DATA (WS FORM: F-6) , PAGE 2

                                          STATION:  ROME OR
                                          MONTH:    JUNE
                                          YEAR:     2015
                                          LATITUDE:   42 35 N
                                          LONGITUDE: 117 52 W

[TEMPERATURE DATA]      [PRECIPITATION DATA]       SYMBOLS USED IN COLUMN 16

AVERAGE MONTHLY: 71.8   TOTAL FOR MONTH:   0.10    1 = FOG OR MIST
DPTR FM NORMAL:   9.1   DPTR FM NORMAL:   -0.70    2 = FOG REDUCING VISIBILITY
HIGHEST:   106 ON 28    GRTST 24HR  0.08 ON  9- 9      TO 1/4 MILE OR LESS
LOWEST:     43 ON 14                               3 = THUNDER
                        SNOW, ICE PELLETS, HAIL    4 = ICE PELLETS
                        TOTAL MONTH:    M          5 = HAIL
                        GRTST 24HR    M  ON   M    6 = FREEZING RAIN OR DRIZZLE
                        GRTST DEPTH:  M  ON   M    7 = DUSTSTORM OR SANDSTORM:
                                                       VSBY 1/2 MILE OR LESS
                                                   8 = SMOKE OR HAZE
[NO. OF DAYS WITH]      [WEATHER - DAYS WITH]      9 = BLOWING SNOW
                                                   X = TORNADO
MAX 32 OR BELOW:   0    0.01 INCH OR MORE:   3
MAX 90 OR ABOVE:  19    0.10 INCH OR MORE:   0
MIN 32 OR BELOW:   0    0.50 INCH OR MORE:   0
MIN  0 OR BELOW:   0    1.00 INCH OR MORE:   0

[HDD (BASE 65) ]
TOTAL THIS MO.    10    CLEAR  (SCALE 0-3)  29
DPTR FM NORMAL  -113    PTCLDY (SCALE 4-7)   0
TOTAL FM JUL 1  5158    CLOUDY (SCALE 8-10)  0
DPTR FM NORMAL -1421

[CDD (BASE 65) ]
TOTAL THIS MO.   215
DPTR FM NORMAL   157    [PRESSURE DATA]
TOTAL FM JAN 1   230    HIGHEST SLP M ON M
DPTR FM NORMAL   162    LOWEST  SLP 29.61 ON  9

[REMARKS]
