000
CXUS56 KBOI 221002
CF6REO
PRELIMINARY LOCAL CLIMATOLOGICAL DATA (WS FORM: F-6)

                                          STATION:   ROME OR
                                          MONTH:     SEPTEMBER
                                          YEAR:      2017
                                          LATITUDE:   42 35 N
                                          LONGITUDE: 117 52 W

  TEMPERATURE IN F:       :PCPN:    SNOW:  WIND      :SUNSHINE: SKY     :PK WND
================================================================================
1   2   3   4   5  6A  6B    7    8   9   10  11  12  13   14  15   16   17  18
                                     12Z  AVG MX 2MIN
DY MAX MIN AVG DEP HDD CDD  WTR  SNW DPTH SPD SPD DIR MIN PSBL S-S WX    SPD DR
================================================================================

 1  95  49  72   6   0   7 0.00    M    M  5.1 12  70   M    M   0        16  20
 2 101  53  77  11   0  12 0.00    M    M  5.8 13  50   M    M   0        16  10
 3 105  54  80  15   0  15 0.00    M    M  4.9 14 340   M    M   0        19  40
 4 104  57  81  16   0  16 0.00    M    M  7.2 21 360   M    M   0        27 360
 5  99  56  78  13   0  13 0.00    M    M  6.7 16  10   M    M   0        21 360
 6  95  51  73   9   0   8 0.00    M    M  8.5 25 150   M    M   0        34 100
 7  97  60  79  15   0  14 0.00    M    M  7.5 20 180   M    M   0        29 130
 8  90  57  74  10   0   9 0.02    M    M  6.5 32 210   M    M   0        39 220
 9  89  61  75  12   0  10 0.00    M    M  5.2 18 270   M    M   0        23 270
10  91  51  71   8   0   6 0.00    M    M  6.2 16 360   M    M   0        21 360
11  94  50  72  10   0   7 0.00    M    M  6.2 12 340   M    M   0         M  M
12  87  58  73  11   0   8 0.00    M    M  7.0 22 150   M    M   0        31 140
13  89  54  72  10   0   7 0.00    M    M  7.4 14 230   M    M   0        27 240
14  76  49  63   2   2   0 0.00    M    M  8.4 21 320   M    M   0        35 330
15  70  37  54  -7  11   0 0.00    M    M 10.1 18 320   M    M   0        30 310
16  67  32  50 -10  15   0 0.00    M    M  4.9  9  40   M    M   0         M  M
17  80  34  57  -3   8   0 0.00    M    M  9.6 21 230   M    M   0        30 240
18  68  47  58  -1   7   0 0.13    M    M 11.7 20 290   M    M   0        32 250
19  63  42  53  -6  12   0 0.00    M    M 14.0 25 250   M    M   0        36 250
20  68  44  56  -2   9   0 0.23    M    M 13.6 35 220   M    M   0        51 220
21  55  35  45 -13  20   0 0.02    M    M  6.2 18 310   M    M   0        27 310
================================================================================
SM 1783 1031        84 132  0.40    M    162.7          M        0
================================================================================
AV 84.9 49.1                               7.7 FASTST   M    M   0    MAX(MPH)
                                 MISC ---->  # 35 220               # 51  220
================================================================================
NOTES:
# LAST OF SEVERAL OCCURRENCES

COLUMN 17 PEAK WIND IN M.P.H.

PRELIMINARY LOCAL CLIMATOLOGICAL DATA (WS FORM: F-6) , PAGE 2

                                          STATION:  ROME OR
                                          MONTH:    SEPTEMBER
                                          YEAR:     2017
                                          LATITUDE:   42 35 N
                                          LONGITUDE: 117 52 W

[TEMPERATURE DATA]      [PRECIPITATION DATA]       SYMBOLS USED IN COLUMN 16

AVERAGE MONTHLY: 67.0   TOTAL FOR MONTH:   0.40    1 = FOG OR MIST
DPTR FM NORMAL:   4.8   DPTR FM NORMAL:    0.16    2 = FOG REDUCING VISIBILITY
HIGHEST:   105 ON  3    GRTST 24HR  0.23 ON 20-20      TO 1/4 MILE OR LESS
LOWEST:     32 ON 16                               3 = THUNDER
                        SNOW, ICE PELLETS, HAIL    4 = ICE PELLETS
                        TOTAL MONTH:    M          5 = HAIL
                        GRTST 24HR    M  ON   M    6 = FREEZING RAIN OR DRIZZLE
                        GRTST DEPTH:  M  ON   M    7 = DUSTSTORM OR SANDSTORM:
                                                       VSBY 1/2 MILE OR LESS
                                                   8 = SMOKE OR HAZE
[NO. OF DAYS WITH]      [WEATHER - DAYS WITH]      9 = BLOWING SNOW
                                                   X = TORNADO
MAX 32 OR BELOW:   0    0.01 INCH OR MORE:   4
MAX 90 OR ABOVE:  10    0.10 INCH OR MORE:   2
MIN 32 OR BELOW:   1    0.50 INCH OR MORE:   0
MIN  0 OR BELOW:   0    1.00 INCH OR MORE:   0

[HDD (BASE 65) ]
TOTAL THIS MO.    84    CLEAR  (SCALE 0-3)  21
DPTR FM NORMAL   -13    PTCLDY (SCALE 4-7)   0
TOTAL FM JUL 1    84    CLOUDY (SCALE 8-10)  0
DPTR FM NORMAL   -54

[CDD (BASE 65) ]
TOTAL THIS MO.   132
DPTR FM NORMAL    93    [PRESSURE DATA]
TOTAL FM JAN 1  1037    HIGHEST SLP M ON M
DPTR FM NORMAL   532    LOWEST  SLP 29.61 ON M

[REMARKS]
