000
CXUS55 KLOT 300700
CF6RFD
PRELIMINARY LOCAL CLIMATOLOGICAL DATA (WS FORM: F-6)

                                          STATION:   ROCKFORD IL
                                          MONTH:     SEPTEMBER
                                          YEAR:      2014
                                          LATITUDE:   42 12 N
                                          LONGITUDE:  89  6 W

  TEMPERATURE IN F:       :PCPN:    SNOW:  WIND      :SUNSHINE: SKY     :PK WND
================================================================================
1   2   3   4   5  6A  6B    7    8   9   10  11  12  13   14  15   16   17  18
                                     12Z  AVG MX 2MIN
DY MAX MIN AVG DEP HDD CDD  WTR  SNW DPTH SPD SPD DIR MIN PSBL S-S WX    SPD DR
================================================================================

 1  83  68  76   7   0  11 0.03  0.0    0  9.1 20 230   M    M   8 1      26 230
 2  81  60  71   2   0   6    T  0.0    0  4.7 17 270   M    M   5 12     22 290
 3  83  56  70   1   0   5 0.00  0.0    0  8.2 20 180   M    M   1 1      25 180
 4  84  69  77   9   0  12 0.80  0.0    0 12.8 31 200   M    M   7 13     40 200
 5  83  60  72   4   0   7 0.21  0.0    0  9.7 25 310   M    M   8 3      34 300
 6  75  54  65  -3   0   0 0.00  0.0    0  6.9 14 350   M    M   4        18 360
 7  79  51  65  -3   0   0 0.00  0.0    0  2.3  9 210   M    M   1 1      12 150
 8  76  54  65  -2   0   0 0.00  0.0    0  6.6 18 180   M    M   6        22 180
 9  79  61  70   3   0   5 0.06  0.0    0  6.5 20 170   M    M   9 1      24 160
10  78  53  66   0   0   1 0.63  0.0    0 15.0 26 310   M    M  10 1      33 310
11  54  48  51 -15  14   0 0.00  0.0    0  9.2 20  10   M    M  10        24  20
12  53  40  47 -19  18   0 0.10  0.0    0 10.4 17  10   M    M   9 1      21 360
13  60  39  50 -15  15   0 0.00  0.0    0  4.7 13 350   M    M   4 1      23  10
14  66  39  53 -12  12   0 0.00  0.0    0  4.6 12 220   M    M   3 1       M  M
15  62  43  53 -11  12   0 0.02  0.0    0  4.2 18  10   M    M   8 1      22  10
16  67  39  53 -11  12   0 0.00  0.0    0  2.9 13 260   M    M   0 1      19 260
17  72  41  57  -7   8   0 0.00  0.0    0  1.5  9 280   M    M   3 1      13 250
18  71  48  60  -3   5   0 0.00  0.0    0  6.0 14 100   M    M   2 18     18  90
19  76  52  64   1   1   0 0.00  0.0    0 12.8 26 170   M    M   6 18     33 170
20  80  60  70   8   0   5 0.15  0.0    0 10.6 25 280   M    M   7 13     34 280
21  69  47  58  -4   7   0 0.00  0.0    0 10.6 24 310   M    M   4        33 310
22  70  41  56  -5   9   0 0.00  0.0    0  3.3 10 280   M    M   0 1      13 280
23  75  44  60  -1   5   0 0.00  0.0    0  3.6 10 170   M    M   3        14 200
24  75  50  63   3   2   0 0.00  0.0    0  6.2 15 170   M    M   8        17 150
25  80  55  68   8   0   3 0.00  0.0    0  3.3 12 160   M    M   5        15 160
26  82  52  67   8   0   2 0.00  0.0    M  4.4 12 100   M    M   3 18     15 110
27  83  57  70  11   0   5 0.00  0.0    0  3.6 13 100   M    M   7        17 110
28  83  54  69  11   0   4 0.00  0.0    0  1.1  9  30   M    M   4 1      12 300
29  84  53  69  11   0   4 0.00  0.0    0  6.7 21  30   M    M   4 1      24  50
================================================================================
SM 2163 1488       120  70  2.00     0.0 191.5          M      149
================================================================================
AV 74.6 51.3                               6.6 FASTST   M    M   5    MAX(MPH)
                                 MISC ---->  # 31 200               # 40  200
================================================================================
NOTES:
# LAST OF SEVERAL OCCURRENCES

COLUMN 17 PEAK WIND IN M.P.H.

PRELIMINARY LOCAL CLIMATOLOGICAL DATA (WS FORM: F-6) , PAGE 2

                                          STATION:  ROCKFORD IL
                                          MONTH:    SEPTEMBER
                                          YEAR:     2014
                                          LATITUDE:   42 12 N
                                          LONGITUDE:  89  6 W

[TEMPERATURE DATA]      [PRECIPITATION DATA]       SYMBOLS USED IN COLUMN 16

AVERAGE MONTHLY: 62.9   TOTAL FOR MONTH:   2.00    1 = FOG OR MIST
DPTR FM NORMAL:  -1.2   DPTR FM NORMAL:   -1.25    2 = FOG REDUCING VISIBILITY
HIGHEST:    84 ON 29, 4 GRTST 24HR  0.80 ON  3- 4      TO 1/4 MILE OR LESS
LOWEST:     39 ON 16,14                            3 = THUNDER
                        SNOW, ICE PELLETS, HAIL    4 = ICE PELLETS
                        TOTAL MONTH:   0.0 INCH    5 = HAIL
                        GRTST 24HR     0.0         6 = FREEZING RAIN OR DRIZZLE
                        GRTST DEPTH:   0           7 = DUSTSTORM OR SANDSTORM:
                                                       VSBY 1/2 MILE OR LESS
                                                   8 = SMOKE OR HAZE
[NO. OF DAYS WITH]      [WEATHER - DAYS WITH]      9 = BLOWING SNOW
                                                   X = TORNADO
MAX 32 OR BELOW:   0    0.01 INCH OR MORE:   8
MAX 90 OR ABOVE:   0    0.10 INCH OR MORE:   5
MIN 32 OR BELOW:   0    0.50 INCH OR MORE:   2
MIN  0 OR BELOW:   0    1.00 INCH OR MORE:   0

[HDD (BASE 65) ]
TOTAL THIS MO.   120    CLEAR  (SCALE 0-3)   8
DPTR FM NORMAL    12    PTCLDY (SCALE 4-7)  15
TOTAL FM JUL 1   130    CLOUDY (SCALE 8-10)  6
DPTR FM NORMAL     8

[CDD (BASE 65) ]
TOTAL THIS MO.    70
DPTR FM NORMAL   -13    [PRESSURE DATA]
TOTAL FM JAN 1   726    HIGHEST SLP M ON M
DPTR FM NORMAL   -84    LOWEST  SLP 29.51 ON 10

[REMARKS]
