000
CXUS51 KAKQ 281010
CF6RIC
PRELIMINARY LOCAL CLIMATOLOGICAL DATA (WS FORM: F-6)

                                          STATION:   RICHMOND VA
                                          MONTH:     AUGUST
                                          YEAR:      2015
                                          LATITUDE:   37 30 N
                                          LONGITUDE:  77 20 W

  TEMPERATURE IN F:       :PCPN:    SNOW:  WIND      :SUNSHINE: SKY     :PK WND
================================================================================
1   2   3   4   5  6A  6B    7    8   9   10  11  12  13   14  15   16   17  18
                                     12Z  AVG MX 2MIN
DY MAX MIN AVG DEP HDD CDD  WTR  SNW DPTH SPD SPD DIR MIN PSBL S-S WX    SPD DR
================================================================================

 1  93  67  80   1   0  15 0.00  0.0    0  4.1 15 260   M    M   3        18 260
 2  90  70  80   1   0  15 0.00  0.0    0  5.4 13  30   M    M   6        18 340
 3  92  66  79   0   0  14 0.00  0.0    0  7.2 17 200   M    M   4        21 200
 4  96  75  86   7   0  21 0.00  0.0    0  9.2 18 200   M    M   5 3      23 210
 5  95  75  85   7   0  20 0.00  0.0    0  4.7 16 240   M    M   6        23 260
 6  88  71  80   2   0  15 0.93  0.0    0  5.9 28 260   M    M   9 13     33 270
 7  78  71  75  -3   0  10    T  0.0    0  8.0 17  30   M    M  10 1      22  30
 8  83  66  75  -3   0  10 0.14  0.0    0  8.1 16  10   M    M   7 1      21 360
 9  86  64  75  -3   0  10 0.00  0.0    0  4.1 10 140   M    M   5        15 140
10  78  70  74  -4   0   9 0.68  0.0    0  5.7 15 190   M    M  10 13     20 190
11  90  70  80   2   0  15 0.60  0.0    0  8.9 23 350   M    M   8 13     29 360
12  86  67  77  -1   0  12 0.00  0.0    0  6.9 17  10   M    M   3        22  10
13  85  66  76  -2   0  11 0.00  0.0    0  4.4 13  10   M    M   5        21  20
14  86  62  74  -4   0   9 0.00  0.0    0  2.8 12  50   M    M   3        14  50
15  87  62  75  -3   0  10 0.00  0.0    0  2.5  9 120   M    M   4        15 120
16  91  65  78   0   0  13 0.00  0.0    0  2.7 10 110   M    M   4        17  90
17  92  67  80   2   0  15 0.00  0.0    0  2.7  9 120   M    M   2         M  M
18  88  71  80   2   0  15    T  0.0    0  5.4 15 260   M    M   8 1      17 280
19  88  73  81   4   0  16 0.31  0.0    0  5.9 22 140   M    M   8 1      25 140
20  88  74  81   4   0  16 0.00  0.0    0  5.4 15 350   M    M   8 1      17 350
21  86  68  77   0   0  12 0.00  0.0    0  8.7 17  10   M    M   7        23 360
22  86  63  75  -2   0  10 0.00  0.0    0  6.3 14  20   M    M   6        18  20
23  87  62  75  -2   0  10 0.00  0.0    0  3.5  8 120   M    M   5        10 110
24  91  68  80   3   0  15 0.05  0.0    0  5.1 18  30   M    M   5 38     24  80
25  86  68  77   0   0  12 0.06  0.0    0  4.4 14  20   M    M   6        16  10
26  83  65  74  -2   0   9 0.00  0.0    0  6.8 15  20   M    M   7 8      18 360
27  84  64  74  -2   0   9 0.00  0.0    0  5.4 12 360   M    M   6        15  20
================================================================================
SM 2363 1830         0 348  2.77     0.0 150.2          M      160
================================================================================
AV 87.5 67.8                               5.6 FASTST   M    M   6    MAX(MPH)
                                 MISC ---->  # 28 260               # 33  270
================================================================================
NOTES:
# LAST OF SEVERAL OCCURRENCES

COLUMN 17 PEAK WIND IN M.P.H.

PRELIMINARY LOCAL CLIMATOLOGICAL DATA (WS FORM: F-6) , PAGE 2

                                          STATION:  RICHMOND VA
                                          MONTH:    AUGUST
                                          YEAR:     2015
                                          LATITUDE:   37 30 N
                                          LONGITUDE:  77 20 W

[TEMPERATURE DATA]      [PRECIPITATION DATA]       SYMBOLS USED IN COLUMN 16

AVERAGE MONTHLY: 77.6   TOTAL FOR MONTH:   2.77    1 = FOG OR MIST
DPTR FM NORMAL:  -0.1   DPTR FM NORMAL:   -1.35    2 = FOG REDUCING VISIBILITY
HIGHEST:    96 ON  4    GRTST 24HR  1.14 ON 10-11      TO 1/4 MILE OR LESS
LOWEST:     62 ON 23,15                            3 = THUNDER
                        SNOW, ICE PELLETS, HAIL    4 = ICE PELLETS
                        TOTAL MONTH:   0.0 INCH    5 = HAIL
                        GRTST 24HR     0.0         6 = FREEZING RAIN OR DRIZZLE
                        GRTST DEPTH:   0           7 = DUSTSTORM OR SANDSTORM:
                                                       VSBY 1/2 MILE OR LESS
                                                   8 = SMOKE OR HAZE
[NO. OF DAYS WITH]      [WEATHER - DAYS WITH]      9 = BLOWING SNOW
                                                   X = TORNADO
MAX 32 OR BELOW:   0    0.01 INCH OR MORE:   7
MAX 90 OR ABOVE:   9    0.10 INCH OR MORE:   5
MIN 32 OR BELOW:   0    0.50 INCH OR MORE:   3
MIN  0 OR BELOW:   0    1.00 INCH OR MORE:   0

[HDD (BASE 65) ]
TOTAL THIS MO.     0    CLEAR  (SCALE 0-3)   4
DPTR FM NORMAL     0    PTCLDY (SCALE 4-7)  18
TOTAL FM JUL 1     0    CLOUDY (SCALE 8-10)  5
DPTR FM NORMAL     0

[CDD (BASE 65) ]
TOTAL THIS MO.   348
DPTR FM NORMAL     4    [PRESSURE DATA]
TOTAL FM JAN 1  1460    HIGHEST SLP M ON M
DPTR FM NORMAL   197    LOWEST  SLP 29.78 ON  7

[REMARKS]
