000
CXUS55 KGJT 221000
CF6RIL
PRELIMINARY LOCAL CLIMATOLOGICAL DATA (WS FORM: F-6)

                                          STATION:   RIFLE CO
                                          MONTH:     MAY
                                          YEAR:      2015
                                          LATITUDE:   39 31 N
                                          LONGITUDE: 107 43 W

  TEMPERATURE IN F:       :PCPN:    SNOW:  WIND      :SUNSHINE: SKY     :PK WND
================================================================================
1   2   3   4   5  6A  6B    7    8   9   10  11  12  13   14  15   16   17  18
                                     12Z  AVG MX 2MIN
DY MAX MIN AVG DEP HDD CDD  WTR  SNW DPTH SPD SPD DIR MIN PSBL S-S WX    SPD DR
================================================================================

 1  78  42  60   8   5   0    T    M    M  5.7 31 310   M    M   0 3      40 320
 2  81  43  62  10   3   0 0.00    M    M  6.7 28 250   M    M   1        37 260
 3  77  44  61   8   4   0 0.23    M    M  8.1 23 320   M    M   4 13     30 310
 4  67  44  56   3   9   0 0.01    M    M  3.1 16 270   M    M   5 13     18 260
 5  65  44  55   2  10   0 0.40    M    M  7.7 26 260   M    M   5 1      32 260
 6  55  42  49  -5  16   0 0.85    M    M  5.0 23 270   M    M   8 138    30 250
 7  67  40  54   0  11   0 0.07    M    M  4.3 25 210   M    M   3 3      31 210
 8  65  41  53  -1  12   0 0.35    M    M  6.2 33 270   M    M   6 13     41 260
 9  55  38  47  -7  18   0 0.11    M    M  8.6 24 260   M    M   4        30 260
10  55  39  47  -8  18   0    T    M    M  9.9 20 270   M    M   7        27 330
11  65  33  49  -6  16   0 0.00    M    M  3.7  9 290   M    M   0        14 320
12  76  39  58   3   7   0 0.00    M    M  7.3 32 180   M    M   4        41 170
13  73  48  61   5   4   0 0.00    M    M  6.9 28 150   M    M   4        32 140
14  65  42  54  -2  11   0 0.15    M    M  5.8 32 200   M    M   4 3      40 200
15  59  41  50  -6  15   0 0.13    M    M  8.3 31 260   M    M   6        38 270
16  54  38  46 -10  19   0 0.06    M    M  5.0 20 320   M    M   5 3      25 330
17  64  45  55  -2  10   0 0.31    M    M  5.2 26 320   M    M   6        37 300
18  73  39  56  -1   9   0 0.11    M    M  4.9 28 220   M    M   3 13     36 220
19  57  42  50  -7  15   0 0.31    M    M  5.2 33 270   M    M   6 13     41 280
20  68  35  52  -6  13   0 0.00    M    M  4.2 15 260   M    M   1        18 270
21  70  38  54  -4  11   0 0.01    M    M  4.7 28 240   M    M   3 8      35 240
================================================================================
SM 1389  857       236   0  3.10    M    126.5          M       85
================================================================================
AV 66.1 40.8                               6.0 FASTST   M    M   4    MAX(MPH)
                                 MISC ---->  # 33 270               # 41  260
================================================================================
NOTES:
# LAST OF SEVERAL OCCURRENCES

COLUMN 17 PEAK WIND IN M.P.H.

PRELIMINARY LOCAL CLIMATOLOGICAL DATA (WS FORM: F-6) , PAGE 2

                                          STATION:  RIFLE CO
                                          MONTH:    MAY
                                          YEAR:     2015
                                          LATITUDE:   39 31 N
                                          LONGITUDE: 107 43 W

[TEMPERATURE DATA]      [PRECIPITATION DATA]       SYMBOLS USED IN COLUMN 16

AVERAGE MONTHLY: 53.5   TOTAL FOR MONTH:   3.10    1 = FOG OR MIST
DPTR FM NORMAL:  -1.5   DPTR FM NORMAL:    2.07    2 = FOG REDUCING VISIBILITY
HIGHEST:    81 ON  2    GRTST 24HR  1.14 ON  5- 6      TO 1/4 MILE OR LESS
LOWEST:     33 ON 11                               3 = THUNDER
                        SNOW, ICE PELLETS, HAIL    4 = ICE PELLETS
                        TOTAL MONTH:    M          5 = HAIL
                        GRTST 24HR    M  ON   M    6 = FREEZING RAIN OR DRIZZLE
                        GRTST DEPTH:  M  ON   M    7 = DUSTSTORM OR SANDSTORM:
                                                       VSBY 1/2 MILE OR LESS
                                                   8 = SMOKE OR HAZE
[NO. OF DAYS WITH]      [WEATHER - DAYS WITH]      9 = BLOWING SNOW
                                                   X = TORNADO
MAX 32 OR BELOW:   0    0.01 INCH OR MORE:  14
MAX 90 OR ABOVE:   0    0.10 INCH OR MORE:  10
MIN 32 OR BELOW:   0    0.50 INCH OR MORE:   1
MIN  0 OR BELOW:   0    1.00 INCH OR MORE:   0

[HDD (BASE 65) ]
TOTAL THIS MO.   236    CLEAR  (SCALE 0-3)   6
DPTR FM NORMAL    26    PTCLDY (SCALE 4-7)  15
TOTAL FM JUL 1  5718    CLOUDY (SCALE 8-10)  0
DPTR FM NORMAL  -789

[CDD (BASE 65) ]
TOTAL THIS MO.     0
DPTR FM NORMAL     0    [PRESSURE DATA]
TOTAL FM JAN 1     0    HIGHEST SLP M ON M
DPTR FM NORMAL     0    LOWEST  SLP 29.53 ON 15

[REMARKS]
