000
CXUS55 KGJT 311000
CF6RIL
PRELIMINARY LOCAL CLIMATOLOGICAL DATA (WS FORM: F-6)

                                          STATION:   RIFLE CO
                                          MONTH:     OCTOBER
                                          YEAR:      2014
                                          LATITUDE:   39 31 N
                                          LONGITUDE: 107 43 W

  TEMPERATURE IN F:       :PCPN:    SNOW:  WIND      :SUNSHINE: SKY     :PK WND
================================================================================
1   2   3   4   5  6A  6B    7    8   9   10  11  12  13   14  15   16   17  18
                                     12Z  AVG MX 2MIN
DY MAX MIN AVG DEP HDD CDD  WTR  SNW DPTH SPD SPD DIR MIN PSBL S-S WX    SPD DR
================================================================================

 1  53  40  47  -8  18   0 0.51    M    M  5.1 22 270   M    M   8 1      28 280
 2  57  34  46  -9  19   0 0.00    M    M  4.8 17 260   M    M   2 12     21 260
 3  66  33  50  -4  15   0 0.00    M    M  3.8 16 260   M    M   0        20 260
 4  70  35  53  -1  12   0 0.00    M    M  3.2 15 260   M    M   0        19 250
 5  71  36  54   0  11   0 0.00    M    M  4.2 18 290   M    M   0        24 290
 6  72  37  55   2  10   0 0.00    M    M  6.0 21 260   M    M   0        26 260
 7  71  37  54   1  11   0 0.00    M    M  2.0  7 160   M    M   0         8 160
 8  67  41  54   2  11   0 0.00    M    M  2.1  9  80   M    M   1         9  80
 9  57  50  54   2  11   0 0.10    M    M  2.3 10 140   M    M  10 1      11 140
10  63  45  54   2  11   0 0.03    M    M  3.5 12 290   M    M   7 1      13 280
11  70  40  55   4  10   0 0.00    M    M  4.9 20 270   M    M   2        24 270
12  54  40  47  -4  18   0 0.10    M    M  7.7 35 330   M    M   5 3      50 320
13  59  33  46  -4  19   0 0.00    M    M  3.0  9 120   M    M   2        11 120
14  67  29  48  -2  17   0 0.00    M    M  1.4  9 140   M    M   0        10  40
15  71  31  51   2  14   0 0.00    M    M  2.7 12 300   M    M   0        14 300
16  72  37  55   6  10   0 0.00    M    M  6.1 25 260   M    M   0        30 270
17  73  35  54   5  11   0 0.00    M    M  2.7 12 260   M    M   0        14 260
18  72  37  55   7  10   0 0.00    M    M  3.9 20 250   M    M   0        23 250
19  73  44  59  11   6   0 0.00    M    M  2.0  8 270   M    M   4        12 310
20  72  38  55   8  10   0    T    M    M  3.3 10 130   M    M   1        12 130
21  66  42  54   7  11   0 0.10    M    M  3.3 25 320   M    M   6 3      33 320
22  66  40  53   7  12   0 0.16    M    M  4.7 21 300   M    M   3 13     28 280
23  69  34  52   6  13   0 0.00    M    M  2.5 14 260   M    M   0        19 260
24  72  35  54   8  11   0 0.00    M    M  3.3 14 230   M    M   0        17 230
25  75  32  54   9  11   0 0.00    M    M  3.5 17 260   M    M   0        20 250
26  71  43  57  12   8   0    T    M    M 11.1 33 320   M    M   5 3      46 310
27  53  33  43  -1  22   0    T    M    M  7.0 23 320   M    M   4        26 320
28  59  25  42  -2  23   0 0.00    M    M  3.0 13 270   M    M   1        15 240
29  64  23  44   0  21   0 0.00    M    M  4.2 21 270   M    M   0        26 270
30  69  27  48   5  17   0 0.00    M    M  1.7  8 140   M    M   0         9 140
================================================================================
SM 1994 1086       403   0  1.00    M    119.0          M       61
================================================================================
AV 66.5 36.2                               4.0 FASTST   M    M   2    MAX(MPH)
                                 MISC ---->  # 35 330               # 50  320
================================================================================
NOTES:
# LAST OF SEVERAL OCCURRENCES

COLUMN 17 PEAK WIND IN M.P.H.

PRELIMINARY LOCAL CLIMATOLOGICAL DATA (WS FORM: F-6) , PAGE 2

                                          STATION:  RIFLE CO
                                          MONTH:    OCTOBER
                                          YEAR:     2014
                                          LATITUDE:   39 31 N
                                          LONGITUDE: 107 43 W

[TEMPERATURE DATA]      [PRECIPITATION DATA]       SYMBOLS USED IN COLUMN 16

AVERAGE MONTHLY: 51.3   TOTAL FOR MONTH:   1.00    1 = FOG OR MIST
DPTR FM NORMAL:   2.1   DPTR FM NORMAL:   -0.82    2 = FOG REDUCING VISIBILITY
HIGHEST:    75 ON 25    GRTST 24HR  0.52 ON 30- 1      TO 1/4 MILE OR LESS
LOWEST:     23 ON 29                               3 = THUNDER
                        SNOW, ICE PELLETS, HAIL    4 = ICE PELLETS
                        TOTAL MONTH:    M          5 = HAIL
                        GRTST 24HR    M  ON   M    6 = FREEZING RAIN OR DRIZZLE
                        GRTST DEPTH:  M  ON   M    7 = DUSTSTORM OR SANDSTORM:
                                                       VSBY 1/2 MILE OR LESS
                                                   8 = SMOKE OR HAZE
[NO. OF DAYS WITH]      [WEATHER - DAYS WITH]      9 = BLOWING SNOW
                                                   X = TORNADO
MAX 32 OR BELOW:   0    0.01 INCH OR MORE:   6
MAX 90 OR ABOVE:   0    0.10 INCH OR MORE:   5
MIN 32 OR BELOW:   6    0.50 INCH OR MORE:   1
MIN  0 OR BELOW:   0    1.00 INCH OR MORE:   0

[HDD (BASE 65) ]
TOTAL THIS MO.   403    CLEAR  (SCALE 0-3)  22
DPTR FM NORMAL   -74    PTCLDY (SCALE 4-7)   7
TOTAL FM JUL 1   489    CLOUDY (SCALE 8-10)  1
DPTR FM NORMAL  -134

[CDD (BASE 65) ]
TOTAL THIS MO.     0
DPTR FM NORMAL     0    [PRESSURE DATA]
TOTAL FM JAN 1   555    HIGHEST SLP M ON M
DPTR FM NORMAL    14    LOWEST  SLP 29.53 ON 26

[REMARKS]
