000
CXUS56 KSGX 181445
CF6RIV
PRELIMINARY LOCAL CLIMATOLOGICAL DATA (WS FORM: F-6)

                                          STATION:   RIVERSIDE/MARCH FIELD CA
                                          MONTH:     DECEMBER
                                          YEAR:      2014
                                          LATITUDE:   33 54 N
                                          LONGITUDE: 117 15 W

  TEMPERATURE IN F:       :PCPN:    SNOW:  WIND      :SUNSHINE: SKY     :PK WND
================================================================================
1   2   3   4   5  6A  6B    7    8   9   10  11  12  13   14  15   16   17  18
                                     12Z  AVG MX 2MIN
DY MAX MIN AVG DEP HDD CDD  WTR  SNW DPTH SPD SPD DIR MIN PSBL S-S WX    SPD DR
================================================================================

 1  67  45  56   M   9   0 0.00  0.0    0  2.5  7 300   M    M   1         M  M
 2  63  54  59   M   6   0 0.77    M    0  4.3 10 120   M    M  10 1       M  M
 3  66  56  61   M   4   0 0.51  0.0    0  6.0 12 100   M    M  10 1       M  M
 4  66  53  60   M   5   0 0.28  0.0    0  4.7  8 310   M    M   5 1       M  M
 5  67  49  58   M   7   0 0.00  0.0    0  1.9  6 320   M    M   3 1       M  M
 6  68  50  59   M   6   0 0.00  0.0    0  2.7  9 320   M    M   2 12      M  M
 7  75  47  61   M   4   0 0.00  0.0    0  3.0  8 350   M    M   0         M  M
 8  75  48  62   M   3   0 0.00  0.0    0  3.6  8 330   M    M   0         M  M
 9  75  41  58   M   7   0 0.00  0.0    0  2.1  9 330   M    M   0         M  M
10  72  42  57   M   8   0 0.00  0.0    0  2.1  7 290   M    M   4         M  M
11  67  50  59   M   6   0 0.00  0.0    0  5.4 12 160   M    M   3         M  M
12  58  49  54   M  11   0 0.73    M    0  8.8 16 150   M    M   8 1      24 130
13  59  42  51   M  14   0 0.14    M    0  3.0  8 290   M    M   3 1       M  M
14  61  37  49   M  16   0 0.00  0.0    0  1.7  7 310   M    M   0 1       M  M
15  61  39  50   M  15   0 0.00  0.0    0  2.1  8 120   M    M   1         M  M
16  55  42  49   M  16   0 0.06  0.0    0  2.8  7 160   M    M   8 1       M  M
17  58  46  52   M  13   0 0.11    M    0  4.3  7 230   M    M   8 1       M  M
================================================================================
SM 1113  790       150   0  2.60     0.0  61.0          M       66
================================================================================
AV 65.5 46.5                               3.6 FASTST   M    M   4    MAX(MPH)
                                 MISC ---->    16   M                 24    M
================================================================================
NOTES:
# LAST OF SEVERAL OCCURRENCES

COLUMN 17 PEAK WIND IN M.P.H.

PRELIMINARY LOCAL CLIMATOLOGICAL DATA (WS FORM: F-6) , PAGE 2

                                          STATION:  RIVERSIDE/MARCH FIELD CA
                                          MONTH:    DECEMBER
                                          YEAR:     2014
                                          LATITUDE:   33 54 N
                                          LONGITUDE: 117 15 W

[TEMPERATURE DATA]      [PRECIPITATION DATA]       SYMBOLS USED IN COLUMN 16

AVERAGE MONTHLY: 56.0   TOTAL FOR MONTH:   2.60    1 = FOG OR MIST
DPTR FM NORMAL:     M   DPTR FM NORMAL:       M    2 = FOG REDUCING VISIBILITY
HIGHEST:    75 ON  9, 8 GRTST 24HR  0.77 ON  2- 2      TO 1/4 MILE OR LESS
LOWEST:     37 ON 14                               3 = THUNDER
                        SNOW, ICE PELLETS, HAIL    4 = ICE PELLETS
                        TOTAL MONTH:   0.0 INCH    5 = HAIL
                        GRTST 24HR     0.0         6 = FREEZING RAIN OR DRIZZLE
                        GRTST DEPTH:   0           7 = DUSTSTORM OR SANDSTORM:
                                                       VSBY 1/2 MILE OR LESS
                                                   8 = SMOKE OR HAZE
[NO. OF DAYS WITH]      [WEATHER - DAYS WITH]      9 = BLOWING SNOW
                                                   X = TORNADO
MAX 32 OR BELOW:   0    0.01 INCH OR MORE:   7
MAX 90 OR ABOVE:   0    0.10 INCH OR MORE:   6
MIN 32 OR BELOW:   0    0.50 INCH OR MORE:   3
MIN  0 OR BELOW:   0    1.00 INCH OR MORE:   0

[HDD (BASE 65) ]
TOTAL THIS MO.   150    CLEAR  (SCALE 0-3)   7
DPTR FM NORMAL     M    PTCLDY (SCALE 4-7)   7
TOTAL FM JUL 1   332    CLOUDY (SCALE 8-10)  3
DPTR FM NORMAL     M

[CDD (BASE 65) ]
TOTAL THIS MO.     0
DPTR FM NORMAL     M    [PRESSURE DATA]
TOTAL FM JAN 1  1761    HIGHEST SLP M ON M
DPTR FM NORMAL     M    LOWEST  SLP M ON M

[REMARKS]
