000
CXUS55 KRIW 260901
CF6RIW
PRELIMINARY LOCAL CLIMATOLOGICAL DATA (WS FORM: F-6)

                                          STATION:   RIVERTON WY
                                          MONTH:     MARCH
                                          YEAR:      2015
                                          LATITUDE:   43  2 N
                                          LONGITUDE: 108 27 W

  TEMPERATURE IN F:       :PCPN:    SNOW:  WIND      :SUNSHINE: SKY     :PK WND
================================================================================
1   2   3   4   5  6A  6B    7    8   9   10  11  12  13   14  15   16   17  18
                                     12Z  AVG MX 2MIN
DY MAX MIN AVG DEP HDD CDD  WTR  SNW DPTH SPD SPD DIR MIN PSBL S-S WX    SPD DR
================================================================================

 1  24  11  18 -12  47   0 0.00  0.0    2  3.6 12 300   M    M   6        12 300
 2  25   7  16 -14  49   0 0.19  3.5    1  5.5 28  10   M    M   4 1      35  20
 3  22   1  12 -18  53   0 0.12  1.7    2 10.8 31  20   M    M   9 189    43  10
 4  13  -9   2 -29  63   0 0.00  0.0    3  4.6  9 220   M    M   0 18     10  60
 5  25  -7   9 -22  56   0 0.00  0.0    3  3.7 12 230   M    M   0        13 220
 6  42   9  26  -6  39   0 0.00  0.0    3  4.1 13 210   M    M   0        16 220
 7  43  19  31  -1  34   0 0.00  0.0    2  3.8 10 290   M    M   0        12 310
 8  43  23  33   0  32   0 0.00  0.0    T  4.3 13 220   M    M   0        18  80
 9  47  24  36   3  29   0 0.00  0.0    0  5.2 16 290   M    M   0        19 290
10  54  26  40   6  25   0 0.00  0.0    0  5.4 13 310   M    M   0        14 310
11  45  32  39   5  26   0 0.00  0.0    0  4.2 13 310   M    M   0        13 310
12  56  38  47  13  18   0 0.00  0.0    0  8.3 20 270   M    M   5        25 280
13  57  33  45  10  20   0 0.00  0.0    0  6.6 16 300   M    M   0        19 300
14  59  31  45  10  20   0 0.00  0.0    0  4.1 13 320   M    M   0        15 320
15  63  43  53  18  12   0 0.00  0.0    0  6.8 14 180   M    M   1        19 190
16  64  38  51  15  14   0 0.00  0.0    0 13.3 30  90   M    M   2        37  80
17  46  36  41   5  24   0 0.00  0.0    0  2.9 17  70   M    M   6        20  60
18  59  34  47  11  18   0 0.00  0.0    0  8.3 24  20   M    M   3        29  10
19  55  30  43   6  22   0 0.00  0.0    0  5.9 12 310   M    M   0        15 320
20  66  31  49  12  16   0 0.00  0.0    0  7.1 17 250   M    M   0        21 250
21  65  35  50  13  15   0 0.00  0.0    0  9.0 22 310   M    M   0        27 310
22  62  35  49  11  16   0 0.00  0.0    0  7.7 21 310   M    M   1        27 300
23  59  35  47   9  18   0    T  0.0    0 11.5 38 260   M    M   2        44 310
24  50  31  41   3  24   0 0.00  0.0    0 12.7 33 320   M    M   2        44 330
25  49  26  38   0  27   0 0.10  1.5    2 13.4 31 300   M    M   5 12     38 300
================================================================================
SM 1193  612       717   0  0.41     6.7 172.8          M       46
================================================================================
AV 47.7 24.5                               6.9 FASTST   M    M   2    MAX(MPH)
                                 MISC ---->  # 38 260               # 44  310
================================================================================
NOTES:
# LAST OF SEVERAL OCCURRENCES

COLUMN 17 PEAK WIND IN M.P.H.

PRELIMINARY LOCAL CLIMATOLOGICAL DATA (WS FORM: F-6) , PAGE 2

                                          STATION:  RIVERTON WY
                                          MONTH:    MARCH
                                          YEAR:     2015
                                          LATITUDE:   43  2 N
                                          LONGITUDE: 108 27 W

[TEMPERATURE DATA]      [PRECIPITATION DATA]       SYMBOLS USED IN COLUMN 16

AVERAGE MONTHLY: 36.1   TOTAL FOR MONTH:   0.41    1 = FOG OR MIST
DPTR FM NORMAL:   1.7   DPTR FM NORMAL:    0.03    2 = FOG REDUCING VISIBILITY
HIGHEST:    66 ON 20    GRTST 24HR  0.19 ON  2- 2      TO 1/4 MILE OR LESS
LOWEST:     -9 ON  4                               3 = THUNDER
                        SNOW, ICE PELLETS, HAIL    4 = ICE PELLETS
                        TOTAL MONTH:   6.7 INCHES  5 = HAIL
                        GRTST 24HR   3.5 ON  2- 2  6 = FREEZING RAIN OR DRIZZLE
                        GRTST DEPTH:   3 ON  6, 5  7 = DUSTSTORM OR SANDSTORM:
                                                       VSBY 1/2 MILE OR LESS
                                                   8 = SMOKE OR HAZE
[NO. OF DAYS WITH]      [WEATHER - DAYS WITH]      9 = BLOWING SNOW
                                                   X = TORNADO
MAX 32 OR BELOW:   5    0.01 INCH OR MORE:   3
MAX 90 OR ABOVE:   0    0.10 INCH OR MORE:   3
MIN 32 OR BELOW:  16    0.50 INCH OR MORE:   0
MIN  0 OR BELOW:   2    1.00 INCH OR MORE:   0

[HDD (BASE 65) ]
TOTAL THIS MO.   717    CLEAR  (SCALE 0-3)  19
DPTR FM NORMAL   -47    PTCLDY (SCALE 4-7)   5
TOTAL FM JUL 1  6110    CLOUDY (SCALE 8-10)  1
DPTR FM NORMAL  -508

[CDD (BASE 65) ]
TOTAL THIS MO.     0
DPTR FM NORMAL     0    [PRESSURE DATA]
TOTAL FM JAN 1     0    HIGHEST SLP M ON M
DPTR FM NORMAL     0    LOWEST  SLP 29.74 ON 23

[REMARKS]
