000
CXUS52 KFFC 231110
CF6RMG
PRELIMINARY LOCAL CLIMATOLOGICAL DATA (WS FORM: F-6)

                                          STATION:   ROME
                                          MONTH:     SEPTEMBER
                                          YEAR:      2017
                                          LATITUDE:   34 20 N
                                          LONGITUDE:  85 10 W

  TEMPERATURE IN F:       :PCPN:    SNOW:  WIND      :SUNSHINE: SKY     :PK WND
================================================================================
1   2   3   4   5  6A  6B    7    8   9   10  11  12  13   14  15   16   17  18
                                     12Z  AVG MX 2MIN
DY MAX MIN AVG DEP HDD CDD  WTR  SNW DPTH SPD SPD DIR MIN PSBL S-S WX    SPD DR
================================================================================

 1  80  65  73  -3   0   8 0.19  0.0    0 10.9 21 220   M    M   8 13     34 190
 2  82  59  71  -5   0   6 0.00  0.0    0  4.8 17 270   M    M   2 1      22 320
 3  86  56  71  -5   0   6 0.00  0.0    0  1.7  9 320   M    M   2 1      13 340
 4  87  57  72  -4   0   7 0.00  0.0    0  2.2 12 260   M    M   0        15 260
 5  89  62  76   1   0  11 0.87  0.0    0  4.5 23 300   M    M   4 13     31 290
 6  78  53  66  -9   0   1 0.11  0.0    0  7.0 15 330   M    M   4 13     27 290
 7  78  48  63 -12   2   0 0.00  0.0    0  2.0 10 340   M    M   0        16 340
 8  81  49  65 -10   0   0 0.00  0.0    0  3.3  9 360   M    M   0        12  70
 9  82  54  68  -6   0   3 0.00  0.0    0  5.0 13  80   M    M   2        18  80
10  78  59  69  -5   0   4 0.00  0.0    0  7.1 23  80   M    M   0        29  70
11  64  57  61 -13   4   0 2.98  0.0    0 12.1 33  10   M    M   8 1      46 360
12  65  59  62 -11   3   0 0.40  0.0    0  8.4 16 130   M    M  10 1      25 120
13  67  62  65  -8   0   0 0.00  0.0    0  5.9 14 200   M    M  10        19 190
14  82  63  73   0   0   8 0.05  0.0    0  2.1  9 200   M    M   7 12     12 220
15  86  61  74   2   0   9 0.00  0.0    0  2.0  7  50   M    M   4 12     10  90
16  88  62  75   3   0  10    T  0.0    0  2.7  8 360   M    M   3 1      12 130
17  89  65  77   5   0  12 0.00  0.0    0  1.7  9  20   M    M   3 1      11  70
18  89  61  75   4   0  10 0.00  0.0    0  1.9 10 330   M    M   1 12     13 330
19  90  61  76   5   0  11    T  0.0    0  1.7 10 310   M    M   1 12     14 320
20  90  67  79   8   0  14 0.00  0.0    0  1.8 10 340   M    M   5 12     12 340
21  90  66  78   8   0  13 0.00  0.0    0  2.1 12  30   M    M   1 13     13  50
22  91  66  79   9   0  14 0.00  0.0    0  2.2  7  60   M    M   0 1       9  60
================================================================================
SM 1812 1312         9 147  4.60     0.0  93.1          M       75
================================================================================
AV 82.4 59.6                               4.2 FASTST   M    M   3    MAX(MPH)
                                 MISC ---->  # 33  10               # 46  360
================================================================================
NOTES:
# LAST OF SEVERAL OCCURRENCES

COLUMN 17 PEAK WIND IN M.P.H.

PRELIMINARY LOCAL CLIMATOLOGICAL DATA (WS FORM: F-6) , PAGE 2

                                          STATION:  ROME
                                          MONTH:    SEPTEMBER
                                          YEAR:     2017
                                          LATITUDE:   34 20 N
                                          LONGITUDE:  85 10 W

[TEMPERATURE DATA]      [PRECIPITATION DATA]       SYMBOLS USED IN COLUMN 16

AVERAGE MONTHLY: 71.0   TOTAL FOR MONTH:   4.60    1 = FOG OR MIST
DPTR FM NORMAL:  -2.4   DPTR FM NORMAL:    2.27    2 = FOG REDUCING VISIBILITY
HIGHEST:    91 ON 22    GRTST 24HR  2.98 ON 11-11      TO 1/4 MILE OR LESS
LOWEST:     48 ON  7                               3 = THUNDER
                        SNOW, ICE PELLETS, HAIL    4 = ICE PELLETS
                        TOTAL MONTH:   0.0 INCH    5 = HAIL
                        GRTST 24HR     0.0         6 = FREEZING RAIN OR DRIZZLE
                        GRTST DEPTH:   0           7 = DUSTSTORM OR SANDSTORM:
                                                       VSBY 1/2 MILE OR LESS
                                                   8 = SMOKE OR HAZE
[NO. OF DAYS WITH]      [WEATHER - DAYS WITH]      9 = BLOWING SNOW
                                                   X = TORNADO
MAX 32 OR BELOW:   0    0.01 INCH OR MORE:   6
MAX 90 OR ABOVE:   4    0.10 INCH OR MORE:   5
MIN 32 OR BELOW:   0    0.50 INCH OR MORE:   2
MIN  0 OR BELOW:   0    1.00 INCH OR MORE:   1

[HDD (BASE 65) ]
TOTAL THIS MO.     9    CLEAR  (SCALE 0-3)  13
DPTR FM NORMAL     6    PTCLDY (SCALE 4-7)   6
TOTAL FM JUL 1     9    CLOUDY (SCALE 8-10)  3
DPTR FM NORMAL     6

[CDD (BASE 65) ]
TOTAL THIS MO.   147
DPTR FM NORMAL   -41    [PRESSURE DATA]
TOTAL FM JAN 1  1760    HIGHEST SLP M ON M
DPTR FM NORMAL   206    LOWEST  SLP 29.52 ON 11

[REMARKS]
