000
CXUS52 KFFC 161110
CF6RMG
PRELIMINARY LOCAL CLIMATOLOGICAL DATA (WS FORM: F-6)

                                          STATION:   ROME
                                          MONTH:     DECEMBER
                                          YEAR:      2017
                                          LATITUDE:   34 20 N
                                          LONGITUDE:  85 10 W

  TEMPERATURE IN F:       :PCPN:    SNOW:  WIND      :SUNSHINE: SKY     :PK WND
================================================================================
1   2   3   4   5  6A  6B    7    8   9   10  11  12  13   14  15   16   17  18
                                     12Z  AVG MX 2MIN
DY MAX MIN AVG DEP HDD CDD  WTR  SNW DPTH SPD SPD DIR MIN PSBL S-S WX    SPD DR
================================================================================

 1  69  46  58  12   7   0 0.00  0.0    0  3.1 10 320   M    M   3 12     14 320
 2  68  43  56  11   9   0 0.00  0.0    0  1.2  7 310   M    M   3 12      9 270
 3  68  39  54   9  11   0 0.00  0.0    0  2.1  8 360   M    M   4 12     12 360
 4  67  36  52   7  13   0 0.00  0.0    0  4.2 17 170   M    M   2 1      24 170
 5  65  47  56  11   9   0 0.87  0.0    0  4.4 21 330   M    M  10 1      26 200
 6  47  40  44   0  21   0 0.00  0.0    0  7.1 17  10   M    M   4        21 360
 7  51  37  44   0  21   0 0.00  0.0    0  2.3  9 350   M    M   2        14 340
 8  43  32  38  -6  27   0 0.53    M    0  6.0 13 360   M    M  10 12     16  20
 9  39  29  34 -10  31   0 0.08    M    0  5.3 16 340   M    M   5 1      21 320
10  45  22  34  -9  31   0 0.00  0.0    0  3.4 12 220   M    M   0        15 240
11  58  25  42  -1  23   0 0.00  0.0    0  2.9 10 230   M    M   0        15 200
12  50  30  40  -3  25   0 0.00  0.0    0  7.8 20 320   M    M   2        27 330
13  50  23  37  -6  28   0 0.00  0.0    0  3.8 15 230   M    M   0        20 210
14  58  26  42  -1  23   0 0.00  0.0    0  3.2 13 300   M    M   0        19 320
15  42  24  33  -9  32   0 0.00  0.0    0  5.0 15 300   M    M   0        19 300
================================================================================
SM  820  499       311   0  1.48     0.0  61.8          M       45
================================================================================
AV 54.7 33.3                               4.1 FASTST   M    M   3    MAX(MPH)
                                 MISC ---->  # 21 330               # 27  330
================================================================================
NOTES:
# LAST OF SEVERAL OCCURRENCES

COLUMN 17 PEAK WIND IN M.P.H.

PRELIMINARY LOCAL CLIMATOLOGICAL DATA (WS FORM: F-6) , PAGE 2

                                          STATION:  ROME
                                          MONTH:    DECEMBER
                                          YEAR:     2017
                                          LATITUDE:   34 20 N
                                          LONGITUDE:  85 10 W

[TEMPERATURE DATA]      [PRECIPITATION DATA]       SYMBOLS USED IN COLUMN 16

AVERAGE MONTHLY: 44.0   TOTAL FOR MONTH:   1.48    1 = FOG OR MIST
DPTR FM NORMAL:   0.0   DPTR FM NORMAL:   -1.14    2 = FOG REDUCING VISIBILITY
HIGHEST:    69 ON  1    GRTST 24HR  0.87 ON  5- 5      TO 1/4 MILE OR LESS
LOWEST:     22 ON 10                               3 = THUNDER
                        SNOW, ICE PELLETS, HAIL    4 = ICE PELLETS
                        TOTAL MONTH:   0.0 INCH    5 = HAIL
                        GRTST 24HR     0.0         6 = FREEZING RAIN OR DRIZZLE
                        GRTST DEPTH:   0           7 = DUSTSTORM OR SANDSTORM:
                                                       VSBY 1/2 MILE OR LESS
                                                   8 = SMOKE OR HAZE
[NO. OF DAYS WITH]      [WEATHER - DAYS WITH]      9 = BLOWING SNOW
                                                   X = TORNADO
MAX 32 OR BELOW:   0    0.01 INCH OR MORE:   3
MAX 90 OR ABOVE:   0    0.10 INCH OR MORE:   2
MIN 32 OR BELOW:   8    0.50 INCH OR MORE:   2
MIN  0 OR BELOW:   0    1.00 INCH OR MORE:   0

[HDD (BASE 65) ]
TOTAL THIS MO.   311    CLEAR  (SCALE 0-3)   9
DPTR FM NORMAL    -5    PTCLDY (SCALE 4-7)   4
TOTAL FM JUL 1   831    CLOUDY (SCALE 8-10)  2
DPTR FM NORMAL   -92

[CDD (BASE 65) ]
TOTAL THIS MO.     0
DPTR FM NORMAL     0    [PRESSURE DATA]
TOTAL FM JAN 1  1971    HIGHEST SLP M ON M
DPTR FM NORMAL   333    LOWEST  SLP 29.82 ON 12

[REMARKS]
