000
CXUS52 KFFC 241110
CF6RMG
PRELIMINARY LOCAL CLIMATOLOGICAL DATA (WS FORM: F-6)

                                          STATION:   ROME
                                          MONTH:     APRIL
                                          YEAR:      2017
                                          LATITUDE:   34 20 N
                                          LONGITUDE:  85 10 W

  TEMPERATURE IN F:       :PCPN:    SNOW:  WIND      :SUNSHINE: SKY     :PK WND
================================================================================
1   2   3   4   5  6A  6B    7    8   9   10  11  12  13   14  15   16   17  18
                                     12Z  AVG MX 2MIN
DY MAX MIN AVG DEP HDD CDD  WTR  SNW DPTH SPD SPD DIR MIN PSBL S-S WX    SPD DR
================================================================================

 1  76  46  61   5   4   0 0.00  0.0    0  4.7 14  20   M    M   0        18  20
 2  83  47  65   8   0   0 0.00  0.0    0  4.6 13 120   M    M   0        18 140
 3  74  61  68  11   0   3 1.44  0.0    0  8.7 20 160   M    M   6 13     28 160
 4  82  56  69  12   0   4 0.00  0.0    0  4.1 14 260   M    M   1 1      20 200
 5  68  54  61   4   4   0 0.88  0.0    0  7.0 22 270   M    M   6 13     33 270
 6  58  42  50  -7  15   0 0.01  0.0    0 11.2 25 280   M    M   8        39 300
 7  65  37  51  -7  14   0 0.00  0.0    0  7.5 22 340   M    M   0        29 320
 8  72  35  54  -4  11   0 0.00  0.0    0  1.4 14 350   M    M   0        22  80
 9  80  37  59   1   6   0 0.00  0.0    0  2.5 15 160   M    M   0        20 170
10  82  46  64   6   1   0 0.00  0.0    0  2.9 14 170   M    M   0 8      19 240
11  83  50  67   8   0   2 0.00  0.0    0  1.5 10 250   M    M   2 8      19 250
12  84  57  71  12   0   6 0.00  0.0    0  3.3 12  10   M    M   3        16 350
13  87  51  69  10   0   4 0.00  0.0    0  1.8  9 230   M    M   0        13  90
14  85  55  70  11   0   5 0.00  0.0    0  2.2 13 180   M    M   2        18 170
15  85  56  71  11   0   6 0.00  0.0    0  4.9 20 140   M    M   2 8      28 150
16  83  55  69   9   0   4 0.00  0.0    0  2.3 12 210   M    M   3        16 250
17  84  56  70  10   0   5 0.30  0.0    0  3.9 21 310   M    M   6 13     26 290
18  81  64  73  13   0   8 0.39  0.0    0  3.9 13 150   M    M   8 13     16 210
19  80  62  71  10   0   6 0.14  0.0    0  3.9 16 180   M    M   7 123    20 170
20  85  62  74  13   0   9 0.06  0.0    0  1.6 13 150   M    M   6 12     17 170
21  85  61  73  12   0   8 0.00  0.0    0  3.2 14 180   M    M   4 12     23 190
22  83  59  71  10   0   6 0.87  0.0    0  5.1 15  10   M    M   5 13     21 240
23  69  56  63   1   2   0 1.31  0.0    0  5.5 15 140   M    M   9 1      23 130
================================================================================
SM 1814 1205        57  76  5.40     0.0  97.7          M       78
================================================================================
AV 78.9 52.4                               4.2 FASTST   M    M   3    MAX(MPH)
                                 MISC ---->  # 25 280               # 39  300
================================================================================
NOTES:
# LAST OF SEVERAL OCCURRENCES

COLUMN 17 PEAK WIND IN M.P.H.

PRELIMINARY LOCAL CLIMATOLOGICAL DATA (WS FORM: F-6) , PAGE 2

                                          STATION:  ROME
                                          MONTH:    APRIL
                                          YEAR:     2017
                                          LATITUDE:   34 20 N
                                          LONGITUDE:  85 10 W

[TEMPERATURE DATA]      [PRECIPITATION DATA]       SYMBOLS USED IN COLUMN 16

AVERAGE MONTHLY: 65.6   TOTAL FOR MONTH:   5.40    1 = FOG OR MIST
DPTR FM NORMAL:   6.7   DPTR FM NORMAL:    2.46    2 = FOG REDUCING VISIBILITY
HIGHEST:    87 ON 13    GRTST 24HR  1.44 ON  3- 3      TO 1/4 MILE OR LESS
LOWEST:     35 ON  8                               3 = THUNDER
                        SNOW, ICE PELLETS, HAIL    4 = ICE PELLETS
                        TOTAL MONTH:   0.0 INCH    5 = HAIL
                        GRTST 24HR     0.0         6 = FREEZING RAIN OR DRIZZLE
                        GRTST DEPTH:   0           7 = DUSTSTORM OR SANDSTORM:
                                                       VSBY 1/2 MILE OR LESS
                                                   8 = SMOKE OR HAZE
[NO. OF DAYS WITH]      [WEATHER - DAYS WITH]      9 = BLOWING SNOW
                                                   X = TORNADO
MAX 32 OR BELOW:   0    0.01 INCH OR MORE:   9
MAX 90 OR ABOVE:   0    0.10 INCH OR MORE:   7
MIN 32 OR BELOW:   0    0.50 INCH OR MORE:   4
MIN  0 OR BELOW:   0    1.00 INCH OR MORE:   2

[HDD (BASE 65) ]
TOTAL THIS MO.    57    CLEAR  (SCALE 0-3)  12
DPTR FM NORMAL  -103    PTCLDY (SCALE 4-7)  10
TOTAL FM JUL 1  2081    CLOUDY (SCALE 8-10)  1
DPTR FM NORMAL -1106

[CDD (BASE 65) ]
TOTAL THIS MO.    76
DPTR FM NORMAL    57    [PRESSURE DATA]
TOTAL FM JAN 1   103    HIGHEST SLP M ON M
DPTR FM NORMAL    80    LOWEST  SLP 29.59 ON  5

[REMARKS]
